{"id":92480,"date":"2025-10-20T16:54:16","date_gmt":"2025-10-20T16:54:16","guid":{"rendered":"https:\/\/brandss.com.py\/index\/?post_type=product&#038;p=92480"},"modified":"2026-03-06T12:54:23","modified_gmt":"2026-03-06T12:54:23","slug":"agarre-magnetico-telesin-fun-shot-p1-mp-10","status":"publish","type":"product","link":"https:\/\/brandss.com.py\/index\/producto\/agarre-magnetico-telesin-fun-shot-p1-mp-10\/","title":{"rendered":"AGARRE MAGN\u00c9TICO TELESIN FUN SHOT P1-MP-10"},"content":{"rendered":"<p><img loading=\"lazy\" decoding=\"async\" class=\"\" src=\"https:\/\/movidis.nl\/wp-content\/uploads\/2022\/02\/TELESIN-LOGO-600x180-2.png\" alt=\"Telesin-Movidis\" width=\"140\" height=\"42\" \/><\/p>\n<h1>FUN SHOT P1-MP-10<\/h1>\n<h5><em><span class=\"a-list-item\"><span dir=\"auto\">C\u00f3modo agarre ergon\u00f3mico para tel\u00e9fono<\/span><\/span><\/em><\/h5>\n<p><span class=\"a-list-item\"><span dir=\"auto\">Este agarre para c\u00e1mara est\u00e1 dise\u00f1ado para convertir tu smartphone en una c\u00e1mara tradicional. Su dise\u00f1o compacto y ergon\u00f3mico en forma de gancho para el dedo no solo mejora el agarre, sino que tambi\u00e9n proporciona equilibrio y estabilidad, y cabe f\u00e1cilmente en tu bolsillo o bolso.<img loading=\"lazy\" decoding=\"async\" class=\"alignleft\" src=\"https:\/\/m.media-amazon.com\/images\/I\/61bA+V2za4L._AC_SL1500_.jpg\" width=\"612\" height=\"765\" \/><\/span><\/span><\/p>\n<h5><span class=\"a-list-item\"><span dir=\"auto\">Certificaci\u00f3n oficial MFI<\/span><\/span><\/h5>\n<p><span class=\"a-list-item\"><span dir=\"auto\">La empu\u00f1adura para c\u00e1mara del tel\u00e9fono obtuvo la certificaci\u00f3n oficial MFI para iPhone. F\u00e1cil de acoplar al iPhone. Compra con confianza gracias al reconocimiento y la confirmaci\u00f3n oficiales.<\/span><\/span><\/p>\n<h5><span class=\"a-list-item\"><span dir=\"auto\">Control remoto inal\u00e1mbrico desmontable<\/span><\/span><\/h5>\n<p><span class=\"a-list-item\"><span dir=\"auto\">Equipado con un control remoto inal\u00e1mbrico desmontable de 10 m\/32,8 pies, compatible con sistemas iOS y Android, se integra perfectamente con la aplicaci\u00f3n de c\u00e1mara de tu tel\u00e9fono mediante conexi\u00f3n Bluetooth. Con\u00e9ctalo f\u00e1cilmente a tu smartphone sin necesidad de descargar aplicaciones.<\/span><\/span><\/p>\n<h5><span class=\"a-list-item\"><span dir=\"auto\">Potente soporte magn\u00e9tico doble para tel\u00e9fono<\/span><\/span><\/h5>\n<p><span class=\"a-list-item\"><span dir=\"auto\">Con un dise\u00f1o de montaje magn\u00e9tico doble, se monta de forma f\u00e1cil y segura en tu tel\u00e9fono y soporta un peso m\u00e1ximo de 3 kg. Se puede usar directamente con dispositivos Mag o con una funda protectora compatible con Mag.<\/span><\/span><\/p>\n<h5><span class=\"a-list-item\"><span dir=\"auto\">Expansi\u00f3n de m\u00e1s accesorios<\/span><\/span><\/h5>\n<p><span class=\"a-list-item\"><span dir=\"auto\">Compatible con la serie de luces magn\u00e9ticas para selfies TELESIN y cuenta con un conector de rosca para tr\u00edpode de 1\/4&#8243; para mayor flexibilidad al a\u00f1adir soporte para tr\u00edpode, micr\u00f3fonos y m\u00e1s. Para una experiencia vers\u00e1til y multifuncional. Perfecto para mejorar cada aspecto de la fotograf\u00eda y videograf\u00eda m\u00f3vil.<\/span><\/span><\/p>\n<h5><span class=\"a-list-item\"><span dir=\"auto\">Amplia compatibilidad<\/span><\/span><\/h5>\n<p><span class=\"a-list-item\"><span dir=\"auto\">El agarre de la c\u00e1mara del tel\u00e9fono es ampliamente compatible con tel\u00e9fonos iPhone y Android, para iPhone 16\/16 Pro\/16 Pro Max\/16 Plus\/iPhone 15\/15 Pro\/15 Pro Max\/15 Plus\/14\/14 Plus\/14 Pro\/14 Pro Max\/13\/13 Pro Max\/12\/12 Pro Max\/11\/11 Pro\/11 Pro Max\/X\/XS\/XR\/XS Max\/8 plus, Samsung Galaxy S22\/S21\/S10\/10+\/S9\/S9+\/S8\/S8+\/S7\/S6\/S6 edge, HUAWEI, Xiaomi, etc.<\/span><\/span><\/p>\n<h3><span dir=\"auto\">Caracter\u00edsticas<\/span><\/h3>\n<p><span dir=\"auto\">\u25ce Dise\u00f1o ergon\u00f3mico de gancho para dedo.<\/span><\/p>\n<p><span dir=\"auto\">\u25ce Zoom r\u00e1pido\/obturador estilo DSLR.<\/span><\/p>\n<p><span dir=\"auto\">\u25ce Fuerte magn\u00e9tico de doble cara.<\/span><\/p>\n<h3>Detalles<\/h3>\n<ul>\n<li>Sujeci\u00f3n magn\u00e9tica ultra fuerte.<\/li>\n<li>Se conecta de forma segura a Tel\u00e9fonos\/carcasas con imanes para un uso sin temblores durante las actividades.<\/li>\n<li>Textura antideslizante<\/li>\n<li>El revestimiento de silicona suave protege los dispositivos de ara\u00f1azos.<\/li>\n<li>Potencia ultra baja, sin necesidad de carga.<\/li>\n<li>Delgado y ligero.<\/li>\n<li>A\u00f1ade un volumen m\u00ednimo para una portabilidad de bolsillo.<\/li>\n<li>Aplicable a la mayor\u00eda de tel\u00e9fonos m\u00f3viles: Apple, Huawei, Honor, Xiaomi, Redmi, VIVO, Oneplus, iQOO;<\/li>\n<li>Modelos no compatibles: Samsung\/HarmonyOS NEXT 5,0 o superior<\/li>\n<\/ul>\n<h5>Contenido de la caja<\/h5>\n<p>1 x agarre de c\u00e1mara<br \/>\n1 anillo magn\u00e9tico<br \/>\n1 Kit de limpieza<br \/>\n1 x cord\u00f3n para tel\u00e9fono<br \/>\n1 x Herramienta de extracci\u00f3n de bater\u00eda<br \/>\n1 manual de instrucciones<\/p>\n","protected":false},"excerpt":{"rendered":"<p>FUN SHOT P1-MP-10 C\u00f3modo agarre ergon\u00f3mico para tel\u00e9fono Este agarre para c\u00e1mara est\u00e1 dise\u00f1ado para convertir tu smartphone en una<\/p>\n","protected":false},"featured_media":92481,"comment_status":"open","ping_status":"closed","template":"","meta":{"nf_dc_page":""},"product_brand":[1009],"product_cat":[89],"product_tag":[1067],"class_list":{"0":"post-92480","1":"product","2":"type-product","3":"status-publish","4":"has-post-thumbnail","6":"product_brand-telesin","7":"product_cat-electronicos","8":"product_tag-1067","10":"first","11":"outofstock","12":"shipping-taxable","13":"purchasable","14":"product-type-simple"},"_links":{"self":[{"href":"https:\/\/brandss.com.py\/index\/wp-json\/wp\/v2\/product\/92480","targetHints":{"allow":["GET"]}}],"collection":[{"href":"https:\/\/brandss.com.py\/index\/wp-json\/wp\/v2\/product"}],"about":[{"href":"https:\/\/brandss.com.py\/index\/wp-json\/wp\/v2\/types\/product"}],"replies":[{"embeddable":true,"href":"https:\/\/brandss.com.py\/index\/wp-json\/wp\/v2\/comments?post=92480"}],"version-history":[{"count":1,"href":"https:\/\/brandss.com.py\/index\/wp-json\/wp\/v2\/product\/92480\/revisions"}],"predecessor-version":[{"id":92495,"href":"https:\/\/brandss.com.py\/index\/wp-json\/wp\/v2\/product\/92480\/revisions\/92495"}],"wp:featuredmedia":[{"embeddable":true,"href":"https:\/\/brandss.com.py\/index\/wp-json\/wp\/v2\/media\/92481"}],"wp:attachment":[{"href":"https:\/\/brandss.com.py\/index\/wp-json\/wp\/v2\/media?parent=92480"}],"wp:term":[{"taxonomy":"product_brand","embeddable":true,"href":"https:\/\/brandss.com.py\/index\/wp-json\/wp\/v2\/product_brand?post=92480"},{"taxonomy":"product_cat","embeddable":true,"href":"https:\/\/brandss.com.py\/index\/wp-json\/wp\/v2\/product_cat?post=92480"},{"taxonomy":"product_tag","embeddable":true,"href":"https:\/\/brandss.com.py\/index\/wp-json\/wp\/v2\/product_tag?post=92480"}],"curies":[{"name":"wp","href":"https:\/\/api.w.org\/{rel}","templated":true}]}}