{"id":92559,"date":"2025-10-21T17:13:18","date_gmt":"2025-10-21T17:13:18","guid":{"rendered":"https:\/\/brandss.com.py\/index\/?post_type=product&#038;p=92559"},"modified":"2025-10-21T17:14:27","modified_gmt":"2025-10-21T17:14:27","slug":"auricular-inalambrico-lelisu-ls-233-bt","status":"publish","type":"product","link":"https:\/\/brandss.com.py\/index\/producto\/auricular-inalambrico-lelisu-ls-233-bt\/","title":{"rendered":"AURICULAR INAL\u00c1MBRICO LELISU LS-233 BT"},"content":{"rendered":"<p><img loading=\"lazy\" decoding=\"async\" class=\"\" src=\"https:\/\/omeganet.tn\/wp-content\/uploads\/2024\/05\/lelisu.png\" alt=\"Casque Bluetooth LELISU LS-233 BLEU - OmegaNet\" width=\"122\" height=\"57\" \/><\/p>\n<h1>LS-233 BT<\/h1>\n<p><span dir=\"auto\">Los auriculares LELISU LS-233<\/span><span dir=\"auto\">\u00a0ofrecen una experiencia auditiva excepcional gracias a su eficaz sistema de cancelaci\u00f3n de ruido y su c\u00f3modo dise\u00f1o, lo que los convierte en la elecci\u00f3n perfecta tanto para amantes de la m\u00fasica como para usuarios ocasionales.<\/span><\/p>\n<h2><span dir=\"auto\">Caracter\u00edsticas<\/span><\/h2>\n<ul>\n<li><strong><span dir=\"auto\">Conexi\u00f3n inal\u00e1mbrica<\/span><\/strong><span dir=\"auto\"><strong>:<\/strong> La tecnolog\u00eda Bluetooth 5.3 permite un f\u00e1cil emparejamiento con dispositivos.<\/span><\/li>\n<li><strong><span dir=\"auto\">Alta calidad de sonido<\/span><\/strong><span dir=\"auto\"><strong>:<\/strong> cuenta con cancelaci\u00f3n de ruido y sonido mejorado para m\u00fasica y llamadas.<\/span><\/li>\n<li><strong><span dir=\"auto\">Bater\u00eda de larga duraci\u00f3n<\/span><\/strong><span dir=\"auto\"><strong>:<\/strong> hasta 8 horas de uso continuo con una carga completa.<\/span><\/li>\n<li><strong><span dir=\"auto\">Dise\u00f1o c\u00f3modo<\/span><\/strong><span dir=\"auto\"><strong>:<\/strong> Dise\u00f1o acolchado para mayor comodidad durante el uso prolongado.<\/span><\/li>\n<li><strong><span dir=\"auto\">Control f\u00e1cil de usar<\/span><\/strong><span dir=\"auto\"><strong>:<\/strong> botones incorporados para controlar el volumen, saltar pistas y llamadas.<\/span><\/li>\n<li><strong><span dir=\"auto\">Dise\u00f1o plegable<\/span><\/strong><span dir=\"auto\"><strong>:<\/strong> f\u00e1cil de almacenar y transportar.<\/span><\/li>\n<\/ul>\n<h5><span dir=\"auto\">\u00bfPor qu\u00e9 elegir los auriculares LELISU LS-233?<\/span><\/h5>\n<p><span dir=\"auto\">Los auriculares LELISU LS-233 son la opci\u00f3n perfecta para quienes buscan una experiencia auditiva c\u00f3moda y de alta calidad, tanto en casa como de viaje. Gracias a su dise\u00f1o plegable y su excelente duraci\u00f3n de bater\u00eda, se pueden usar en cualquier momento y lugar.<\/span><\/p>\n","protected":false},"excerpt":{"rendered":"<p>LS-233 BT Los auriculares LELISU LS-233\u00a0ofrecen una experiencia auditiva excepcional gracias a su eficaz sistema de cancelaci\u00f3n de ruido y<\/p>\n","protected":false},"featured_media":92560,"comment_status":"open","ping_status":"closed","template":"","meta":{"nf_dc_page":""},"product_brand":[1072],"product_cat":[89],"product_tag":[1074],"class_list":{"0":"post-92559","1":"product","2":"type-product","3":"status-publish","4":"has-post-thumbnail","6":"product_brand-lelisu","7":"product_cat-electronicos","8":"product_tag-1074","10":"first","11":"instock","12":"shipping-taxable","13":"purchasable","14":"product-type-simple"},"_links":{"self":[{"href":"https:\/\/brandss.com.py\/index\/wp-json\/wp\/v2\/product\/92559","targetHints":{"allow":["GET"]}}],"collection":[{"href":"https:\/\/brandss.com.py\/index\/wp-json\/wp\/v2\/product"}],"about":[{"href":"https:\/\/brandss.com.py\/index\/wp-json\/wp\/v2\/types\/product"}],"replies":[{"embeddable":true,"href":"https:\/\/brandss.com.py\/index\/wp-json\/wp\/v2\/comments?post=92559"}],"version-history":[{"count":1,"href":"https:\/\/brandss.com.py\/index\/wp-json\/wp\/v2\/product\/92559\/revisions"}],"predecessor-version":[{"id":92563,"href":"https:\/\/brandss.com.py\/index\/wp-json\/wp\/v2\/product\/92559\/revisions\/92563"}],"wp:featuredmedia":[{"embeddable":true,"href":"https:\/\/brandss.com.py\/index\/wp-json\/wp\/v2\/media\/92560"}],"wp:attachment":[{"href":"https:\/\/brandss.com.py\/index\/wp-json\/wp\/v2\/media?parent=92559"}],"wp:term":[{"taxonomy":"product_brand","embeddable":true,"href":"https:\/\/brandss.com.py\/index\/wp-json\/wp\/v2\/product_brand?post=92559"},{"taxonomy":"product_cat","embeddable":true,"href":"https:\/\/brandss.com.py\/index\/wp-json\/wp\/v2\/product_cat?post=92559"},{"taxonomy":"product_tag","embeddable":true,"href":"https:\/\/brandss.com.py\/index\/wp-json\/wp\/v2\/product_tag?post=92559"}],"curies":[{"name":"wp","href":"https:\/\/api.w.org\/{rel}","templated":true}]}}