{"id":92595,"date":"2025-10-25T11:44:09","date_gmt":"2025-10-25T11:44:09","guid":{"rendered":"https:\/\/brandss.com.py\/index\/?post_type=product&#038;p=92595"},"modified":"2025-10-28T18:01:23","modified_gmt":"2025-10-28T18:01:23","slug":"linterna-led-smiling-shark-sd-5980-12000-lumenes","status":"publish","type":"product","link":"https:\/\/brandss.com.py\/index\/producto\/linterna-led-smiling-shark-sd-5980-12000-lumenes\/","title":{"rendered":"LINTERNA LED SMILING SHARK SD-5980 12000 L\u00daMENES"},"content":{"rendered":"<p><img loading=\"lazy\" decoding=\"async\" class=\"\" src=\"https:\/\/mms.img.susercontent.com\/ec1b69e603ad439cc63491512c2f9393@resize_bs700x700\" alt=\"Smiling Shark Official Mall.br, Loja Online | Shopee Brasil\" width=\"100\" height=\"56\" \/><\/p>\n<h1>SD-5980<\/h1>\n<p>Es una linterna t\u00e1ctica de aleaci\u00f3n de aluminio con dise\u00f1o robusto y ergon\u00f3mico. Su cuerpo met\u00e1lico es resistente a golpes y salpicaduras, ideal para actividades al aire libre, trabajo o emergencias. Un modelo recargable, telesc\u00f3pico y de alto brillo, dise\u00f1ada tanto para uso dom\u00e9stico como profesional.<img loading=\"lazy\" decoding=\"async\" class=\"alignleft\" src=\"https:\/\/tecnotienda.com.py\/app\/images\/7635_2.jpeg?v=1761387068\" width=\"619\" height=\"619\" \/><\/p>\n<ul>\n<li class=\"QN2lPu\"><span dir=\"auto\">S\u00faper brillante: linterna M77 de alta potencia mejorada con salida de alto lumen.<\/span><\/li>\n<li class=\"QN2lPu\">Bater\u00eda de larga duraci\u00f3n: Linterna 18650 bater\u00eda * 4, 112 00 mAh, carga r\u00e1pida USB tipo C.<\/li>\n<li class=\"QN2lPu\">Modos: Fuerte-Medio-Bajo-Estrobosc\u00f3pico-SOS, haga clic para cambiar de modo.<\/li>\n<li class=\"QN2lPu\">Pantalla de energ\u00eda: Funci\u00f3n de visualizaci\u00f3n de energ\u00eda, que le permite observar la energ\u00eda en cualquier momento.<\/li>\n<li class=\"QN2lPu\">Zoomable: zoom telesc\u00f3pico, el modo de luz de inundaci\u00f3n puede iluminar \u00e1reas grandes.<\/li>\n<li class=\"QN2lPu\">Colorido nocturno: la carcasa de la linterna tiene un efecto fluorescente colorido por la noche..<\/li>\n<li class=\"QN2lPu\">Dise\u00f1o resistente al agua: selle el cuerpo, use un anillo impermeable de silicona, disponible en d\u00edas lluviosos (no se puede poner en el agua)<\/li>\n<\/ul>\n<h3 class=\"QN2lPu\"><span dir=\"auto\">Caracter\u00edsticas:<\/span><\/h3>\n<p class=\"QN2lPu\"><span dir=\"auto\">Modelo: SD-5980<\/span><\/p>\n<p class=\"QN2lPu\"><span dir=\"auto\">N\u00facleo de la l\u00e1mpara: M77<\/span><\/p>\n<p class=\"QN2lPu\"><span dir=\"auto\">M\u00e9todo de carga: Carga tipo C<\/span><\/p>\n<p class=\"QN2lPu\"><span dir=\"auto\">Impermeable: Resistente al agua de por vida<\/span><\/p>\n<p class=\"QN2lPu\"><span dir=\"auto\">Material: aleaci\u00f3n de aluminio<\/span><\/p>\n<p class=\"QN2lPu\"><span dir=\"auto\">Fuente de luz: Luz blanca<\/span><\/p>\n<p class=\"QN2lPu\"><span dir=\"auto\">Modos: 5 modos<\/span><\/p>\n<p class=\"QN2lPu\"><span dir=\"auto\">Horas de funcionamiento de la bater\u00eda: 8-16 h<\/span><\/p>\n<p class=\"QN2lPu\"><span dir=\"auto\">Bater\u00eda:18650*4<\/span><\/p>\n<p class=\"QN2lPu\"><span dir=\"auto\">Tama\u00f1o: 20,9 cm x 7 cm<\/span><\/p>\n<p class=\"QN2lPu\"><span dir=\"auto\">Peso: 715 g<\/span><\/p>\n<p class=\"QN2lPu\"><span dir=\"auto\">Uso del producto: # correr # luz de camping # luz de trabajo # senderismo # pesca nocturna # conducci\u00f3n nocturna # aventura # transporte diario # familia # luz de emergencia # actividades nocturnas # pesca nocturna # SOS<\/span><\/p>\n","protected":false},"excerpt":{"rendered":"<p>SD-5980 Es una linterna t\u00e1ctica de aleaci\u00f3n de aluminio con dise\u00f1o robusto y ergon\u00f3mico. Su cuerpo met\u00e1lico es resistente a<\/p>\n","protected":false},"featured_media":92596,"comment_status":"open","ping_status":"closed","template":"","meta":{"nf_dc_page":""},"product_brand":[1077],"product_cat":[89],"product_tag":[1083],"class_list":{"0":"post-92595","1":"product","2":"type-product","3":"status-publish","4":"has-post-thumbnail","6":"product_brand-smiling-shark","7":"product_cat-electronicos","8":"product_tag-sd-5980bk","10":"first","11":"instock","12":"shipping-taxable","13":"purchasable","14":"product-type-simple"},"_links":{"self":[{"href":"https:\/\/brandss.com.py\/index\/wp-json\/wp\/v2\/product\/92595","targetHints":{"allow":["GET"]}}],"collection":[{"href":"https:\/\/brandss.com.py\/index\/wp-json\/wp\/v2\/product"}],"about":[{"href":"https:\/\/brandss.com.py\/index\/wp-json\/wp\/v2\/types\/product"}],"replies":[{"embeddable":true,"href":"https:\/\/brandss.com.py\/index\/wp-json\/wp\/v2\/comments?post=92595"}],"version-history":[{"count":2,"href":"https:\/\/brandss.com.py\/index\/wp-json\/wp\/v2\/product\/92595\/revisions"}],"predecessor-version":[{"id":92598,"href":"https:\/\/brandss.com.py\/index\/wp-json\/wp\/v2\/product\/92595\/revisions\/92598"}],"wp:featuredmedia":[{"embeddable":true,"href":"https:\/\/brandss.com.py\/index\/wp-json\/wp\/v2\/media\/92596"}],"wp:attachment":[{"href":"https:\/\/brandss.com.py\/index\/wp-json\/wp\/v2\/media?parent=92595"}],"wp:term":[{"taxonomy":"product_brand","embeddable":true,"href":"https:\/\/brandss.com.py\/index\/wp-json\/wp\/v2\/product_brand?post=92595"},{"taxonomy":"product_cat","embeddable":true,"href":"https:\/\/brandss.com.py\/index\/wp-json\/wp\/v2\/product_cat?post=92595"},{"taxonomy":"product_tag","embeddable":true,"href":"https:\/\/brandss.com.py\/index\/wp-json\/wp\/v2\/product_tag?post=92595"}],"curies":[{"name":"wp","href":"https:\/\/api.w.org\/{rel}","templated":true}]}}