{"id":92657,"date":"2025-10-28T17:15:37","date_gmt":"2025-10-28T17:15:37","guid":{"rendered":"https:\/\/brandss.com.py\/index\/?post_type=product&#038;p=92657"},"modified":"2025-10-28T17:22:01","modified_gmt":"2025-10-28T17:22:01","slug":"casco-unisex-mt-helmets-genesis-sv-atempo-b2-gloss","status":"publish","type":"product","link":"https:\/\/brandss.com.py\/index\/producto\/casco-unisex-mt-helmets-genesis-sv-atempo-b2-gloss\/","title":{"rendered":"CASCO UNISEX MT HELMETS GENESIS SV ATEMPO B2 GLOSS"},"content":{"rendered":"<p><img loading=\"lazy\" decoding=\"async\" class=\"\" src=\"https:\/\/encrypted-tbn0.gstatic.com\/images?q=tbn:ANd9GcRYjoD9bUivol4lCmjSrPJtrROc_gvAe-dPIQ&amp;s\" alt=\"MT11187293608\/XXL MT HELMETS integral helmet with blend blade 2 sv visor\" width=\"109\" height=\"109\" \/><\/p>\n<h1>GENESIS SV ATEMPO B2<\/h1>\n<p data-processed=\"true\"><span dir=\"auto\" data-processed=\"true\">Presentamos el casco Genesis SV Atempo B2 con un impresionante acabado en negro brillante. Este vers\u00e1til casco abatible est\u00e1 dise\u00f1ado tanto para turismo como para conducci\u00f3n urbana, garantizando comodidad y seguridad en cada trayecto. Con una variedad de tallas disponibles, encontrar\u00e1 el ajuste perfecto para sus necesidades.<\/span><\/p>\n<p data-processed=\"true\"><span dir=\"auto\" data-processed=\"true\">El MT Genesis SV est\u00e1 fabricado con materiales de alta calidad, con una calota ligera y duradera de HIRP (pol\u00edmero de alta resistencia a los impactos). Este casco est\u00e1 disponible en dos tallas de calota y tres opciones de EPS, lo que garantiza un ajuste perfecto para pilotos de todas las tallas. <\/span><\/p>\n<p data-processed=\"true\"><span dir=\"auto\" data-processed=\"true\">Tanto si te desplazas por la ciudad como si te embarcas en un viaje de larga distancia, el casco MT Helmets Genesis SV Atempo B2 Gloss Black es el compa\u00f1ero perfecto.\u00a0<\/span><\/p>\n<section class=\"elementor-element elementor-element-6f000cfc elementor-section-boxed elementor-section-height-default elementor-section-height-default elementor-section elementor-inner-section\" data-id=\"6f000cfc\" data-element_type=\"section\">\n<div class=\"elementor-container elementor-column-gap-default\">\n<div class=\"elementor-row\">\n<div class=\"elementor-element elementor-element-719c9acf elementor-column elementor-col-33 elementor-inner-column\" data-id=\"719c9acf\" data-element_type=\"column\">\n<div class=\"elementor-column-wrap  elementor-element-populated\">\n<div class=\"elementor-widget-wrap\">\n<div class=\"elementor-element elementor-element-e6964c8 elementor-widget elementor-widget-image\" data-id=\"e6964c8\" data-element_type=\"widget\" data-widget_type=\"image.default\">\n<div class=\"elementor-widget-container\">\n<div><\/div>\n<div class=\"elementor-image\"><img loading=\"lazy\" decoding=\"async\" class=\"alignleft\" title=\"\" src=\"https:\/\/mthelmets.com\/img\/cms\/1347000011-3TP-23-FU935SV-MT-HELMETS-GENESIS--SV-SOLID-A1-GLOSS-BLACK-0_13.jpg\" alt=\"\" width=\"302\" height=\"201\" \/><\/div>\n<\/div>\n<\/div>\n<div class=\"elementor-element elementor-element-1dac0393 elementor-widget elementor-widget-heading\" data-id=\"1dac0393\" data-element_type=\"widget\" data-widget_type=\"heading.default\">\n<div class=\"elementor-widget-container\">\n<h5 class=\"elementor-heading-title elementor-size-default\">ECE 22.06<\/h5>\n<\/div>\n<\/div>\n<div class=\"elementor-element elementor-element-3b1e439e elementor-widget elementor-widget-text-editor\" data-id=\"3b1e439e\" data-element_type=\"widget\" data-widget_type=\"text-editor.default\">\n<div class=\"elementor-widget-container\">\n<div class=\"elementor-text-editor elementor-clearfix\">\n<p><span data-sheets-value=\"{&quot;1&quot;:2,&quot;2&quot;:&quot;El nuevo Genesis SV supera desde su origen la noramtiva ECE 22.06 aline\u00e1ndose con los cascos m\u00e1s seguros del mercado y mirando de t\u00fa a t\u00fa a modelos de gama alta en cuanto a niveles de seguridad.&quot;}\" data-sheets-userformat=\"{&quot;2&quot;:513,&quot;3&quot;:{&quot;1&quot;:0},&quot;12&quot;:0}\">El nuevo Genesis SV supera desde su origen la noramtiva ECE 22.06 aline\u00e1ndose con los cascos m\u00e1s seguros del mercado y mirando de t\u00fa a t\u00fa a modelos de gama alta en cuanto a niveles de seguridad.<\/span><\/p>\n<\/div>\n<\/div>\n<\/div>\n<\/div>\n<\/div>\n<\/div>\n<div class=\"elementor-element elementor-element-4d041234 elementor-column elementor-col-33 elementor-inner-column\" data-id=\"4d041234\" data-element_type=\"column\">\n<div class=\"elementor-column-wrap  elementor-element-populated\">\n<div class=\"elementor-widget-wrap\">\n<div class=\"elementor-element elementor-element-56ba03fa elementor-widget elementor-widget-image\" data-id=\"56ba03fa\" data-element_type=\"widget\" data-widget_type=\"image.default\">\n<div class=\"elementor-widget-container\">\n<div class=\"elementor-image\"><img loading=\"lazy\" decoding=\"async\" class=\"alignleft\" title=\"\" src=\"https:\/\/mthelmets.com\/img\/cms\/1347000011-3TP-23-FU935SV-MT-HELMETS-GENESIS--SV-SOLID-A1-GLOSS-BLACK-0_5.jpg\" alt=\"\" width=\"305\" height=\"203\" \/><\/div>\n<\/div>\n<\/div>\n<div class=\"elementor-element elementor-element-4bc8e2fb elementor-widget elementor-widget-heading\" data-id=\"4bc8e2fb\" data-element_type=\"widget\" data-widget_type=\"heading.default\">\n<div class=\"elementor-widget-container\">\n<h5><\/h5>\n<h5 class=\"elementor-heading-title elementor-size-default\">Mentonera abatible<\/h5>\n<\/div>\n<\/div>\n<div class=\"elementor-element elementor-element-1caf09fe elementor-widget elementor-widget-text-editor\" data-id=\"1caf09fe\" data-element_type=\"widget\" data-widget_type=\"text-editor.default\">\n<div class=\"elementor-widget-container\">\n<div class=\"elementor-text-editor elementor-clearfix\">\n<p><span data-sheets-value=\"{&quot;1&quot;:2,&quot;2&quot;:&quot;Sistema de apertura de mentonera con accionamiento monomando (se acciona con una sola mano) y con homologaci\u00f3n P\/J que permite circular tanto con la mentonera abierta como cerrada.&quot;}\" data-sheets-userformat=\"{&quot;2&quot;:4481,&quot;3&quot;:{&quot;1&quot;:0},&quot;10&quot;:2,&quot;11&quot;:0,&quot;15&quot;:&quot;Arial&quot;}\">Sistema de apertura de mentonera con accionamiento monomando (se acciona con una sola mano) y con homologaci\u00f3n P\/J que permite circular tanto con la mentonera abierta como cerrada.<\/span><\/p>\n<\/div>\n<\/div>\n<p>&nbsp;<\/p>\n<\/div>\n<\/div>\n<\/div>\n<\/div>\n<div class=\"elementor-element elementor-element-5ca21e59 elementor-column elementor-col-33 elementor-inner-column\" data-id=\"5ca21e59\" data-element_type=\"column\">\n<div class=\"elementor-column-wrap  elementor-element-populated\">\n<div class=\"elementor-widget-wrap\">\n<div class=\"elementor-element elementor-element-39400cb2 elementor-widget elementor-widget-image\" data-id=\"39400cb2\" data-element_type=\"widget\" data-widget_type=\"image.default\">\n<div class=\"elementor-widget-container\">\n<div class=\"elementor-image\"><a href=\"https:\/\/mthelmets.com\/img\/cms\/1347000011-3TP-23-FU935SV-MT-HELMETS-GENESIS--SV-SOLID-A1-GLOSS-BLACK-0_3.jpg\" data-elementor-open-lightbox=\"yes\"><img loading=\"lazy\" decoding=\"async\" class=\"alignleft\" title=\"\" src=\"https:\/\/mthelmets.com\/img\/cms\/1347000011-3TP-23-FU935SV-MT-HELMETS-GENESIS--SV-SOLID-A1-GLOSS-BLACK-0_3.jpg\" alt=\"\" width=\"288\" height=\"192\" \/><\/a><\/div>\n<\/div>\n<\/div>\n<div class=\"elementor-element elementor-element-dad3439 elementor-widget elementor-widget-image\" data-id=\"dad3439\" data-element_type=\"widget\" data-widget_type=\"image.default\">\n<div class=\"elementor-widget-container\">\n<div class=\"elementor-image\"><\/div>\n<\/div>\n<\/div>\n<div class=\"elementor-element elementor-element-56e08a25 elementor-widget elementor-widget-heading\" data-id=\"56e08a25\" data-element_type=\"widget\" data-widget_type=\"heading.default\">\n<div class=\"elementor-widget-container\">\n<h5 class=\"elementor-heading-title elementor-size-default\">Visor solar retractil<\/h5>\n<\/div>\n<\/div>\n<div class=\"elementor-element elementor-element-ccf910b elementor-widget elementor-widget-text-editor\" data-id=\"ccf910b\" data-element_type=\"widget\" data-widget_type=\"text-editor.default\">\n<div class=\"elementor-widget-container\">\n<div class=\"elementor-text-editor elementor-clearfix\">\n<p><span data-sheets-value=\"{&quot;1&quot;:2,&quot;2&quot;:&quot;Visor solar de accionamiento monomando (se acciona con una sola mano). &quot;}\" data-sheets-userformat=\"{&quot;2&quot;:513,&quot;3&quot;:{&quot;1&quot;:0},&quot;12&quot;:0}\">Visor solar de accionamiento monomando (se acciona con una sola mano).<\/span><\/p>\n<\/div>\n<\/div>\n<\/div>\n<\/div>\n<\/div>\n<\/div>\n<\/div>\n<\/div>\n<\/section>\n<section class=\"elementor-element elementor-element-42c2aff5 elementor-section-boxed elementor-section-height-default elementor-section-height-default elementor-section elementor-inner-section\" data-id=\"42c2aff5\" data-element_type=\"section\">\n<div class=\"elementor-container elementor-column-gap-default\">\n<div class=\"elementor-row\">\n<div class=\"elementor-element elementor-element-389d5fe elementor-column elementor-col-33 elementor-inner-column\" data-id=\"389d5fe\" data-element_type=\"column\">\n<div class=\"elementor-column-wrap  elementor-element-populated\">\n<div class=\"elementor-widget-wrap\">\n<div class=\"elementor-element elementor-element-7c633a12 elementor-widget elementor-widget-image\" data-id=\"7c633a12\" data-element_type=\"widget\" data-widget_type=\"image.default\">\n<div class=\"elementor-widget-container\">\n<div class=\"elementor-image\"><a href=\"https:\/\/mthelmets.com\/img\/cms\/1347000011-3TP-23-FU935SV-MT-HELMETS-GENESIS--SV-SOLID-A1-GLOSS-BLACK-0_15.jpg\" data-elementor-open-lightbox=\"yes\"><img loading=\"lazy\" decoding=\"async\" class=\"alignleft\" title=\"\" src=\"https:\/\/mthelmets.com\/img\/cms\/1347000011-3TP-23-FU935SV-MT-HELMETS-GENESIS--SV-SOLID-A1-GLOSS-BLACK-0_15.jpg\" alt=\"\" width=\"300\" height=\"200\" \/><\/a><\/div>\n<\/div>\n<\/div>\n<div class=\"elementor-element elementor-element-3371bb94 elementor-widget elementor-widget-image\" data-id=\"3371bb94\" data-element_type=\"widget\" data-widget_type=\"image.default\">\n<div class=\"elementor-widget-container\">\n<div class=\"elementor-image\"><\/div>\n<\/div>\n<\/div>\n<div class=\"elementor-element elementor-element-5d29da55 elementor-widget elementor-widget-heading\" data-id=\"5d29da55\" data-element_type=\"widget\" data-widget_type=\"heading.default\">\n<div class=\"elementor-widget-container\">\n<h5><\/h5>\n<h5 class=\"elementor-heading-title elementor-size-default\">Bloqueo de ment\u00f3n<\/h5>\n<\/div>\n<\/div>\n<div class=\"elementor-element elementor-element-11321988 elementor-widget elementor-widget-text-editor\" data-id=\"11321988\" data-element_type=\"widget\" data-widget_type=\"text-editor.default\">\n<div class=\"elementor-widget-container\">\n<div class=\"elementor-text-editor elementor-clearfix\">\n<p><span data-sheets-value=\"{&quot;1&quot;:2,&quot;2&quot;:&quot;Sistema de fijaci\u00f3n de la mentonera cuando \u00e9sta se encuentra abierta (homologaci\u00f3n P\/J). &quot;}\" data-sheets-userformat=\"{&quot;2&quot;:513,&quot;3&quot;:{&quot;1&quot;:0},&quot;12&quot;:0}\">Sistema de fijaci\u00f3n de la mentonera cuando \u00e9sta se encuentra abierta (homologaci\u00f3n P\/J).<\/span><\/p>\n<\/div>\n<p>&nbsp;<\/p>\n<\/div>\n<\/div>\n<\/div>\n<\/div>\n<\/div>\n<div class=\"elementor-element elementor-element-44af87e5 elementor-column elementor-col-33 elementor-inner-column\" data-id=\"44af87e5\" data-element_type=\"column\">\n<div class=\"elementor-column-wrap  elementor-element-populated\">\n<div class=\"elementor-widget-wrap\">\n<div class=\"elementor-element elementor-element-59fd779f elementor-widget elementor-widget-image\" data-id=\"59fd779f\" data-element_type=\"widget\" data-widget_type=\"image.default\">\n<div class=\"elementor-widget-container\">\n<div class=\"elementor-image\"><img loading=\"lazy\" decoding=\"async\" class=\"alignleft\" title=\"\" src=\"https:\/\/mthelmets.com\/img\/cms\/1347000011-3TP-23-FU935SV-MT-HELMETS-GENESIS--SV-SOLID-A1-GLOSS-BLACK-0_4.jpg\" alt=\"\" width=\"300\" height=\"200\" \/><\/div>\n<\/div>\n<\/div>\n<div class=\"elementor-element elementor-element-451bdfe4 elementor-widget elementor-widget-heading\" data-id=\"451bdfe4\" data-element_type=\"widget\" data-widget_type=\"heading.default\">\n<div class=\"elementor-widget-container\">\n<h5 class=\"elementor-heading-title elementor-size-default\">Compatible con Pinlock<\/h5>\n<\/div>\n<\/div>\n<div class=\"elementor-element elementor-element-305c2aa9 elementor-widget elementor-widget-text-editor\" data-id=\"305c2aa9\" data-element_type=\"widget\" data-widget_type=\"text-editor.default\">\n<div class=\"elementor-widget-container\">\n<div class=\"elementor-text-editor elementor-clearfix\">\n<p><span data-sheets-value=\"{&quot;1&quot;:2,&quot;2&quot;:&quot;Casco compatible con sistema antiempa\u00f1amiento Pinlock DKS 002&quot;}\" data-sheets-userformat=\"{&quot;2&quot;:513,&quot;3&quot;:{&quot;1&quot;:0},&quot;12&quot;:0}\">Casco compatible con sistema antiempa\u00f1amiento Pinlock DKS 002<\/span><\/p>\n<\/div>\n<\/div>\n<\/div>\n<\/div>\n<\/div>\n<\/div>\n<div class=\"elementor-element elementor-element-2adeda7f elementor-column elementor-col-33 elementor-inner-column\" data-id=\"2adeda7f\" data-element_type=\"column\">\n<div class=\"elementor-column-wrap  elementor-element-populated\">\n<div class=\"elementor-widget-wrap\">\n<div class=\"elementor-element elementor-element-229ff57b elementor-widget elementor-widget-image\" data-id=\"229ff57b\" data-element_type=\"widget\" data-widget_type=\"image.default\">\n<div class=\"elementor-widget-container\">\n<div class=\"elementor-image\"><img loading=\"lazy\" decoding=\"async\" class=\"alignleft\" title=\"\" src=\"https:\/\/mthelmets.com\/img\/cms\/1347000011-3TP-23-FU935SV-MT-HELMETS-GENESIS--SV-SOLID-A1-GLOSS-BLACK-0_14.jpg\" alt=\"\" width=\"302\" height=\"201\" \/><\/div>\n<\/div>\n<\/div>\n<div class=\"elementor-element elementor-element-1f36d069 elementor-widget elementor-widget-heading\" data-id=\"1f36d069\" data-element_type=\"widget\" data-widget_type=\"heading.default\">\n<div class=\"elementor-widget-container\">\n<h5><\/h5>\n<h5 class=\"elementor-heading-title elementor-size-default\">Interiores desmontables y lavables<\/h5>\n<\/div>\n<\/div>\n<div class=\"elementor-element elementor-element-6d4b63f6 elementor-widget elementor-widget-text-editor\" data-id=\"6d4b63f6\" data-element_type=\"widget\" data-widget_type=\"text-editor.default\">\n<div class=\"elementor-widget-container\">\n<div class=\"elementor-text-editor elementor-clearfix\">\n<p><span data-sheets-value=\"{&quot;1&quot;:2,&quot;2&quot;:&quot;Todos los interiores del Genesis SV est\u00e1n fabricados en tejidos hipoalerg\u00e9nicos y son desmontables y lavables. &quot;}\" data-sheets-userformat=\"{&quot;2&quot;:2561,&quot;3&quot;:{&quot;1&quot;:0},&quot;12&quot;:0,&quot;14&quot;:{&quot;1&quot;:3,&quot;3&quot;:1}}\">Todos los interiores del Genesis SV est\u00e1n fabricados en tejidos hipoalerg\u00e9nicos y son desmontables y lavables.<\/span><\/p>\n<\/div>\n<\/div>\n<h5><\/h5>\n<h5>Homologaci\u00f3n<\/h5>\n<\/div>\n<\/div>\n<\/div>\n<\/div>\n<\/div>\n<\/div>\n<\/section>\n<p><img decoding=\"async\" src=\"https:\/\/mthelmets.com\/img\/detalles\/h_06_dot_2.png\" \/><\/p>\n<p>Este casco integral cumple y supera la nueva normativa europea de seguridad ECE 22.06, instaurada en 2022. Este esta\u0301ndar avala la comercializacio\u0301n y el uso de este casco, el cual ha pasado las ma\u0301s exigentes pruebas de calidad y seguridad.<\/p>\n<p>Este casco tambie\u0301n cuenta con la aprobacio\u0301n de la normativa DOT.<\/p>\n<h5 id=\"elementor-tab-title-7782\" class=\"elementor-tab-title elementor-active\" role=\"tab\" data-tab=\"2\" aria-controls=\"elementor-tab-content-7782\">Detalles del producto<\/h5>\n<div id=\"elementor-tab-content-7782\" class=\"elementor-tab-content elementor-clearfix elementor-active\" role=\"tabpanel\" data-tab=\"2\" aria-labelledby=\"elementor-tab-title-7782\">\n<div class=\"page\" title=\"Page 3\">\n<div class=\"section\">\n<div class=\"layoutArea\">\n<div class=\"column\">\n<div class=\"detalles\"><img decoding=\"async\" src=\"https:\/\/mthelmets.com\/img\/detalles\/sunvisor.png\" height=\"64\" \/>\u00a0\u00a0<strong>Gafa Solar<\/strong>\u00a0incorporada.<\/p>\n<p><img decoding=\"async\" src=\"https:\/\/mthelmets.com\/img\/detalles\/hirp.png\" height=\"64\" \/>\u00a0\u00a0<strong>High Impact Resistant<\/strong>\u00a0<strong>Polymer.<br \/>\n<\/strong>Calota HIRP compuesta por una combinacio\u0301n de poli\u0301meros que ofrece un excelente comportamiento en caso de impacto.<\/p>\n<div class=\"peso\"><img decoding=\"async\" src=\"https:\/\/mthelmets.com\/img\/detalles\/p_1650.png\" \/><\/div>\n<div>\n<div id=\"elementor-tab-content-7784\" class=\"elementor-tab-content elementor-clearfix elementor-active\" role=\"tabpanel\" data-tab=\"4\" aria-labelledby=\"elementor-tab-title-7784\">\n<div class=\"page\" title=\"Page 5\">\n<div class=\"section\">\n<div class=\"layoutArea\">\n<div class=\"column\">\n<p>&nbsp;<\/p>\n<\/div>\n<\/div>\n<\/div>\n<\/div>\n<\/div>\n<\/div>\n<\/div>\n<\/div>\n<\/div>\n<\/div>\n<\/div>\n<\/div>\n<h3><span dir=\"auto\">Caracter\u00edsticas principales:<\/span><\/h3>\n<ul data-processed=\"true\">\n<li data-processed=\"true\"><span dir=\"auto\" data-processed=\"true\">Carcasa ligera de HIRP para una mayor protecci\u00f3n<\/span><\/li>\n<li data-processed=\"true\"><span dir=\"auto\" data-processed=\"true\">Disponible en dos tama\u00f1os de carcasa y tres opciones de EPS.<\/span><\/li>\n<li data-processed=\"true\"><span dir=\"auto\" data-processed=\"true\">M\u00faltiples tallas desde XS a 3XL para un ajuste perfecto.<\/span><\/li>\n<li data-processed=\"true\"><span dir=\"auto\" data-processed=\"true\">Interior desmontable y lavable para un f\u00e1cil mantenimiento.<\/span><\/li>\n<li data-processed=\"true\"><span dir=\"auto\" data-processed=\"true\">Tejido transpirable que absorbe la humedad y proporciona comodidad.<\/span><\/li>\n<li data-processed=\"true\"><span dir=\"auto\" data-processed=\"true\">Carcasa de intercomunicador integrada para mayor comodidad<\/span><\/li>\n<li data-processed=\"true\"><span dir=\"auto\" data-processed=\"true\">Sistema de ventilaci\u00f3n avanzado con salidas de aire ajustables<\/span><\/li>\n<li data-processed=\"true\"><span dir=\"auto\" data-processed=\"true\">Visera solar retr\u00e1ctil con mecanismo de acci\u00f3n r\u00e1pida<\/span><\/li>\n<li data-processed=\"true\"><span dir=\"auto\" data-processed=\"true\">Visera preparada para\u00a0Pinlock\u00ae para una conducci\u00f3n sin vaho<\/span><\/li>\n<li data-processed=\"true\"><span dir=\"auto\" data-processed=\"true\">Cumple con los est\u00e1ndares de seguridad DOT y\u00a0ECE 22.06<\/span><\/li>\n<\/ul>\n<h5 id=\"elementor-tab-title-7784\" class=\"elementor-tab-title elementor-active\" role=\"tab\" data-tab=\"4\" aria-controls=\"elementor-tab-content-7784\">La caja contiene<\/h5>\n<div id=\"elementor-tab-content-7784\" class=\"elementor-tab-content elementor-clearfix elementor-active\" role=\"tabpanel\" data-tab=\"4\" aria-labelledby=\"elementor-tab-title-7784\">\n<div class=\"page\" title=\"Page 5\">\n<div class=\"section\">\n<div class=\"layoutArea\">\n<div class=\"column\">\n<p>&#8211; 1 casco GENESIS SV.<br \/>\n&#8211; Funda protectora de tela con cierre ajustable.<br \/>\n&#8211; Foam de proteccio\u0301n con funcio\u0301n de soporte de casco.<br \/>\n&#8211; Manual de usuario.<br \/>\n&#8211; Adhesivos MT Helmets.<\/p>\n<\/div>\n<\/div>\n<\/div>\n<\/div>\n<\/div>\n","protected":false},"excerpt":{"rendered":"<p>GENESIS SV ATEMPO B2 Presentamos el casco Genesis SV Atempo B2 con un impresionante acabado en negro brillante. Este vers\u00e1til<\/p>\n","protected":false},"featured_media":92658,"comment_status":"open","ping_status":"closed","template":"","meta":{"nf_dc_page":""},"product_brand":[1131],"product_cat":[74,77],"product_tag":[1132],"class_list":{"0":"post-92657","1":"product","2":"type-product","3":"status-publish","4":"has-post-thumbnail","6":"product_brand-mt-helmets","7":"product_cat-accesorios-fem","8":"product_cat-accesorios-masc","9":"product_tag-m1347c241213","11":"first","12":"instock","13":"shipping-taxable","14":"purchasable","15":"product-type-simple"},"_links":{"self":[{"href":"https:\/\/brandss.com.py\/index\/wp-json\/wp\/v2\/product\/92657","targetHints":{"allow":["GET"]}}],"collection":[{"href":"https:\/\/brandss.com.py\/index\/wp-json\/wp\/v2\/product"}],"about":[{"href":"https:\/\/brandss.com.py\/index\/wp-json\/wp\/v2\/types\/product"}],"replies":[{"embeddable":true,"href":"https:\/\/brandss.com.py\/index\/wp-json\/wp\/v2\/comments?post=92657"}],"version-history":[{"count":1,"href":"https:\/\/brandss.com.py\/index\/wp-json\/wp\/v2\/product\/92657\/revisions"}],"predecessor-version":[{"id":92667,"href":"https:\/\/brandss.com.py\/index\/wp-json\/wp\/v2\/product\/92657\/revisions\/92667"}],"wp:featuredmedia":[{"embeddable":true,"href":"https:\/\/brandss.com.py\/index\/wp-json\/wp\/v2\/media\/92658"}],"wp:attachment":[{"href":"https:\/\/brandss.com.py\/index\/wp-json\/wp\/v2\/media?parent=92657"}],"wp:term":[{"taxonomy":"product_brand","embeddable":true,"href":"https:\/\/brandss.com.py\/index\/wp-json\/wp\/v2\/product_brand?post=92657"},{"taxonomy":"product_cat","embeddable":true,"href":"https:\/\/brandss.com.py\/index\/wp-json\/wp\/v2\/product_cat?post=92657"},{"taxonomy":"product_tag","embeddable":true,"href":"https:\/\/brandss.com.py\/index\/wp-json\/wp\/v2\/product_tag?post=92657"}],"curies":[{"name":"wp","href":"https:\/\/api.w.org\/{rel}","templated":true}]}}