{"id":92826,"date":"2025-10-29T10:36:31","date_gmt":"2025-10-29T10:36:31","guid":{"rendered":"https:\/\/brandss.com.py\/index\/?post_type=product&#038;p=92826"},"modified":"2026-04-16T11:20:28","modified_gmt":"2026-04-16T11:20:28","slug":"casco-unisex-mt-helmets-genesis-sv-atempo-b15-gloss","status":"publish","type":"product","link":"https:\/\/brandss.com.py\/index\/producto\/casco-unisex-mt-helmets-genesis-sv-atempo-b15-gloss\/","title":{"rendered":"CASCO UNISEX MT HELMETS GENESIS SV ATEMPO B15 GLOSS"},"content":{"rendered":"<p><img loading=\"lazy\" decoding=\"async\" class=\"\" src=\"https:\/\/mthelmets.com\/img\/cms\/visor-ico-1.png\" alt=\"MT Helmets\" width=\"90\" height=\"97\" \/><\/p>\n<h1>GENESIS SV ATEMPO B15<\/h1>\n<div class=\"body-content-wrapper\">\n<p>&nbsp;<\/p>\n<div id=\"shopify-section-template--18032357343388__main\" class=\"shopify-section\">\n<div id=\"ProductSection-template--18032357343388__main\" class=\"mxmprod vertical product-details product-default\" data-section-id=\"template--18032357343388__main\" data-section-type=\"product\" data-has-combo=\"false\" data-image-opo=\"\">\n<div class=\"container productView-container\">\n<div class=\"productView halo-productView layout-1 positionMainImage--left productView-sticky\" data-product-handle=\"mt-genesis-sv-atempo-b15-gloss-casco-modular-turismo-para-motocicleta\">\n<div class=\"productView-top\">\n<div class=\"halo-productView-right productView-details clearfix\">\n<div class=\"productView-product clearfix\">\n<div class=\"tabs-contents tabs-contents-vertical_sidebar clearfix halo-text-format\">\n<div id=\"tab-descripcion\" class=\"tab-content\">\n<div id=\"tab-descripcion-mobile\" class=\"toggle-content is-show\" data-product-description-8333137707164=\"\">\n<div class=\"tab-popup-content\">\n<p><strong><em>Conquista la carretera con el casco modular MT Helmets Genesis SV Atempo<\/em><\/strong><\/p>\n<p>Experimenta la combinaci\u00f3n perfecta de comodidad, versatilidad y protecci\u00f3n con el casco modular MT Helmets Genesis SV Atempo. Dise\u00f1ado para el motociclista moderno, este casco pasa sin problemas de una configuraci\u00f3n integral a una configuraci\u00f3n abierta, adapt\u00e1ndose a tu estilo de conducci\u00f3n y entorno.<\/p>\n<p>El Genesis SV Atempo cuenta con una carcasa aerodin\u00e1mica y elegante fabricada con HIRP (pol\u00edmero de alta resistencia a los impactos), que proporciona una resistencia a los impactos excepcional y te mantiene seguro en cada viaje. Su dise\u00f1o ligero garantiza la m\u00e1xima comodidad, incluso en viajes largos, mientras que el forro acolchado, extra\u00edble y lavable te mantiene fresco y c\u00f3modo.<\/p>\n<p>Disfruta de una vista panor\u00e1mica de la carretera con la visera ancha y \u00f3pticamente correcta, tratada con revestimientos antiara\u00f1azos y antivaho para una visi\u00f3n n\u00edtida en todas las condiciones. La visera solar integrada ofrece un alivio instant\u00e1neo del resplandor del sol, mejorando a\u00fan m\u00e1s tu experiencia de conducci\u00f3n.<\/p>\n<h5>Caracter\u00edsticas principales:<\/h5>\n<p>Dise\u00f1o modular: cambia sin esfuerzo entre configuraciones integrales y abiertas para una versatilidad \u00f3ptima.<br \/>\nCarcasa HIRP: la construcci\u00f3n de pol\u00edmero de alta resistencia a los impactos proporciona una protecci\u00f3n y durabilidad superiores.<br \/>\nDise\u00f1o aerodin\u00e1mico: la forma elegante de la carcasa minimiza la resistencia al viento y el ruido para una conducci\u00f3n c\u00f3moda.<br \/>\nVisera de visi\u00f3n amplia: la visera \u00f3pticamente correcta, antiara\u00f1azos y antivaho garantiza una visi\u00f3n clara en todas las condiciones.<br \/>\nVisera solar integrada: ofrece sombra instant\u00e1nea del sol sin necesidad de gafas de sol.<br \/>\nForro extra\u00edble y lavable: el forro acolchado y transpirable te mantiene fresco y c\u00f3modo, y se puede quitar f\u00e1cilmente para limpiarlo.<br \/>\nM\u00faltiples ventilaciones: las ventilaciones estrat\u00e9gicamente ubicadas proporcionan un flujo de aire y una ventilaci\u00f3n \u00f3ptimos, manteni\u00e9ndote fresco y c\u00f3modo.<\/p>\n<h5 id=\"elementor-tab-title-7781\" class=\"elementor-tab-title elementor-active\" role=\"tab\" data-tab=\"1\" aria-controls=\"elementor-tab-content-7781\">Homologaci\u00f3n<\/h5>\n<div id=\"elementor-tab-content-7781\" class=\"elementor-tab-content elementor-clearfix elementor-active\" role=\"tabpanel\" data-tab=\"1\" aria-labelledby=\"elementor-tab-title-7781\">\n<div class=\"page\" title=\"Page 2\">\n<div class=\"section\">\n<div class=\"layoutArea\">\n<div class=\"column\">\n<div class=\"homologacion\">\n<p><img decoding=\"async\" src=\"https:\/\/mthelmets.com\/img\/detalles\/h_06_dot_2.png\" \/><\/p>\n<p>Este casco integral cumple y supera la nueva normativa europea de seguridad ECE 22.06, instaurada en 2022. Este esta\u0301ndar avala la comercializacio\u0301n y el uso de este casco, el cual ha pasado las ma\u0301s exigentes pruebas de calidad y seguridad.<\/p>\n<p>Este casco tambie\u0301n cuenta con la aprobacio\u0301n de la normativa DOT.<\/p>\n<p>&nbsp;<\/p>\n<\/div>\n<\/div>\n<\/div>\n<\/div>\n<\/div>\n<\/div>\n<h5 id=\"elementor-tab-title-7782\" class=\"elementor-tab-title elementor-active\" role=\"tab\" data-tab=\"2\" aria-controls=\"elementor-tab-content-7782\">Detalles del producto<\/h5>\n<div role=\"tab\" data-tab=\"2\" aria-controls=\"elementor-tab-content-7782\"><\/div>\n<div id=\"elementor-tab-content-7782\" class=\"elementor-tab-content elementor-clearfix elementor-active\" role=\"tabpanel\" data-tab=\"2\" aria-labelledby=\"elementor-tab-title-7782\">\n<div class=\"page\" title=\"Page 3\">\n<div class=\"section\">\n<div class=\"layoutArea\">\n<div class=\"column\">\n<div class=\"detalles\">\n<p><img decoding=\"async\" src=\"https:\/\/mthelmets.com\/img\/detalles\/sunvisor.png\" height=\"64\" \/>\u00a0\u00a0<strong>Gafa Solar<\/strong>\u00a0incorporada.<\/p>\n<p><img decoding=\"async\" src=\"https:\/\/mthelmets.com\/img\/detalles\/hirp.png\" height=\"64\" \/>\u00a0\u00a0<strong>High Impact Resistant<\/strong>\u00a0<strong>Polymer.<br \/>\n<\/strong>Calota HIRP compuesta por una combinacio\u0301n de poli\u0301meros que ofrece un excelente comportamiento en caso de impacto.<\/p>\n<div class=\"peso\"><img decoding=\"async\" src=\"https:\/\/mthelmets.com\/img\/detalles\/p_1650.png\" \/><\/div>\n<\/div>\n<\/div>\n<\/div>\n<\/div>\n<\/div>\n<\/div>\n<h5>Especificaciones t\u00e9cnicas:<\/h5>\n<p>Peso: 1500 +\/- 50g<br \/>\nMaterial de la carcasa: HIRP (pol\u00edmero de alta resistencia a los impactos)<br \/>\nVisera: \u00f3pticamente correcta, antiara\u00f1azos, antivaho<br \/>\nInterior: forro extra\u00edble, lavable y transpirable<br \/>\nVentilaci\u00f3n: m\u00faltiples ventilaciones de aire para un flujo de aire \u00f3ptimo<br \/>\nSistema de cierre: hebilla de ajuste microm\u00e9trico<br \/>\nCertificaci\u00f3n: ECE 22.05 (Europa) \/ DOT (EE. UU.)<\/p>\n<h5>Ideal para:<\/h5>\n<p>Motociclistas adultos<br \/>\nTurismo y desplazamientos<br \/>\nMotociclistas que buscan versatilidad y comodidad<\/p>\n<p>El casco modular MT Helmets Genesis SV Atempo es la elecci\u00f3n perfecta para los motociclistas que exigen lo mejor en protecci\u00f3n, comodidad y versatilidad. Experimenta la libertad de la carretera con la confianza de saber que est\u00e1s protegido por uno de los cascos m\u00e1s avanzados del mercado.<\/p>\n<h5 id=\"elementor-tab-title-7784\" class=\"elementor-tab-title elementor-active\" role=\"tab\" data-tab=\"4\" aria-controls=\"elementor-tab-content-7784\">La caja contiene<\/h5>\n<div id=\"elementor-tab-content-7784\" class=\"elementor-tab-content elementor-clearfix elementor-active\" role=\"tabpanel\" data-tab=\"4\" aria-labelledby=\"elementor-tab-title-7784\">\n<div class=\"page\" title=\"Page 5\">\n<div class=\"section\">\n<div class=\"layoutArea\">\n<div class=\"column\">\n<p>&#8211; 1 casco GENESIS SV.<br \/>\n&#8211; Funda protectora de tela con cierre ajustable.<br \/>\n&#8211; Foam de proteccio\u0301n con funcio\u0301n de soporte de casco.<br \/>\n&#8211; Manual de usuario.<br \/>\n&#8211; Adhesivos MT Helmets.<\/p>\n<\/div>\n<\/div>\n<\/div>\n<\/div>\n<\/div>\n<\/div>\n<\/div>\n<\/div>\n<\/div>\n<\/div>\n<\/div>\n<\/div>\n<\/div>\n<\/div>\n<\/div>\n<\/div>\n<p>&nbsp;<\/p>\n<\/div>\n","protected":false},"excerpt":{"rendered":"<p>GENESIS SV ATEMPO B15 &nbsp; Conquista la carretera con el casco modular MT Helmets Genesis SV Atempo Experimenta la combinaci\u00f3n<\/p>\n","protected":false},"featured_media":92827,"comment_status":"open","ping_status":"closed","template":"","meta":{"nf_dc_page":""},"product_brand":[1131],"product_cat":[74,77],"product_tag":[1134],"class_list":{"0":"post-92826","1":"product","2":"type-product","3":"status-publish","4":"has-post-thumbnail","6":"product_brand-mt-helmets","7":"product_cat-accesorios-fem","8":"product_cat-accesorios-masc","9":"product_tag-m1347c2411513","11":"first","12":"outofstock","13":"shipping-taxable","14":"purchasable","15":"product-type-simple"},"_links":{"self":[{"href":"https:\/\/brandss.com.py\/index\/wp-json\/wp\/v2\/product\/92826","targetHints":{"allow":["GET"]}}],"collection":[{"href":"https:\/\/brandss.com.py\/index\/wp-json\/wp\/v2\/product"}],"about":[{"href":"https:\/\/brandss.com.py\/index\/wp-json\/wp\/v2\/types\/product"}],"replies":[{"embeddable":true,"href":"https:\/\/brandss.com.py\/index\/wp-json\/wp\/v2\/comments?post=92826"}],"version-history":[{"count":2,"href":"https:\/\/brandss.com.py\/index\/wp-json\/wp\/v2\/product\/92826\/revisions"}],"predecessor-version":[{"id":92848,"href":"https:\/\/brandss.com.py\/index\/wp-json\/wp\/v2\/product\/92826\/revisions\/92848"}],"wp:featuredmedia":[{"embeddable":true,"href":"https:\/\/brandss.com.py\/index\/wp-json\/wp\/v2\/media\/92827"}],"wp:attachment":[{"href":"https:\/\/brandss.com.py\/index\/wp-json\/wp\/v2\/media?parent=92826"}],"wp:term":[{"taxonomy":"product_brand","embeddable":true,"href":"https:\/\/brandss.com.py\/index\/wp-json\/wp\/v2\/product_brand?post=92826"},{"taxonomy":"product_cat","embeddable":true,"href":"https:\/\/brandss.com.py\/index\/wp-json\/wp\/v2\/product_cat?post=92826"},{"taxonomy":"product_tag","embeddable":true,"href":"https:\/\/brandss.com.py\/index\/wp-json\/wp\/v2\/product_tag?post=92826"}],"curies":[{"name":"wp","href":"https:\/\/api.w.org\/{rel}","templated":true}]}}