{"id":93095,"date":"2025-11-01T13:46:30","date_gmt":"2025-11-01T13:46:30","guid":{"rendered":"https:\/\/brandss.com.py\/index\/?post_type=product&#038;p=93095"},"modified":"2025-11-01T13:47:27","modified_gmt":"2025-11-01T13:47:27","slug":"casco-unisex-mt-helmets-atom-2-sv-solid-a1-matt","status":"publish","type":"product","link":"https:\/\/brandss.com.py\/index\/producto\/casco-unisex-mt-helmets-atom-2-sv-solid-a1-matt\/","title":{"rendered":"CASCO UNISEX MT HELMETS ATOM 2 SV SOLID A1 MATT"},"content":{"rendered":"<p><img loading=\"lazy\" decoding=\"async\" class=\"\" src=\"https:\/\/mthelmets.com\/img\/cms\/visor-ico-1.png\" alt=\"MT Helmets\" width=\"88\" height=\"95\" \/><\/p>\n<h1>ATOM 2 SV SOLID A1<\/h1>\n<p>El nuevo\u00a0MT Atom 2\u00a0SV\u00a0ha llegado con mejoras significativas respecto a su predecesor, incorporando innovaciones de\u00a0\u00faltima generaci\u00f3n\u00a0desarrolladas por el departamento de ingenier\u00eda de\u00a0MT Helmets. Este\u00a0casco\u00a0cumple con la nueva normativa de seguridad\u00a0ECE 2206, vigente desde 2022, y tambi\u00e9n est\u00e1 homologado bajo la normativa\u00a0DOT, lo que garantiza su\u00a0calidad y seguridad a nivel global. El nuevo MT Atom 2 llega con muchas ventajas: las excelentes cualidades de su predecesor se han mejorado y se le han aplicado las \u00faltimas innovaciones desarrolladas por el departamento de ingenier\u00eda de la marca, como el sistema de ventilaci\u00f3n MT-AFCS de alta eficiencia. Destaca por su est\u00e9tica deportiva gracias a su aler\u00f3n trasero de dise\u00f1o agresivo.<\/p>\n<p><strong><span dir=\"auto\">CARACTER\u00cdSTICAS<\/span><\/strong><\/p>\n<ul>\n<li><span dir=\"auto\">APROBACI\u00d3N: El nuevo Atom 2 SV supera la exigente regulaci\u00f3n 22.06 y tambi\u00e9n cuenta con homologaci\u00f3n DOT.<\/span><\/li>\n<li><span dir=\"auto\">HOMOLOGACI\u00d3N: Este modelo cuenta con homologaci\u00f3n P\/J, lo que permite su circulaci\u00f3n legal con la mentonera abierta.<\/span><\/li>\n<li><span dir=\"auto\">BLUETOOTH: Carcasa dise\u00f1ada para la instalaci\u00f3n de un sistema Bluetooth compatible con el nuevo est\u00e1ndar de intercomunicaci\u00f3n en cascos de motocicleta.<\/span><\/li>\n<li><span dir=\"auto\">PANTALLA: Sistema de apertura r\u00e1pida con posici\u00f3n antivaho autom\u00e1tica. Este casco cuenta con un sistema de apertura r\u00e1pida que desplaza autom\u00e1ticamente la pantalla a la posici\u00f3n antivaho.<\/span><\/li>\n<li><span dir=\"auto\">PROTECCI\u00d3N: Sistema de visor retr\u00e1ctil que cubre todo el campo de visi\u00f3n, evitando distorsiones por cambios de luz. Incorpora un mecanismo que permite un manejo r\u00e1pido y c\u00f3modo con una sola mano.<\/span><\/li>\n<li><span dir=\"auto\">DISE\u00d1O: El Atom 2 incorpora las \u00faltimas tecnolog\u00edas de dise\u00f1o desarrolladas por MT Helmets, destacando las tecnolog\u00edas MT-RADD (Dise\u00f1o de Resistencia Aerodin\u00e1mica Reducida) y MT-AFCS (Sistema de Canal de Flujo de Aire).<\/span><\/li>\n<li><span dir=\"auto\">DISE\u00d1O: Al igual que en los \u00faltimos modelos de MT Helmets, este casco ofrece un campo de visi\u00f3n ampliado, lo que mejora tanto la comodidad como la seguridad durante la conducci\u00f3n.<\/span><\/li>\n<li><span dir=\"auto\">DISE\u00d1O: Sistema de soporte de tres puntos desarrollado para ofrecer una buena estabilidad en superficies planas. Esto permite aislar el interior del casco de la superficie, protegi\u00e9ndolo de la fricci\u00f3n y, sobre todo, mejorando la higiene de uso del casco.<\/span><\/li>\n<li><span dir=\"auto\">CIERRE: Cierre microm\u00e9trico con sistema de doble retenci\u00f3n dental para garantizar la m\u00e1xima seguridad.<\/span><\/li>\n<li><span dir=\"auto\">PROTECTOR DE BARBILLA: Sistema de apertura del protector de barbilla con una sola palanca (operaci\u00f3n con una sola mano) y homologado por P\/J.<\/span><\/li>\n<li><span dir=\"auto\">PROTECTOR DE BARBILLA: Protector de barbilla que ofrece una excelente protecci\u00f3n aerodin\u00e1mica y reduce el ruido.<\/span><\/li>\n<li><span dir=\"auto\">INTERIORES: Todos los interiores del Atom SV est\u00e1n fabricados con tejidos hipoalerg\u00e9nicos, son desmontables y lavables.<\/span><\/li>\n<li><span dir=\"auto\">PANTALLA: Pantalla fabricada con material antirrayas de alta calidad \u00f3ptica. Ajuste perfecto entre la pantalla y la carcasa para mayor comodidad durante la conducci\u00f3n.<\/span><\/li>\n<li><span dir=\"auto\">PINLOCK: Casco compatible con los sistemas antivaho Fog-O y Pinlock.<\/span><\/li>\n<li><span dir=\"auto\">Carcasa de pol\u00edmero HIRP (High Impact Resistance Polymer), un material que combina las mejores cualidades en la relaci\u00f3n seguridad-peso.<\/span><\/li>\n<li><span dir=\"auto\">ECOL\u00d3GICO: El ATOM 2 ha sido dise\u00f1ado teniendo en cuenta los principios de la conciencia ambiental, con elementos extra\u00edbles para prolongar la vida \u00fatil del producto.<\/span><\/li>\n<li><span dir=\"auto\">Peso 1850 +\/- 50 g<\/span><\/li>\n<\/ul>\n<h3 role=\"tab\" data-tab=\"1\" aria-controls=\"elementor-tab-content-7781\"><\/h3>\n<h3 id=\"elementor-tab-title-7781\" class=\"elementor-tab-title elementor-active\" role=\"tab\" data-tab=\"1\" aria-controls=\"elementor-tab-content-7781\">Homologaci\u00f3n<\/h3>\n<p>&nbsp;<\/p>\n<div id=\"elementor-tab-content-7781\" class=\"elementor-tab-content elementor-clearfix elementor-active\" role=\"tabpanel\" data-tab=\"1\" aria-labelledby=\"elementor-tab-title-7781\">\n<div class=\"page\" title=\"Page 2\">\n<div class=\"section\">\n<div class=\"layoutArea\">\n<div class=\"column\">\n<div class=\"homologacion\">\n<p><img decoding=\"async\" src=\"https:\/\/mthelmets.com\/img\/detalles\/h_06_dot_2.png\" \/><\/p>\n<p>Este casco integral cumple y supera la nueva normativa europea de seguridad ECE 22.06, instaurada en 2022. Este esta\u0301ndar avala la comercializacio\u0301n y el uso de este casco, el cual ha pasado las ma\u0301s exigentes pruebas de calidad y seguridad.<\/p>\n<p>Este casco tambie\u0301n cuenta con la aprobacio\u0301n de la normativa DOT.<\/p>\n<p>&nbsp;<\/p>\n<h3>Detalles del producto<\/h3>\n<p>&nbsp;<\/p>\n<div id=\"elementor-tab-content-7782\" class=\"elementor-tab-content elementor-clearfix elementor-active\" role=\"tabpanel\" data-tab=\"2\" aria-labelledby=\"elementor-tab-title-7782\">\n<div class=\"page\" title=\"Page 3\">\n<div class=\"section\">\n<div class=\"layoutArea\">\n<div class=\"column\">\n<div class=\"detalles\"><img decoding=\"async\" src=\"https:\/\/mthelmets.com\/img\/detalles\/sunvisor.png\" height=\"64\" \/>\u00a0\u00a0<strong>Gafa Solar<\/strong>\u00a0incorporada.<\/p>\n<p><img decoding=\"async\" src=\"https:\/\/mthelmets.com\/img\/detalles\/hirp.png\" height=\"64\" \/>\u00a0\u00a0<strong>High Impact Resistant<\/strong>\u00a0<strong>Polymer.<br \/>\n<\/strong>Calota HIRP compuesta por una combinacio\u0301n de poli\u0301meros que ofrece un excelente comportamiento en caso de impacto.<\/p>\n<div class=\"peso\"><img decoding=\"async\" src=\"https:\/\/mthelmets.com\/img\/detalles\/p_1850.png\" \/><\/div>\n<div><\/div>\n<div>\n<h3 id=\"elementor-tab-title-7784\" class=\"elementor-tab-title elementor-active\" role=\"tab\" data-tab=\"4\" aria-controls=\"elementor-tab-content-7784\">La caja contiene<\/h3>\n<div id=\"elementor-tab-content-7784\" class=\"elementor-tab-content elementor-clearfix elementor-active\" role=\"tabpanel\" data-tab=\"4\" aria-labelledby=\"elementor-tab-title-7784\">\n<div class=\"page\" title=\"Page 5\">\n<div class=\"section\">\n<div class=\"layoutArea\">\n<div class=\"column\">\n<p>&#8211; 1 casco Atom 2 SV.<br \/>\n&#8211; Funda protectora de tela con cierre ajustable.<br \/>\n&#8211; Foam de proteccio\u0301n con funcio\u0301n de soporte de casco.<br \/>\n&#8211; Manual de usuario.<br \/>\n&#8211; Adhesivos MT Helmets.<\/p>\n<\/div>\n<\/div>\n<\/div>\n<\/div>\n<\/div>\n<\/div>\n<\/div>\n<\/div>\n<\/div>\n<\/div>\n<\/div>\n<\/div>\n<\/div>\n<\/div>\n<\/div>\n<\/div>\n<\/div>\n<\/div>\n","protected":false},"excerpt":{"rendered":"<p>ATOM 2 SV SOLID A1 El nuevo\u00a0MT Atom 2\u00a0SV\u00a0ha llegado con mejoras significativas respecto a su predecesor, incorporando innovaciones de\u00a0\u00faltima<\/p>\n","protected":false},"featured_media":93096,"comment_status":"open","ping_status":"closed","template":"","meta":{"nf_dc_page":""},"product_brand":[1131],"product_cat":[74,77],"product_tag":[1207],"class_list":{"0":"post-93095","1":"product","2":"type-product","3":"status-publish","4":"has-post-thumbnail","6":"product_brand-mt-helmets","7":"product_cat-accesorios-fem","8":"product_cat-accesorios-masc","9":"product_tag-1207","11":"first","12":"instock","13":"shipping-taxable","14":"purchasable","15":"product-type-simple"},"_links":{"self":[{"href":"https:\/\/brandss.com.py\/index\/wp-json\/wp\/v2\/product\/93095","targetHints":{"allow":["GET"]}}],"collection":[{"href":"https:\/\/brandss.com.py\/index\/wp-json\/wp\/v2\/product"}],"about":[{"href":"https:\/\/brandss.com.py\/index\/wp-json\/wp\/v2\/types\/product"}],"replies":[{"embeddable":true,"href":"https:\/\/brandss.com.py\/index\/wp-json\/wp\/v2\/comments?post=93095"}],"version-history":[{"count":1,"href":"https:\/\/brandss.com.py\/index\/wp-json\/wp\/v2\/product\/93095\/revisions"}],"predecessor-version":[{"id":93105,"href":"https:\/\/brandss.com.py\/index\/wp-json\/wp\/v2\/product\/93095\/revisions\/93105"}],"wp:featuredmedia":[{"embeddable":true,"href":"https:\/\/brandss.com.py\/index\/wp-json\/wp\/v2\/media\/93096"}],"wp:attachment":[{"href":"https:\/\/brandss.com.py\/index\/wp-json\/wp\/v2\/media?parent=93095"}],"wp:term":[{"taxonomy":"product_brand","embeddable":true,"href":"https:\/\/brandss.com.py\/index\/wp-json\/wp\/v2\/product_brand?post=93095"},{"taxonomy":"product_cat","embeddable":true,"href":"https:\/\/brandss.com.py\/index\/wp-json\/wp\/v2\/product_cat?post=93095"},{"taxonomy":"product_tag","embeddable":true,"href":"https:\/\/brandss.com.py\/index\/wp-json\/wp\/v2\/product_tag?post=93095"}],"curies":[{"name":"wp","href":"https:\/\/api.w.org\/{rel}","templated":true}]}}