{"id":93230,"date":"2025-11-04T12:36:10","date_gmt":"2025-11-04T12:36:10","guid":{"rendered":"https:\/\/brandss.com.py\/index\/?post_type=product&#038;p=93230"},"modified":"2025-11-04T12:36:48","modified_gmt":"2025-11-04T12:36:48","slug":"mouse-pad-gamer-satellite-sate-a-pad011-2125cm-black","status":"publish","type":"product","link":"https:\/\/brandss.com.py\/index\/producto\/mouse-pad-gamer-satellite-sate-a-pad011-2125cm-black\/","title":{"rendered":"MOUSE PAD GAMER SATELLITE SATE A-PAD011 21*25CM BLACK"},"content":{"rendered":"<p><img loading=\"lazy\" decoding=\"async\" class=\"\" src=\"https:\/\/www.sate.com.py\/img\/logo-web.png\" alt=\"Soporte para TV de pared 14'' a 37'' SATE A-RM14371\" width=\"141\" height=\"37\" \/><\/p>\n<h1>SATE A-PAD011<\/h1>\n<p data-start=\"470\" data-end=\"765\">El\u00a0Mouse Pad Sate A-PAD011 Black\u00a0es una excelente opci\u00f3n para quienes buscan comodidad y precisi\u00f3n en el uso diario del mouse. Su\u00a0superficie suave\u00a0permite un deslizamiento fluido, mejorando la experiencia tanto en tareas de oficina como en entretenimiento.<\/p>\n<p data-start=\"767\" data-end=\"1022\">Dise\u00f1ado con una\u00a0base antideslizante, garantiza estabilidad en cualquier tipo de escritorio, evitando movimientos involuntarios. Adem\u00e1s, su\u00a0material resistente\u00a0ofrece una larga durabilidad, soportando el uso constante sin desgastarse f\u00e1cilmente.<\/p>\n<p data-start=\"1024\" data-end=\"1291\" data-is-last-node=\"\" data-is-only-node=\"\">Con un tama\u00f1o ideal para adaptarse a diferentes necesidades, el Sate A-PAD011 Black es compatible con\u00a0mouses \u00f3pticos y l\u00e1ser. Su\u00a0dise\u00f1o en color negro, elegante y minimalista, lo convierte en un complemento perfecto para cualquier espacio de trabajo o gaming.<\/p>\n<p data-start=\"1024\" data-end=\"1291\" data-is-last-node=\"\" data-is-only-node=\"\">Lleva tu juego al siguiente nivel con el mousepad Satellite A-PAD011. Con tama\u00f1o de 250&#215;210 mm y superficie de tela suave, garantiza precisi\u00f3n y velocidad en cada movimiento. Su base de goma antideslizante mantiene la estabilidad incluso en las partidas m\u00e1s intensas. Ideal para ratones \u00f3pticos y l\u00e1ser. Dise\u00f1ado para gamers y usuarios exigentes que buscan comodidad, control y respuesta r\u00e1pida.<\/p>\n<div class=\"modal-header\">\n<h5 id=\"specificationsModalLabel\" class=\"modal-title mt-1\">Especificaciones<\/h5>\n<\/div>\n<div id=\"modalBody\" class=\"modal-body\">\n<div class=\"specifications-container\">\n<div class=\"specification-item\">\n<div class=\"spec-label\">Marca: Satellite<\/div>\n<\/div>\n<div class=\"specification-item\">\n<div class=\"spec-label\">Modelo: A-PAD011<\/div>\n<\/div>\n<div class=\"specification-item\">\n<div class=\"spec-label\">Color: Negro<\/div>\n<\/div>\n<div class=\"specification-item\">\n<div class=\"spec-label\">Tama\u00f1o: 250 mm x 210 mm y Espesor de 3 mm<\/div>\n<\/div>\n<div class=\"specification-item\">\n<div class=\"spec-label\">Compatibilidad: Mouses con Sensor L\u00e1ser y \u00d3ptico<\/div>\n<\/div>\n<div class=\"specification-item\">\n<div class=\"spec-label\">Caracter\u00edsticas: Equilibrio y velocidad para los comandos del mouse, seg\u00fan lo que pide el juego<\/div>\n<\/div>\n<div class=\"specification-item\">\n<div class=\"spec-label\">Material: Superficie de tejido &#8211; Base de goma antideslizante<\/div>\n<\/div>\n<div class=\"specification-item\">\n<div class=\"spec-label\">Peso bruto (g): 124<\/div>\n<\/div>\n<div class=\"specification-item\">\n<div class=\"spec-label\">Dimensiones de embalaje (cm): 4.5 x 4.5 x 23.8<\/div>\n<\/div>\n<\/div>\n<\/div>\n","protected":false},"excerpt":{"rendered":"<p>SATE A-PAD011 El\u00a0Mouse Pad Sate A-PAD011 Black\u00a0es una excelente opci\u00f3n para quienes buscan comodidad y precisi\u00f3n en el uso diario<\/p>\n","protected":false},"featured_media":93231,"comment_status":"open","ping_status":"closed","template":"","meta":{"nf_dc_page":""},"product_brand":[1274],"product_cat":[92],"product_tag":[1275],"class_list":{"0":"post-93230","1":"product","2":"type-product","3":"status-publish","4":"has-post-thumbnail","6":"product_brand-satellite","7":"product_cat-informatica","8":"product_tag-1275","10":"first","11":"instock","12":"shipping-taxable","13":"purchasable","14":"product-type-simple"},"_links":{"self":[{"href":"https:\/\/brandss.com.py\/index\/wp-json\/wp\/v2\/product\/93230","targetHints":{"allow":["GET"]}}],"collection":[{"href":"https:\/\/brandss.com.py\/index\/wp-json\/wp\/v2\/product"}],"about":[{"href":"https:\/\/brandss.com.py\/index\/wp-json\/wp\/v2\/types\/product"}],"replies":[{"embeddable":true,"href":"https:\/\/brandss.com.py\/index\/wp-json\/wp\/v2\/comments?post=93230"}],"version-history":[{"count":1,"href":"https:\/\/brandss.com.py\/index\/wp-json\/wp\/v2\/product\/93230\/revisions"}],"predecessor-version":[{"id":93234,"href":"https:\/\/brandss.com.py\/index\/wp-json\/wp\/v2\/product\/93230\/revisions\/93234"}],"wp:featuredmedia":[{"embeddable":true,"href":"https:\/\/brandss.com.py\/index\/wp-json\/wp\/v2\/media\/93231"}],"wp:attachment":[{"href":"https:\/\/brandss.com.py\/index\/wp-json\/wp\/v2\/media?parent=93230"}],"wp:term":[{"taxonomy":"product_brand","embeddable":true,"href":"https:\/\/brandss.com.py\/index\/wp-json\/wp\/v2\/product_brand?post=93230"},{"taxonomy":"product_cat","embeddable":true,"href":"https:\/\/brandss.com.py\/index\/wp-json\/wp\/v2\/product_cat?post=93230"},{"taxonomy":"product_tag","embeddable":true,"href":"https:\/\/brandss.com.py\/index\/wp-json\/wp\/v2\/product_tag?post=93230"}],"curies":[{"name":"wp","href":"https:\/\/api.w.org\/{rel}","templated":true}]}}