{"id":93333,"date":"2025-11-07T13:09:32","date_gmt":"2025-11-07T13:09:32","guid":{"rendered":"https:\/\/brandss.com.py\/index\/?post_type=product&#038;p=93333"},"modified":"2025-11-07T13:10:48","modified_gmt":"2025-11-07T13:10:48","slug":"camiseta-deportivo-masculino-umbro-baller-degrade-mangas-cortas","status":"publish","type":"product","link":"https:\/\/brandss.com.py\/index\/producto\/camiseta-deportivo-masculino-umbro-baller-degrade-mangas-cortas\/","title":{"rendered":"CAMISETA DEPORTIVO MASCULINO UMBRO BALLER DEGRAD\u00c9 MANGAS CORTAS"},"content":{"rendered":"<p><img loading=\"lazy\" decoding=\"async\" class=\"\" src=\"https:\/\/upload.wikimedia.org\/wikipedia\/commons\/b\/b7\/Logo_Umbro.png\" alt=\"Archivo:Logo Umbro.png - Wikipedia, la enciclopedia libre\" width=\"98\" height=\"65\" \/><\/p>\n<h1>BALLER DEGRAD\u00c9<\/h1>\n<p><span dir=\"auto\">La camiseta Umbro Baller para hombre en degradado azul\/blanco es la opci\u00f3n ideal para quienes buscan un estilo deportivo con comodidad y ligereza. <\/span><span dir=\"auto\">Confeccionada en poli\u00e9ster ligero y c\u00f3modo, presenta un corte cl\u00e1sico y cuello en V.<\/span><\/p>\n<p><span dir=\"auto\">El logo de Umbro en el pecho realza su originalidad. Predominantemente azul, la camiseta luce un degradado con detalles blancos en las mangas, creando un contraste moderno y llamativo.<\/span><\/p>\n<p><span dir=\"auto\">El color del producto en las fotos puede variar debido al uso del flash o la configuraci\u00f3n de su monitor.<\/span><\/p>\n<h5><span dir=\"auto\">Caracter\u00edsticas:<\/span><\/h5>\n<p><span dir=\"auto\">Modelo: U11TW00450-575.<\/span><br \/>\n<span dir=\"auto\">Ideal para: Deportes.<\/span><br \/>\n<span dir=\"auto\">Tipo de camiseta: Manga corta.<\/span><br \/>\n<span dir=\"auto\">Composici\u00f3n: Poli\u00e9ster.<\/span><br \/>\n<span dir=\"auto\">Tipo de tejido: Punto.<\/span><br \/>\n<span dir=\"auto\">Cuello: En V.<\/span><br \/>\n<span dir=\"auto\">Cierre: Sin cierre.<\/span><br \/>\n<span dir=\"auto\">Caracter\u00edsticas especiales: Tejido ligero, contraste degradado, logotipo de Umbro.<\/span><br \/>\n<span dir=\"auto\">Medidas del modelo: Altura: 1,77 m \/ Peso: 80 kg.<\/span><br \/>\n<span dir=\"auto\">El modelo lleva la talla M.<\/span><br \/>\n<span dir=\"auto\">Dimensiones aproximadas:<\/span><br \/>\n<span dir=\"auto\">&#8211; Manga: 20 cm<\/span><br \/>\n<span dir=\"auto\">&#8211; Largo: 69 cm (delantero) y 72 cm (trasero)<\/span><br \/>\n<span dir=\"auto\">&#8211; Contorno: 88 cm<\/span><br \/>\n<span dir=\"auto\">&#8211; Cuello: 2 cm.<\/span><\/p>\n","protected":false},"excerpt":{"rendered":"<p>BALLER DEGRAD\u00c9 La camiseta Umbro Baller para hombre en degradado azul\/blanco es la opci\u00f3n ideal para quienes buscan un estilo<\/p>\n","protected":false},"featured_media":93334,"comment_status":"open","ping_status":"closed","template":"","meta":{"nf_dc_page":""},"product_brand":[1309],"product_cat":[76],"product_tag":[1310],"class_list":{"0":"post-93333","1":"product","2":"type-product","3":"status-publish","4":"has-post-thumbnail","6":"product_brand-umbro","7":"product_cat-masculino","8":"product_tag-u11tw00450-575","10":"first","11":"instock","12":"shipping-taxable","13":"purchasable","14":"product-type-simple"},"_links":{"self":[{"href":"https:\/\/brandss.com.py\/index\/wp-json\/wp\/v2\/product\/93333","targetHints":{"allow":["GET"]}}],"collection":[{"href":"https:\/\/brandss.com.py\/index\/wp-json\/wp\/v2\/product"}],"about":[{"href":"https:\/\/brandss.com.py\/index\/wp-json\/wp\/v2\/types\/product"}],"replies":[{"embeddable":true,"href":"https:\/\/brandss.com.py\/index\/wp-json\/wp\/v2\/comments?post=93333"}],"version-history":[{"count":2,"href":"https:\/\/brandss.com.py\/index\/wp-json\/wp\/v2\/product\/93333\/revisions"}],"predecessor-version":[{"id":93340,"href":"https:\/\/brandss.com.py\/index\/wp-json\/wp\/v2\/product\/93333\/revisions\/93340"}],"wp:featuredmedia":[{"embeddable":true,"href":"https:\/\/brandss.com.py\/index\/wp-json\/wp\/v2\/media\/93334"}],"wp:attachment":[{"href":"https:\/\/brandss.com.py\/index\/wp-json\/wp\/v2\/media?parent=93333"}],"wp:term":[{"taxonomy":"product_brand","embeddable":true,"href":"https:\/\/brandss.com.py\/index\/wp-json\/wp\/v2\/product_brand?post=93333"},{"taxonomy":"product_cat","embeddable":true,"href":"https:\/\/brandss.com.py\/index\/wp-json\/wp\/v2\/product_cat?post=93333"},{"taxonomy":"product_tag","embeddable":true,"href":"https:\/\/brandss.com.py\/index\/wp-json\/wp\/v2\/product_tag?post=93333"}],"curies":[{"name":"wp","href":"https:\/\/api.w.org\/{rel}","templated":true}]}}