{"id":93660,"date":"2025-11-11T19:08:48","date_gmt":"2025-11-11T19:08:48","guid":{"rendered":"https:\/\/brandss.com.py\/index\/?post_type=product&#038;p=93660"},"modified":"2025-11-11T19:09:29","modified_gmt":"2025-11-11T19:09:29","slug":"camiseta-casual-masculino-nike-sportswear-panda-dunk-mangas-cortas","status":"publish","type":"product","link":"https:\/\/brandss.com.py\/index\/producto\/camiseta-casual-masculino-nike-sportswear-panda-dunk-mangas-cortas\/","title":{"rendered":"CAMISETA CASUAL MASCULINO NIKE SPORTSWEAR PANDA DUNK MANGAS CORTAS"},"content":{"rendered":"<p><img loading=\"lazy\" decoding=\"async\" class=\"\" src=\"https:\/\/www.edigitalagency.com.au\/wp-content\/uploads\/new-Nike-logo-black-png-large-size.png\" alt=\"THE NEW NIKE LOGO BLACK PNG IN 2025 - eDigital Agency\" width=\"137\" height=\"72\" \/><\/p>\n<h1>SPORTSWEAR PANDA DUNK<\/h1>\n<p class=\"nds-text pb4-sm css-qtj9g7 e1yhcai00 appearance-body1 color-primary weight-regular\" data-testid=\"product-description\">De l\u00edneas limpias y cl\u00e1sicas, esta camiseta holgada ofrece una sensaci\u00f3n de amplitud y un look informal. El algod\u00f3n de peso medio se siente suave y ligeramente estructurado para una comodidad duradera y diaria. Una camiseta amplia y cl\u00e1sica, pero con la vibra exacta para la calle. Su fit holgado te da un look relajado e informal sin perder estilo. El algod\u00f3n de densidad media aporta suavidad y estructura ligera, garantizando comodidad y resistencia para el uso diario. Es el b\u00e1sico premium que eleva cualquier outfit sin esfuerzo.<\/p>\n<div data-testid=\"benefit-section\">\n<h4 class=\"nds-text pb2-sm css-1m2rxfq e1yhcai00 appearance-title4 color-primary weight-regular\" data-testid=\"benefit-header\">Detalles<\/h4>\n<ul class=\"pb4-sm css-1vql4bw eru6lik0 nds-list\" data-testid=\"benefit-list\">\n<li class=\"nds-text css-xlkxpi e1yhcai00 appearance-body1 color-primary weight-regular\">Cuello acanalado.<\/li>\n<li class=\"nds-text css-xlkxpi e1yhcai00 appearance-body1 color-primary weight-regular\">100% algod\u00f3n.<\/li>\n<li class=\"nds-text css-xlkxpi e1yhcai00 appearance-body1 color-primary weight-regular\">Lavado a m\u00e1quina.<\/li>\n<li class=\"nds-text css-xlkxpi e1yhcai00 appearance-body1 color-primary weight-regular\">Importado.<\/li>\n<li class=\"nds-text css-xlkxpi e1yhcai00 appearance-body1 color-primary weight-regular\">Color: Antracita.<\/li>\n<li class=\"nds-text css-xlkxpi e1yhcai00 appearance-body1 color-primary weight-regular\">Modelo: HQ9244-060.<\/li>\n<\/ul>\n<\/div>\n","protected":false},"excerpt":{"rendered":"<p>SPORTSWEAR PANDA DUNK De l\u00edneas limpias y cl\u00e1sicas, esta camiseta holgada ofrece una sensaci\u00f3n de amplitud y un look informal.<\/p>\n","protected":false},"featured_media":93661,"comment_status":"open","ping_status":"closed","template":"","meta":{"nf_dc_page":""},"product_brand":[1333],"product_cat":[76],"product_tag":[1353],"class_list":{"0":"post-93660","1":"product","2":"type-product","3":"status-publish","4":"has-post-thumbnail","6":"product_brand-nike","7":"product_cat-masculino","8":"product_tag-hq9244-060","10":"first","11":"instock","12":"shipping-taxable","13":"purchasable","14":"product-type-simple"},"_links":{"self":[{"href":"https:\/\/brandss.com.py\/index\/wp-json\/wp\/v2\/product\/93660","targetHints":{"allow":["GET"]}}],"collection":[{"href":"https:\/\/brandss.com.py\/index\/wp-json\/wp\/v2\/product"}],"about":[{"href":"https:\/\/brandss.com.py\/index\/wp-json\/wp\/v2\/types\/product"}],"replies":[{"embeddable":true,"href":"https:\/\/brandss.com.py\/index\/wp-json\/wp\/v2\/comments?post=93660"}],"version-history":[{"count":1,"href":"https:\/\/brandss.com.py\/index\/wp-json\/wp\/v2\/product\/93660\/revisions"}],"predecessor-version":[{"id":93668,"href":"https:\/\/brandss.com.py\/index\/wp-json\/wp\/v2\/product\/93660\/revisions\/93668"}],"wp:featuredmedia":[{"embeddable":true,"href":"https:\/\/brandss.com.py\/index\/wp-json\/wp\/v2\/media\/93661"}],"wp:attachment":[{"href":"https:\/\/brandss.com.py\/index\/wp-json\/wp\/v2\/media?parent=93660"}],"wp:term":[{"taxonomy":"product_brand","embeddable":true,"href":"https:\/\/brandss.com.py\/index\/wp-json\/wp\/v2\/product_brand?post=93660"},{"taxonomy":"product_cat","embeddable":true,"href":"https:\/\/brandss.com.py\/index\/wp-json\/wp\/v2\/product_cat?post=93660"},{"taxonomy":"product_tag","embeddable":true,"href":"https:\/\/brandss.com.py\/index\/wp-json\/wp\/v2\/product_tag?post=93660"}],"curies":[{"name":"wp","href":"https:\/\/api.w.org\/{rel}","templated":true}]}}