{"id":93987,"date":"2025-11-15T14:39:16","date_gmt":"2025-11-15T14:39:16","guid":{"rendered":"https:\/\/brandss.com.py\/index\/?post_type=product&#038;p=93987"},"modified":"2025-11-15T14:39:53","modified_gmt":"2025-11-15T14:39:53","slug":"short-deportivo-masculino-umbro-diamond-duo","status":"publish","type":"product","link":"https:\/\/brandss.com.py\/index\/producto\/short-deportivo-masculino-umbro-diamond-duo\/","title":{"rendered":"SHORT DEPORTIVO MASCULINO UMBRO DIAMOND DUO"},"content":{"rendered":"<p><img loading=\"lazy\" decoding=\"async\" class=\"\" src=\"https:\/\/upload.wikimedia.org\/wikipedia\/commons\/thumb\/2\/22\/Umbro_logo_%28current%29.svg\/2560px-Umbro_logo_%28current%29.svg.png\" alt=\"Archivo:Umbro logo (current).svg - Wikipedia, la enciclopedia libre\" width=\"123\" height=\"80\" \/><\/p>\n<h1>DIAMOND DUO<\/h1>\n<p>Bermuda Umbro Diamond Duo para hombre, confeccionada con un tejido ligero y c\u00f3modo. No desti\u00f1e y es lavable a m\u00e1quina. Bermuda de mezcla de algod\u00f3n y poli\u00e9ster con cintura el\u00e1stica y cord\u00f3n interior para un mejor ajuste.<\/p>\n<p><span dir=\"auto\">Bermuda confeccionada en mezcla de algod\u00f3n y poli\u00e9ster, con cintura el\u00e1stica y cord\u00f3n interior para un mejor ajuste. <\/span><span dir=\"auto\">Incluye bolsillos laterales y una abertura lateral en el bajo. <\/span><span dir=\"auto\">Logotipo Umbro Diamond estampado por transferencia t\u00e9rmica.<\/span><br \/>\n<span dir=\"auto\">Ideal para uso diario y actividades deportivas.<\/span><\/p>\n<h3>\nDetalles<\/h3>\n<ul>\n<li>Modelo: U11L501037-111.<\/li>\n<li><span dir=\"auto\">Composici\u00f3n: 50%\u00a0 Algod\u00f3n\/ 50% Poli\u00e9ster.<\/span><\/li>\n<li>G\u00e9nero: Masculino.<\/li>\n<li>Confeccionado con tejido transpirable.<\/li>\n<li>Fabricado con materiales ligeros y duraderos.<\/li>\n<li>Con bolsillos.<\/li>\n<li>Color: Negro.<\/li>\n<\/ul>\n","protected":false},"excerpt":{"rendered":"<p>DIAMOND DUO Bermuda Umbro Diamond Duo para hombre, confeccionada con un tejido ligero y c\u00f3modo. No desti\u00f1e y es lavable<\/p>\n","protected":false},"featured_media":93988,"comment_status":"open","ping_status":"closed","template":"","meta":{"nf_dc_page":""},"product_brand":[1309],"product_cat":[76],"product_tag":[1419],"class_list":{"0":"post-93987","1":"product","2":"type-product","3":"status-publish","4":"has-post-thumbnail","6":"product_brand-umbro","7":"product_cat-masculino","8":"product_tag-u11l501037-111","10":"first","11":"instock","12":"shipping-taxable","13":"purchasable","14":"product-type-simple"},"_links":{"self":[{"href":"https:\/\/brandss.com.py\/index\/wp-json\/wp\/v2\/product\/93987","targetHints":{"allow":["GET"]}}],"collection":[{"href":"https:\/\/brandss.com.py\/index\/wp-json\/wp\/v2\/product"}],"about":[{"href":"https:\/\/brandss.com.py\/index\/wp-json\/wp\/v2\/types\/product"}],"replies":[{"embeddable":true,"href":"https:\/\/brandss.com.py\/index\/wp-json\/wp\/v2\/comments?post=93987"}],"version-history":[{"count":1,"href":"https:\/\/brandss.com.py\/index\/wp-json\/wp\/v2\/product\/93987\/revisions"}],"predecessor-version":[{"id":93990,"href":"https:\/\/brandss.com.py\/index\/wp-json\/wp\/v2\/product\/93987\/revisions\/93990"}],"wp:featuredmedia":[{"embeddable":true,"href":"https:\/\/brandss.com.py\/index\/wp-json\/wp\/v2\/media\/93988"}],"wp:attachment":[{"href":"https:\/\/brandss.com.py\/index\/wp-json\/wp\/v2\/media?parent=93987"}],"wp:term":[{"taxonomy":"product_brand","embeddable":true,"href":"https:\/\/brandss.com.py\/index\/wp-json\/wp\/v2\/product_brand?post=93987"},{"taxonomy":"product_cat","embeddable":true,"href":"https:\/\/brandss.com.py\/index\/wp-json\/wp\/v2\/product_cat?post=93987"},{"taxonomy":"product_tag","embeddable":true,"href":"https:\/\/brandss.com.py\/index\/wp-json\/wp\/v2\/product_tag?post=93987"}],"curies":[{"name":"wp","href":"https:\/\/api.w.org\/{rel}","templated":true}]}}