{"id":94007,"date":"2025-11-17T13:39:46","date_gmt":"2025-11-17T13:39:46","guid":{"rendered":"https:\/\/brandss.com.py\/index\/?post_type=product&#038;p=94007"},"modified":"2025-11-17T13:40:41","modified_gmt":"2025-11-17T13:40:41","slug":"camiseta-deportivo-masculino-umbro-fs-classics-mangas-cortas","status":"publish","type":"product","link":"https:\/\/brandss.com.py\/index\/producto\/camiseta-deportivo-masculino-umbro-fs-classics-mangas-cortas\/","title":{"rendered":"CAMISETA DEPORTIVO MASCULINO UMBRO FS CLASSICS MANGAS CORTAS"},"content":{"rendered":"<p><img loading=\"lazy\" decoding=\"async\" class=\"\" src=\"https:\/\/upload.wikimedia.org\/wikipedia\/commons\/thumb\/2\/22\/Umbro_logo_%28current%29.svg\/2560px-Umbro_logo_%28current%29.svg.png\" alt=\"Archivo:Umbro logo (current).svg - Wikipedia, la enciclopedia libre\" width=\"111\" height=\"72\" \/><\/p>\n<h1>FS CLASSICS<\/h1>\n<p>C\u00f3modo y elegante, el polo Umbro Fs Classics para hombre ofrece un estilo atemporal. Confeccionado con una mezcla de algod\u00f3n y poli\u00e9ster, es ultrasuave y garantiza libertad de movimiento. El logo de Umbro le da un toque moderno. #OurGame es tu estilo.<\/p>\n<h3 class=\"vtex-store-components-3-x-specificationsTitle t-heading-5 mb5 mt0\"><span dir=\"auto\">Especificaciones<br \/>\n<\/span><\/h3>\n<p>Modelo: <span class=\"vtex-product-identifier-0-x-product-identifier__value\"><span dir=\"auto\">2S54018-888.<\/span><\/span><\/p>\n<p><span dir=\"auto\">Categor\u00eda: Casual.<\/span><\/p>\n<p><span dir=\"auto\">G\u00e9nero: Masculino.<\/span><\/p>\n<p><span dir=\"auto\">Color: Gris.<\/span><\/p>\n<p><span dir=\"auto\">Composici\u00f3n: 50% Algod\u00f3n, 50% Poli\u00e9ster.<\/span><\/p>\n","protected":false},"excerpt":{"rendered":"<p>FS CLASSICS C\u00f3modo y elegante, el polo Umbro Fs Classics para hombre ofrece un estilo atemporal. Confeccionado con una mezcla<\/p>\n","protected":false},"featured_media":94008,"comment_status":"open","ping_status":"closed","template":"","meta":{"nf_dc_page":""},"product_brand":[1309],"product_cat":[76],"product_tag":[1424],"class_list":{"0":"post-94007","1":"product","2":"type-product","3":"status-publish","4":"has-post-thumbnail","6":"product_brand-umbro","7":"product_cat-masculino","8":"product_tag-2s54018-888","10":"first","11":"instock","12":"shipping-taxable","13":"purchasable","14":"product-type-simple"},"_links":{"self":[{"href":"https:\/\/brandss.com.py\/index\/wp-json\/wp\/v2\/product\/94007","targetHints":{"allow":["GET"]}}],"collection":[{"href":"https:\/\/brandss.com.py\/index\/wp-json\/wp\/v2\/product"}],"about":[{"href":"https:\/\/brandss.com.py\/index\/wp-json\/wp\/v2\/types\/product"}],"replies":[{"embeddable":true,"href":"https:\/\/brandss.com.py\/index\/wp-json\/wp\/v2\/comments?post=94007"}],"version-history":[{"count":1,"href":"https:\/\/brandss.com.py\/index\/wp-json\/wp\/v2\/product\/94007\/revisions"}],"predecessor-version":[{"id":94013,"href":"https:\/\/brandss.com.py\/index\/wp-json\/wp\/v2\/product\/94007\/revisions\/94013"}],"wp:featuredmedia":[{"embeddable":true,"href":"https:\/\/brandss.com.py\/index\/wp-json\/wp\/v2\/media\/94008"}],"wp:attachment":[{"href":"https:\/\/brandss.com.py\/index\/wp-json\/wp\/v2\/media?parent=94007"}],"wp:term":[{"taxonomy":"product_brand","embeddable":true,"href":"https:\/\/brandss.com.py\/index\/wp-json\/wp\/v2\/product_brand?post=94007"},{"taxonomy":"product_cat","embeddable":true,"href":"https:\/\/brandss.com.py\/index\/wp-json\/wp\/v2\/product_cat?post=94007"},{"taxonomy":"product_tag","embeddable":true,"href":"https:\/\/brandss.com.py\/index\/wp-json\/wp\/v2\/product_tag?post=94007"}],"curies":[{"name":"wp","href":"https:\/\/api.w.org\/{rel}","templated":true}]}}