{"id":94034,"date":"2025-11-17T16:49:15","date_gmt":"2025-11-17T16:49:15","guid":{"rendered":"https:\/\/brandss.com.py\/index\/?post_type=product&#038;p=94034"},"modified":"2026-04-09T10:44:20","modified_gmt":"2026-04-09T10:44:20","slug":"camiseta-deportivo-masculino-umbro-connection-mangas-cortas","status":"publish","type":"product","link":"https:\/\/brandss.com.py\/index\/producto\/camiseta-deportivo-masculino-umbro-connection-mangas-cortas\/","title":{"rendered":"CAMISETA DEPORTIVO MASCULINO UMBRO CONNECTION MANGAS CORTAS"},"content":{"rendered":"<p><img loading=\"lazy\" decoding=\"async\" class=\"\" src=\"https:\/\/upload.wikimedia.org\/wikipedia\/commons\/thumb\/2\/22\/Umbro_logo_%28current%29.svg\/2560px-Umbro_logo_%28current%29.svg.png\" alt=\"Archivo:Umbro logo (current).svg - Wikipedia, la enciclopedia libre\" width=\"135\" height=\"88\" \/><\/p>\n<h1>CONNECTION<\/h1>\n<p>Es una camiseta masculino de entrenamiento. Ideal para entrenamiento, partidos amateurs, clubes locales o para uso recreativo. Gracias a su ligereza y posible tela t\u00e9cnica, podr\u00eda usarse tambi\u00e9n en actividades f\u00edsicas, no solo f\u00fatbol.<\/p>\n<h3>Detalles<\/h3>\n<p>Modelo: U11TW027-111.<\/p>\n<p>G\u00e9nero: Masculino.<\/p>\n<p>Color: Negro.<\/p>\n","protected":false},"excerpt":{"rendered":"<p>CONNECTION Es una camiseta masculino de entrenamiento. Ideal para entrenamiento, partidos amateurs, clubes locales o para uso recreativo. Gracias a<\/p>\n","protected":false},"featured_media":94035,"comment_status":"open","ping_status":"closed","template":"","meta":{"nf_dc_page":""},"product_brand":[1309],"product_cat":[76],"product_tag":[1428],"class_list":{"0":"post-94034","1":"product","2":"type-product","3":"status-publish","4":"has-post-thumbnail","6":"product_brand-umbro","7":"product_cat-masculino","8":"product_tag-u11tw027-111","10":"first","11":"instock","12":"shipping-taxable","13":"purchasable","14":"product-type-simple"},"_links":{"self":[{"href":"https:\/\/brandss.com.py\/index\/wp-json\/wp\/v2\/product\/94034","targetHints":{"allow":["GET"]}}],"collection":[{"href":"https:\/\/brandss.com.py\/index\/wp-json\/wp\/v2\/product"}],"about":[{"href":"https:\/\/brandss.com.py\/index\/wp-json\/wp\/v2\/types\/product"}],"replies":[{"embeddable":true,"href":"https:\/\/brandss.com.py\/index\/wp-json\/wp\/v2\/comments?post=94034"}],"version-history":[{"count":1,"href":"https:\/\/brandss.com.py\/index\/wp-json\/wp\/v2\/product\/94034\/revisions"}],"predecessor-version":[{"id":94038,"href":"https:\/\/brandss.com.py\/index\/wp-json\/wp\/v2\/product\/94034\/revisions\/94038"}],"wp:featuredmedia":[{"embeddable":true,"href":"https:\/\/brandss.com.py\/index\/wp-json\/wp\/v2\/media\/94035"}],"wp:attachment":[{"href":"https:\/\/brandss.com.py\/index\/wp-json\/wp\/v2\/media?parent=94034"}],"wp:term":[{"taxonomy":"product_brand","embeddable":true,"href":"https:\/\/brandss.com.py\/index\/wp-json\/wp\/v2\/product_brand?post=94034"},{"taxonomy":"product_cat","embeddable":true,"href":"https:\/\/brandss.com.py\/index\/wp-json\/wp\/v2\/product_cat?post=94034"},{"taxonomy":"product_tag","embeddable":true,"href":"https:\/\/brandss.com.py\/index\/wp-json\/wp\/v2\/product_tag?post=94034"}],"curies":[{"name":"wp","href":"https:\/\/api.w.org\/{rel}","templated":true}]}}