{"id":94043,"date":"2025-11-17T17:24:53","date_gmt":"2025-11-17T17:24:53","guid":{"rendered":"https:\/\/brandss.com.py\/index\/?post_type=product&#038;p=94043"},"modified":"2025-11-17T17:25:24","modified_gmt":"2025-11-17T17:25:24","slug":"short-deportivo-masculino-umbro-pro-5-academy","status":"publish","type":"product","link":"https:\/\/brandss.com.py\/index\/producto\/short-deportivo-masculino-umbro-pro-5-academy\/","title":{"rendered":"SHORT DEPORTIVO MASCULINO UMBRO PRO 5 ACADEMY"},"content":{"rendered":"<p><img loading=\"lazy\" decoding=\"async\" class=\"\" src=\"https:\/\/upload.wikimedia.org\/wikipedia\/commons\/thumb\/2\/22\/Umbro_logo_%28current%29.svg\/2560px-Umbro_logo_%28current%29.svg.png\" alt=\"Archivo:Umbro logo (current).svg - Wikipedia, la enciclopedia libre\" width=\"86\" height=\"56\" \/><\/p>\n<h1>PRO 5 ACADEMY<\/h1>\n<div class=\"vtex-flex-layout-0-x-flexColChild vtex-flex-layout-0-x-flexColChild--details-product pb0\">\n<div class=\"vtex-store-components-3-x-productDescriptionContainer\">\n<div class=\"vtex-store-components-3-x-productDescriptionText c-muted-1\">\n<div class=\"vtex-store-components-3-x-container relative\">\n<div class=\"vtex-store-components-3-x-content h-auto\"><span dir=\"auto\">Los shorts Umbro Pro 5 est\u00e1n confeccionados en poli\u00e9ster 100%. La cintura cuenta con el\u00e1stico y cord\u00f3n ajustable para un ajuste perfecto. Presentan un dise\u00f1o exclusivo en el dobladillo y el logotipo de Umbro en el lateral.<\/span><\/div>\n<div><\/div>\n<h3>Especificaciones<\/h3>\n<div><\/div>\n<div>Modelo: <span class=\"vtex-product-identifier-0-x-product-identifier vtex-product-identifier-0-x-product-identifier--productReference c-muted-1\"><span class=\"vtex-product-identifier-0-x-product-identifier__value\"><span dir=\"auto\">U11TW069.<\/span><\/span><\/span><br \/>\nCategor\u00eda: Ropa de equipo.<br \/>\nG\u00e9nero: Masculino.<br \/>\nColor: Negro.<br \/>\nComposici\u00f3n: 100% Poli\u00e9ster.<\/div>\n<\/div>\n<\/div>\n<\/div>\n<\/div>\n","protected":false},"excerpt":{"rendered":"<p>PRO 5 ACADEMY Los shorts Umbro Pro 5 est\u00e1n confeccionados en poli\u00e9ster 100%. La cintura cuenta con el\u00e1stico y cord\u00f3n<\/p>\n","protected":false},"featured_media":94044,"comment_status":"open","ping_status":"closed","template":"","meta":{"nf_dc_page":""},"product_brand":[1309],"product_cat":[76],"product_tag":[1430],"class_list":{"0":"post-94043","1":"product","2":"type-product","3":"status-publish","4":"has-post-thumbnail","6":"product_brand-umbro","7":"product_cat-masculino","8":"product_tag-u11tw069","10":"first","11":"instock","12":"shipping-taxable","13":"purchasable","14":"product-type-simple"},"_links":{"self":[{"href":"https:\/\/brandss.com.py\/index\/wp-json\/wp\/v2\/product\/94043","targetHints":{"allow":["GET"]}}],"collection":[{"href":"https:\/\/brandss.com.py\/index\/wp-json\/wp\/v2\/product"}],"about":[{"href":"https:\/\/brandss.com.py\/index\/wp-json\/wp\/v2\/types\/product"}],"replies":[{"embeddable":true,"href":"https:\/\/brandss.com.py\/index\/wp-json\/wp\/v2\/comments?post=94043"}],"version-history":[{"count":1,"href":"https:\/\/brandss.com.py\/index\/wp-json\/wp\/v2\/product\/94043\/revisions"}],"predecessor-version":[{"id":94048,"href":"https:\/\/brandss.com.py\/index\/wp-json\/wp\/v2\/product\/94043\/revisions\/94048"}],"wp:featuredmedia":[{"embeddable":true,"href":"https:\/\/brandss.com.py\/index\/wp-json\/wp\/v2\/media\/94044"}],"wp:attachment":[{"href":"https:\/\/brandss.com.py\/index\/wp-json\/wp\/v2\/media?parent=94043"}],"wp:term":[{"taxonomy":"product_brand","embeddable":true,"href":"https:\/\/brandss.com.py\/index\/wp-json\/wp\/v2\/product_brand?post=94043"},{"taxonomy":"product_cat","embeddable":true,"href":"https:\/\/brandss.com.py\/index\/wp-json\/wp\/v2\/product_cat?post=94043"},{"taxonomy":"product_tag","embeddable":true,"href":"https:\/\/brandss.com.py\/index\/wp-json\/wp\/v2\/product_tag?post=94043"}],"curies":[{"name":"wp","href":"https:\/\/api.w.org\/{rel}","templated":true}]}}

<p><img loading="lazy" decoding="async" class="" src="https://upload.wikimedia.org/wikipedia/commons/thumb/2/22/Umbro_logo_%28current%29.svg/2560px-Umbro_logo_%28current%29.svg.png" alt="Archivo:Umbro logo (current).svg - Wikipedia, la enciclopedia libre" width="86" height="56" /></p>
<h1>PRO 5 ACADEMY</h1>
<div class="vtex-flex-layout-0-x-flexColChild vtex-flex-layout-0-x-flexColChild--details-product pb0">
<div class="vtex-store-components-3-x-productDescriptionContainer">
<div class="vtex-store-components-3-x-productDescriptionText c-muted-1">
<div class="vtex-store-components-3-x-container relative">
<div class="vtex-store-components-3-x-content h-auto"><span dir="auto">Los shorts Umbro Pro 5 están confeccionados en poliéster 100%. La cintura cuenta con elástico y cordón ajustable para un ajuste perfecto. Presentan un diseño exclusivo en el dobladillo y el logotipo de Umbro en el lateral.</span></div>
<div></div>
<h3>Especificaciones</h3>
<div></div>
<div>Modelo: <span class="vtex-product-identifier-0-x-product-identifier vtex-product-identifier-0-x-product-identifier--productReference c-muted-1"><span class="vtex-product-identifier-0-x-product-identifier__value"><span dir="auto">U11TW069.</span></span></span><br />
Categoría: Ropa de equipo.<br />
Género: Masculino.<br />
Color: Negro.<br />
Composición: 100% Poliéster.</div>
</div>
</div>
</div>
</div>

<p>PRO 5 ACADEMY Los shorts Umbro Pro 5 están confeccionados en poliéster 100%. La cintura cuenta con elástico y cordón</p>
