{"id":94063,"date":"2025-11-17T19:14:57","date_gmt":"2025-11-17T19:14:57","guid":{"rendered":"https:\/\/brandss.com.py\/index\/?post_type=product&#038;p=94063"},"modified":"2025-11-17T19:15:34","modified_gmt":"2025-11-17T19:15:34","slug":"perfume-femenino-orientica-velvet-gold-edp-80ml","status":"publish","type":"product","link":"https:\/\/brandss.com.py\/index\/producto\/perfume-femenino-orientica-velvet-gold-edp-80ml\/","title":{"rendered":"PERFUME FEMENINO ORIENTICA VELVET GOLD EDP 80ML"},"content":{"rendered":"<p><img loading=\"lazy\" decoding=\"async\" class=\"\" src=\"https:\/\/aunmasguapa.com\/cdn\/shop\/collections\/logo_Orientica.svg?v=1731500665\" alt=\"ORIENTICA \u2013 A\u00fan M\u00e1s Guapa!\" width=\"68\" height=\"68\" \/><\/p>\n<h1>VELVET GOLD<\/h1>\n<p>Es una lujosa fragancia floral que encarna calidez, sensualidad y elegancia atemporal. Descubre una fragancia absolutamente excepcional que, al mismo tiempo, resalta a la perfecci\u00f3n la personalidad de quien la lleva. El eau de parfum unisex Orientica Luxury Collection Velvet Gold es la fragancia ideal para destacar tu originalidad. <img loading=\"lazy\" decoding=\"async\" class=\"alignleft\" src=\"https:\/\/www.atlanticoshop.com.py\/image\/catalog\/armaf\/orientica%20velvet%20gold-1%20esp.jpg\" width=\"557\" height=\"557\" \/><\/p>\n<p>Velvet Gold una fragancia con una mezcla cautivadora de dulzura, feminidad, y un toque de sofisticaci\u00f3n oriental. Orientica Velvet Gold es un perfume bien equilibrado que combina dulzura gourmand, elementos florales elegantes y un fondo c\u00e1lido y envolvente. Es ideal para ocasiones especiales o noches frescas, gracias a su car\u00e1cter sofisticado y seductor. La combinaci\u00f3n de caramelo y vainilla con los matices especiados y florales le otorga un atractivo universal que puede ser amado por quienes buscan una fragancia femenina pero con car\u00e1cter.<\/p>\n<p>&nbsp;<\/p>\n<h3>Notas Olfativas<\/h3>\n<p>&nbsp;<\/p>\n<p>Un perfume lleno de encanto y dulzor, para mujeres amantes de los aromas amaderados y florales, inspirado para esos momentos especiales de tu vida donde deseas dejar una sensaci\u00f3n olfativa \u00fanica. Velvet Gold\u00a0de\u00a0Orientica\u00a0es una fragancia de la familia olfativa Floral para Mujeres. Esta fragrancia es nueva.\u00a0Velvet Gold\u00a0se lanz\u00f3 en 2022.<\/p>\n<p>En su salida con sus notas altas de bergamota picante, caramelo, violeta y pimienta rosa alegre que te atrapan y te sumergen en la magia que est\u00e1 a punto de desarrollarse\u2026.. Aparece su n\u00facleo con las notas de coraz\u00f3n empolvado, pachul\u00ed dulce, especiado y la deliciosa rosa envuelven tus sentidos mientras coquetean con las cautivadoras notas base de almizcle sutil, acordes anim\u00e1licos de esp\u00edritu libre y vainilla, lo que hace de este un perfume destacado que encaja sin esfuerzo con tu personalidad encantada.<\/p>\n<p>Esta fragancia permanecer\u00e1 contigo mucho despu\u00e9s de que los momentos tempestuosos te dejen sin aliento!!!!<\/p>\n<p><span dir=\"auto\"><strong>Nota de salida:<\/strong>\u00a0<\/span><span dir=\"auto\">Bergamota, Caramelo, Violeta, Pimienta rosa.<\/span><br \/>\n<span dir=\"auto\"><strong>Nota de coraz\u00f3n:<\/strong>\u00a0<\/span><span dir=\"auto\">Empolvado, Pachul\u00ed, Rosa.<\/span><br \/>\n<span dir=\"auto\"><strong>Nota de fondo:<\/strong>\u00a0<\/span><span dir=\"auto\">Almizcle, Acorde animal, Vainilla.<\/span><\/p>\n","protected":false},"excerpt":{"rendered":"<p>VELVET GOLD Es una lujosa fragancia floral que encarna calidez, sensualidad y elegancia atemporal. Descubre una fragancia absolutamente excepcional que,<\/p>\n","protected":false},"featured_media":94064,"comment_status":"open","ping_status":"closed","template":"","meta":{"nf_dc_page":""},"product_brand":[896],"product_cat":[84],"product_tag":[1433],"class_list":{"0":"post-94063","1":"product","2":"type-product","3":"status-publish","4":"has-post-thumbnail","6":"product_brand-orientica","7":"product_cat-perfumeria","8":"product_tag-1433","10":"first","11":"instock","12":"shipping-taxable","13":"purchasable","14":"product-type-simple"},"_links":{"self":[{"href":"https:\/\/brandss.com.py\/index\/wp-json\/wp\/v2\/product\/94063","targetHints":{"allow":["GET"]}}],"collection":[{"href":"https:\/\/brandss.com.py\/index\/wp-json\/wp\/v2\/product"}],"about":[{"href":"https:\/\/brandss.com.py\/index\/wp-json\/wp\/v2\/types\/product"}],"replies":[{"embeddable":true,"href":"https:\/\/brandss.com.py\/index\/wp-json\/wp\/v2\/comments?post=94063"}],"version-history":[{"count":1,"href":"https:\/\/brandss.com.py\/index\/wp-json\/wp\/v2\/product\/94063\/revisions"}],"predecessor-version":[{"id":94070,"href":"https:\/\/brandss.com.py\/index\/wp-json\/wp\/v2\/product\/94063\/revisions\/94070"}],"wp:featuredmedia":[{"embeddable":true,"href":"https:\/\/brandss.com.py\/index\/wp-json\/wp\/v2\/media\/94064"}],"wp:attachment":[{"href":"https:\/\/brandss.com.py\/index\/wp-json\/wp\/v2\/media?parent=94063"}],"wp:term":[{"taxonomy":"product_brand","embeddable":true,"href":"https:\/\/brandss.com.py\/index\/wp-json\/wp\/v2\/product_brand?post=94063"},{"taxonomy":"product_cat","embeddable":true,"href":"https:\/\/brandss.com.py\/index\/wp-json\/wp\/v2\/product_cat?post=94063"},{"taxonomy":"product_tag","embeddable":true,"href":"https:\/\/brandss.com.py\/index\/wp-json\/wp\/v2\/product_tag?post=94063"}],"curies":[{"name":"wp","href":"https:\/\/api.w.org\/{rel}","templated":true}]}}