{"id":94240,"date":"2025-11-27T12:42:40","date_gmt":"2025-11-27T12:42:40","guid":{"rendered":"https:\/\/brandss.com.py\/index\/?post_type=product&#038;p=94240"},"modified":"2026-03-17T13:37:29","modified_gmt":"2026-03-17T13:37:29","slug":"perfume-masculino-lattafa-lail-al-maleki-moroccan-blue-edp-100ml","status":"publish","type":"product","link":"https:\/\/brandss.com.py\/index\/producto\/perfume-masculino-lattafa-lail-al-maleki-moroccan-blue-edp-100ml\/","title":{"rendered":"PERFUME MASCULINO LATTAFA LAIL AL MALEKI MOROCCAN BLUE EDP 100ML"},"content":{"rendered":"<p><img loading=\"lazy\" decoding=\"async\" class=\"\" src=\"https:\/\/myscentjourney.s3.us-east-2.amazonaws.com\/2022\/02\/14\/29KIascent_j_marca_1644871114_202.png\" alt=\"MSJ::LATTAFA\" width=\"86\" height=\"102\" \/><\/p>\n<h1>LAIL AL MALEKI MOROCCAN BLUE<\/h1>\n<p>Una noche m\u00e1gica en los zocos de Marruecos, donde las especias flotan en el aire y la seducci\u00f3n es inevitable. Esta fragancia envuelve con un aura misteriosa, sensual y poderosa, dise\u00f1ada para quienes buscan dejar una impresi\u00f3n inolvidable. Es la esencia de la elegancia ex\u00f3tica en cada gota.<\/p>\n<p>Sum\u00e9rgete en un mundo de lujo real con Lail Maleki Moroccan Blue, una fragancia unisex rica que evoca misterio, sofisticaci\u00f3n y elegancia. Con su audaz composici\u00f3n oriental y su impactante presentaci\u00f3n, esta fragancia es perfecta tanto para hombres como para mujeres que aprecian el lujo y la profundidad. Ideal para noches, eventos especiales y temporadas m\u00e1s frescas, aporta una presencia opulenta a cualquier ambiente.<img loading=\"lazy\" decoding=\"async\" class=\"alignleft\" src=\"https:\/\/d1a9qnv764bsoo.cloudfront.net\/stores\/005\/164\/317\/rte\/moroccan.jpg\" width=\"503\" height=\"503\" \/><\/p>\n<h3>Notas Olfativas<\/h3>\n<p><span dir=\"auto\">Esta fragancia se abre con una combinaci\u00f3n fresca y vigorizante de c\u00edtricos, bergamota y especias arom\u00e1ticas, que le da un comienzo brillante y c\u00edtrico. <\/span><\/p>\n<p><span dir=\"auto\">El coraz\u00f3n presenta una delicada mezcla de notas florales, \u00e1mbar c\u00e1lido y almizcle sensual, que le aporta profundidad y sofisticaci\u00f3n. <\/span><\/p>\n<p><span dir=\"auto\">La base revela una rica mezcla de oud, s\u00e1ndalo y pachul\u00ed, creando un final audaz y amaderado que perdura. Perfecta para quienes disfrutan de una fragancia din\u00e1mica con un equilibrio de c\u00edtricos frescos, calidez floral y profundos matices amaderados.\u00a0<\/span><\/p>\n<p><strong><span dir=\"auto\">Notas de salida:\u00a0<\/span><\/strong><span dir=\"auto\">\u00a0c\u00edtricos, bergamota, especias arom\u00e1ticas.<\/span><br \/>\n<strong><span dir=\"auto\">Notas de coraz\u00f3n:<\/span><\/strong><span dir=\"auto\">\u00a0mezclas florales, \u00e1mbar, almizcle.<\/span><br \/>\n<strong><span dir=\"auto\">Notas de fondo:<\/span><\/strong><span dir=\"auto\">\u00a0oud, s\u00e1ndalo, pachul\u00ed.<\/span><\/p>\n","protected":false},"excerpt":{"rendered":"<p>LAIL AL MALEKI MOROCCAN BLUE Una noche m\u00e1gica en los zocos de Marruecos, donde las especias flotan en el aire<\/p>\n","protected":false},"featured_media":94241,"comment_status":"open","ping_status":"closed","template":"","meta":{"nf_dc_page":""},"product_brand":[109],"product_cat":[84],"product_tag":[1520],"class_list":{"0":"post-94240","1":"product","2":"type-product","3":"status-publish","4":"has-post-thumbnail","6":"product_brand-lattafa","7":"product_cat-perfumeria","8":"product_tag-1520","10":"first","11":"instock","12":"shipping-taxable","13":"purchasable","14":"product-type-simple"},"_links":{"self":[{"href":"https:\/\/brandss.com.py\/index\/wp-json\/wp\/v2\/product\/94240","targetHints":{"allow":["GET"]}}],"collection":[{"href":"https:\/\/brandss.com.py\/index\/wp-json\/wp\/v2\/product"}],"about":[{"href":"https:\/\/brandss.com.py\/index\/wp-json\/wp\/v2\/types\/product"}],"replies":[{"embeddable":true,"href":"https:\/\/brandss.com.py\/index\/wp-json\/wp\/v2\/comments?post=94240"}],"version-history":[{"count":2,"href":"https:\/\/brandss.com.py\/index\/wp-json\/wp\/v2\/product\/94240\/revisions"}],"predecessor-version":[{"id":94248,"href":"https:\/\/brandss.com.py\/index\/wp-json\/wp\/v2\/product\/94240\/revisions\/94248"}],"wp:featuredmedia":[{"embeddable":true,"href":"https:\/\/brandss.com.py\/index\/wp-json\/wp\/v2\/media\/94241"}],"wp:attachment":[{"href":"https:\/\/brandss.com.py\/index\/wp-json\/wp\/v2\/media?parent=94240"}],"wp:term":[{"taxonomy":"product_brand","embeddable":true,"href":"https:\/\/brandss.com.py\/index\/wp-json\/wp\/v2\/product_brand?post=94240"},{"taxonomy":"product_cat","embeddable":true,"href":"https:\/\/brandss.com.py\/index\/wp-json\/wp\/v2\/product_cat?post=94240"},{"taxonomy":"product_tag","embeddable":true,"href":"https:\/\/brandss.com.py\/index\/wp-json\/wp\/v2\/product_tag?post=94240"}],"curies":[{"name":"wp","href":"https:\/\/api.w.org\/{rel}","templated":true}]}}