{"id":94285,"date":"2025-11-28T14:39:54","date_gmt":"2025-11-28T14:39:54","guid":{"rendered":"https:\/\/brandss.com.py\/index\/?post_type=product&#038;p=94285"},"modified":"2025-11-28T14:46:33","modified_gmt":"2025-11-28T14:46:33","slug":"perfume-unisex-armaf-uniq-oud-forever-edp-100ml","status":"publish","type":"product","link":"https:\/\/brandss.com.py\/index\/producto\/perfume-unisex-armaf-uniq-oud-forever-edp-100ml\/","title":{"rendered":"PERFUME UNISEX ARMAF UNIQ OUD FOREVER EDP 100ML"},"content":{"rendered":"<p><img loading=\"lazy\" decoding=\"async\" class=\"\" src=\"https:\/\/vectorseek.com\/wp-content\/uploads\/2023\/12\/ARMAF-Logo-Vector.svg--300x300.png\" alt=\"ARMAF Logo PNG, SVG, AI Vector \u2013 Free Download\" width=\"89\" height=\"89\" \/><\/p>\n<h1>UNIQ OUD FOREVER<\/h1>\n<p class=\"\" data-start=\"172\" data-end=\"491\"><span dir=\"auto\">Sum\u00e9rgete en la elegancia atemporal con Uniq Oud Forever, un lujoso Eau de Parfum creado para quienes aprecian la sofisticaci\u00f3n audaz. Este vaporizador revela una inolvidable mezcla de oud intenso, especias c\u00e1lidas y profundas notas amaderadas, convirti\u00e9ndolo en el aroma distintivo perfecto para noches u ocasiones especiales.<img loading=\"lazy\" decoding=\"async\" class=\"alignleft\" src=\"https:\/\/zaoud.it\/cdn\/shop\/files\/UNIQ-OUD-FOREVER-perfume-bottle-surrounded-with-spices-and-amber-against-white-background.jpg?v=1734085387&amp;width=990\" width=\"459\" height=\"574\" \/><\/span><\/p>\n<p class=\"\" data-start=\"493\" data-end=\"719\"><span dir=\"auto\">Dise\u00f1ado para personas seguras de s\u00ed mismas y carism\u00e1ticas, Uniq Oud Forever deja una estela potente que perdura mucho despu\u00e9s de salir de la habitaci\u00f3n. Presentado en un elegante frasco con personalidad, es m\u00e1s que una fragancia: es una declaraci\u00f3n de estilo.<\/span><\/p>\n<h3 data-start=\"493\" data-end=\"719\">Notas Olfativas<\/h3>\n<p>&nbsp;<\/p>\n<p><span dir=\"auto\">La fragancia\u00a0<\/span><span dir=\"auto\">se abre<\/span><span dir=\"auto\">\u00a0con una vibrante y especiada mezcla de\u00a0\u00a0<\/span><span dir=\"auto\">pimienta rosa, bergamota, cardamomo y azafr\u00e1n<\/span><span dir=\"auto\">. La pimienta rosa aporta un toque chispeante y energ\u00e9tico, mientras que la bergamota aporta un matiz c\u00edtrico refrescante y \u00e1cido. El cardamomo aporta una faceta c\u00e1lida y arom\u00e1tica, mientras que el azafr\u00e1n a\u00f1ade un toque de especias suntuosas y un sutil matiz a cuero.<\/span><\/p>\n<p><span dir=\"auto\">En segundo lugar, el\u00a0<\/span><span dir=\"auto\">coraz\u00f3n<\/span><span dir=\"auto\">\u00a0de la fragancia florece con una cautivadora mezcla de\u00a0\u00a0<\/span><span dir=\"auto\">cipriol, osmanto y jazm\u00edn<\/span><span dir=\"auto\">. El cipriol, una planta herb\u00e1cea con un aroma amaderado y terroso, aporta profundidad y complejidad. El osmanto aporta una nota floral dulce y afrutada con matices de albaricoque, mientras que el jazm\u00edn a\u00f1ade un toque de embriagadora dulzura floral.<\/span><\/p>\n<p><span dir=\"auto\">Finalmente, la\u00a0<\/span><span dir=\"auto\">base<\/span><span dir=\"auto\">\u00a0proporciona una base c\u00e1lida y sensual con\u00a0<\/span><span dir=\"auto\">notas de ambrox\u00e1n, ambrocenida, pachul\u00ed y cachemira<\/span><span dir=\"auto\">. El ambrox\u00e1n y la ambrocenida aportan una faceta ambarada moderna y seductora, mientras que el pachul\u00ed aporta un toque terroso y relajante. La cachemira, con su aroma c\u00e1lido y amaderado, crea, por ejemplo, una base relajante y sensual.<\/span><\/p>\n<p>&nbsp;<\/p>\n<p><strong>Notas de salida:<\/strong>\u00a0pimienta rosa, bergamota, cardamomo, azafr\u00e1n.<br \/>\n<strong>Notas de coraz\u00f3n:<\/strong> cipriol, osmanto, jazm\u00edn.<br \/>\n<strong>Notas de fondo:<\/strong> Ambroxan, Ambrocenida, Pachul\u00ed, Cachemira.<\/p>\n","protected":false},"excerpt":{"rendered":"<p>UNIQ OUD FOREVER Sum\u00e9rgete en la elegancia atemporal con Uniq Oud Forever, un lujoso Eau de Parfum creado para quienes<\/p>\n","protected":false},"featured_media":94286,"comment_status":"open","ping_status":"closed","template":"","meta":{"nf_dc_page":""},"product_brand":[106],"product_cat":[84],"product_tag":[1542],"class_list":{"0":"post-94285","1":"product","2":"type-product","3":"status-publish","4":"has-post-thumbnail","6":"product_brand-armaf","7":"product_cat-perfumeria","8":"product_tag-1542","10":"first","11":"instock","12":"shipping-taxable","13":"purchasable","14":"product-type-simple"},"_links":{"self":[{"href":"https:\/\/brandss.com.py\/index\/wp-json\/wp\/v2\/product\/94285","targetHints":{"allow":["GET"]}}],"collection":[{"href":"https:\/\/brandss.com.py\/index\/wp-json\/wp\/v2\/product"}],"about":[{"href":"https:\/\/brandss.com.py\/index\/wp-json\/wp\/v2\/types\/product"}],"replies":[{"embeddable":true,"href":"https:\/\/brandss.com.py\/index\/wp-json\/wp\/v2\/comments?post=94285"}],"version-history":[{"count":3,"href":"https:\/\/brandss.com.py\/index\/wp-json\/wp\/v2\/product\/94285\/revisions"}],"predecessor-version":[{"id":94296,"href":"https:\/\/brandss.com.py\/index\/wp-json\/wp\/v2\/product\/94285\/revisions\/94296"}],"wp:featuredmedia":[{"embeddable":true,"href":"https:\/\/brandss.com.py\/index\/wp-json\/wp\/v2\/media\/94286"}],"wp:attachment":[{"href":"https:\/\/brandss.com.py\/index\/wp-json\/wp\/v2\/media?parent=94285"}],"wp:term":[{"taxonomy":"product_brand","embeddable":true,"href":"https:\/\/brandss.com.py\/index\/wp-json\/wp\/v2\/product_brand?post=94285"},{"taxonomy":"product_cat","embeddable":true,"href":"https:\/\/brandss.com.py\/index\/wp-json\/wp\/v2\/product_cat?post=94285"},{"taxonomy":"product_tag","embeddable":true,"href":"https:\/\/brandss.com.py\/index\/wp-json\/wp\/v2\/product_tag?post=94285"}],"curies":[{"name":"wp","href":"https:\/\/api.w.org\/{rel}","templated":true}]}}