{"id":94363,"date":"2025-11-29T16:54:23","date_gmt":"2025-11-29T16:54:23","guid":{"rendered":"https:\/\/brandss.com.py\/index\/?post_type=product&#038;p=94363"},"modified":"2025-11-29T16:54:58","modified_gmt":"2025-11-29T16:54:58","slug":"perfume-unisex-volare-arctic-breeze-edp-100ml","status":"publish","type":"product","link":"https:\/\/brandss.com.py\/index\/producto\/perfume-unisex-volare-arctic-breeze-edp-100ml\/","title":{"rendered":"PERFUME UNISEX VOLAR\u00c9 ARCTIC BREEZE EDP 100ML"},"content":{"rendered":"<p><img loading=\"lazy\" decoding=\"async\" class=\"\" src=\"https:\/\/bestperfumesmiami.com\/cdn\/shop\/collections\/Volare_Logo_-_Edited_1.png?v=1747240421\" alt=\"Volar\u00e9 \u2013 Best Perfumes Miami\" width=\"115\" height=\"115\" \/><\/p>\n<h1>ARCTIC BREEZE<\/h1>\n<p>Es una fragancia refrescante que captura la esencia de un viento fresco y vigorizante que recorre un paisaje soleado. <span dir=\"auto\">Arctic Breeze<\/span><span dir=\"auto\">\u00a0es una fragancia fresca, en\u00e9rgica y vigorizante, donde c\u00edtricos y especias vibrantes se fusionan con una base moderna, ahumada y c\u00e1lida. Esta fragancia est\u00e1 creada para quienes aman el aire fresco, la frescura y un car\u00e1cter vibrante y tonificante.\u00a0<\/span><\/p>\n<p><span dir=\"auto\">Arctic Breeze es un perfume en\u00e9rgico, elegante y moderno que combina armoniosamente la frescura c\u00edtrica, la calidez especiada y la profundidad amaderada-bals\u00e1mica. Su excepcional longevidad y proyecci\u00f3n lo convierten en una opci\u00f3n ideal para el d\u00eda a d\u00eda y para ocasiones especiales.<img loading=\"lazy\" decoding=\"async\" class=\"alignleft\" src=\"https:\/\/i.ebayimg.com\/images\/g\/7tMAAeSwIcdnp6mB\/s-l960.webp\" width=\"519\" height=\"572\" \/><\/span><\/p>\n<p><span dir=\"auto\">Arctic Breeze captura la esencia del hielo, la nieve y los paisajes v\u00edrgenes de las regiones \u00e1rticas. Este aroma evoca un viento helado que barre vastas extensiones de nieve, aportando una sensaci\u00f3n de pureza y frescura. Su composici\u00f3n combina notas frescas, florales y amaderadas para crear un equilibrio perfecto entre la audacia del \u00e1rtico y la suavidad de una atm\u00f3sfera helada. Arctic Breeze es una invitaci\u00f3n a la evasi\u00f3n, al descubrimiento de paisajes helados y a una experiencia sensorial revitalizante.<\/span><\/p>\n<p>&nbsp;<\/p>\n<h3>Notas Olfativas<\/h3>\n<p>&nbsp;<\/p>\n<p><span dir=\"auto\">Se abre con una vibrante mezcla de cidra, bergamota de calabria y naranja siciliana, creando una estimulante sinfon\u00eda c\u00edtrica que despierta los sentidos. El coraz\u00f3n revela un c\u00e1lido y especiado aroma de jengibre nigeriano, neroli de t\u00fanez y canela de ceil\u00e1n, que aporta profundidad y complejidad a la fragancia. <\/span><\/p>\n<p><span dir=\"auto\">Al asentarse, las notas de fondo de t\u00e9 negro chino, ambroxan, madera de guayaco y ol\u00edbano proporcionan un final relajante y relajante, que encarna la tranquilidad de una serena escapada \u00e1rtica. Esta elegante fusi\u00f3n de frescura y calidez convierte a Arctic Breeze en una fragancia vers\u00e1til, perfecta tanto para el d\u00eda como para la noche, permiti\u00e9ndote disfrutar de la frescura y la calidez de la naturaleza en una exquisita botella.<\/span><\/p>\n<p><span style=\"color: #000000\"><strong><span dir=\"auto\">Notas de salida:\u00a0<\/span><\/strong><\/span><span dir=\"auto\">cidra, bergamota de calabria, naranja siciliana.<\/span><\/p>\n<p><span style=\"color: #000000\"><strong><span dir=\"auto\">Notas de coraz\u00f3n:<\/span><\/strong>\u00a0<\/span><span dir=\"auto\">jengibre nigeriano, neroli tunecino, canela de ceil\u00e1n.<\/span><\/p>\n<p><span style=\"color: #000000\"><strong><span dir=\"auto\">Notas de fondo:\u00a0<\/span><\/strong><\/span><span dir=\"auto\">t\u00e9 negro chino, ambroxan, madera de guayaco, ol\u00edbano.<\/span><\/p>\n","protected":false},"excerpt":{"rendered":"<p>ARCTIC BREEZE Es una fragancia refrescante que captura la esencia de un viento fresco y vigorizante que recorre un paisaje<\/p>\n","protected":false},"featured_media":94364,"comment_status":"open","ping_status":"closed","template":"","meta":{"nf_dc_page":""},"product_brand":[1550],"product_cat":[84],"product_tag":[1552],"class_list":{"0":"post-94363","1":"product","2":"type-product","3":"status-publish","4":"has-post-thumbnail","6":"product_brand-volare","7":"product_cat-perfumeria","8":"product_tag-1552","10":"first","11":"instock","12":"shipping-taxable","13":"purchasable","14":"product-type-simple"},"_links":{"self":[{"href":"https:\/\/brandss.com.py\/index\/wp-json\/wp\/v2\/product\/94363","targetHints":{"allow":["GET"]}}],"collection":[{"href":"https:\/\/brandss.com.py\/index\/wp-json\/wp\/v2\/product"}],"about":[{"href":"https:\/\/brandss.com.py\/index\/wp-json\/wp\/v2\/types\/product"}],"replies":[{"embeddable":true,"href":"https:\/\/brandss.com.py\/index\/wp-json\/wp\/v2\/comments?post=94363"}],"version-history":[{"count":1,"href":"https:\/\/brandss.com.py\/index\/wp-json\/wp\/v2\/product\/94363\/revisions"}],"predecessor-version":[{"id":94368,"href":"https:\/\/brandss.com.py\/index\/wp-json\/wp\/v2\/product\/94363\/revisions\/94368"}],"wp:featuredmedia":[{"embeddable":true,"href":"https:\/\/brandss.com.py\/index\/wp-json\/wp\/v2\/media\/94364"}],"wp:attachment":[{"href":"https:\/\/brandss.com.py\/index\/wp-json\/wp\/v2\/media?parent=94363"}],"wp:term":[{"taxonomy":"product_brand","embeddable":true,"href":"https:\/\/brandss.com.py\/index\/wp-json\/wp\/v2\/product_brand?post=94363"},{"taxonomy":"product_cat","embeddable":true,"href":"https:\/\/brandss.com.py\/index\/wp-json\/wp\/v2\/product_cat?post=94363"},{"taxonomy":"product_tag","embeddable":true,"href":"https:\/\/brandss.com.py\/index\/wp-json\/wp\/v2\/product_tag?post=94363"}],"curies":[{"name":"wp","href":"https:\/\/api.w.org\/{rel}","templated":true}]}}