{"id":94376,"date":"2025-11-29T18:01:44","date_gmt":"2025-11-29T18:01:44","guid":{"rendered":"https:\/\/brandss.com.py\/index\/?post_type=product&#038;p=94376"},"modified":"2026-03-18T10:31:30","modified_gmt":"2026-03-18T10:31:30","slug":"perfume-masculino-volare-paragon-of-virtue-edp-100ml","status":"publish","type":"product","link":"https:\/\/brandss.com.py\/index\/producto\/perfume-masculino-volare-paragon-of-virtue-edp-100ml\/","title":{"rendered":"PERFUME MASCULINO VOLAR\u00c9 PARAGON OF VIRTUE EDP 100ML"},"content":{"rendered":"<p><img loading=\"lazy\" decoding=\"async\" class=\"\" src=\"https:\/\/bestperfumesmiami.com\/cdn\/shop\/collections\/Volare_Logo_-_Edited_1.png?v=1747240421\" alt=\"Volar\u00e9 \u2013 Best Perfumes Miami\" width=\"104\" height=\"104\" \/><\/p>\n<h1>PARAGON OF VIRTUE<\/h1>\n<p><span dir=\"auto\">Descubre\u00a0<\/span><span dir=\"auto\">Paragon Of Virtue<\/span><span dir=\"auto\">, una fragancia potente y refinada, especialmente dise\u00f1ada para hombres. Este perfume encarna la elegancia y la fuerza con una composici\u00f3n olfativa que combina calidez, suavidad y sofisticaci\u00f3n, perfecta para el hombre moderno. Encontrar\u00e1 encanto y seducci\u00f3n en una sola fragancia, Paragon Of Virtue. Esta magn\u00edfica creaci\u00f3n sublimar\u00e1 sus sentidos y su aura, aport\u00e1ndole seducci\u00f3n y carisma.<\/span><\/p>\n<p>&nbsp;<\/p>\n<h3>Notas Olfativas<\/h3>\n<p>&nbsp;<\/p>\n<p><span dir=\"auto\">Paragon of Virtue es una fragancia lujosa y opulenta que se abre con el c\u00e1lido y acogedor aroma del co\u00f1ac, envolvi\u00e9ndote al instante en su rica y embriagadora seducci\u00f3n. El coraz\u00f3n revela una cautivadora mezcla de canela, haba tonka, roble y hediona, creando una esencia reconfortante y ligeramente especiada que irradia sofisticaci\u00f3n. A medida que evoluciona, las notas de fondo de vainilla cremosa, pralin\u00e9 exquisito, s\u00e1ndalo suave y almendra confitada proporcionan un final dulce y placentero que perdura con elegancia en la piel. Esta fragancia encarna un equilibrio perfecto entre fuerza y \u200b\u200bdulzura, lo que la convierte en una opci\u00f3n exquisita para quienes buscan una fragancia distintiva, refinada y memorable, ideal para la noche o para ocasiones especiales.<\/span><\/p>\n<p><strong><span dir=\"auto\">Notas de salida: <\/span><\/strong><span dir=\"auto\">co\u00f1ac.<\/span><\/p>\n<p><strong><span dir=\"auto\">Notas de coraz\u00f3n:\u00a0<\/span><\/strong><span dir=\"auto\">canela, haba tonka, roble, hediona.<\/span><\/p>\n<p><strong><span dir=\"auto\">Notas de fondo:\u00a0<\/span><\/strong><span dir=\"auto\">vainilla, pralin\u00e9, s\u00e1ndalo, almendra confitada.<\/span><\/p>\n","protected":false},"excerpt":{"rendered":"<p>PARAGON OF VIRTUE Descubre\u00a0Paragon Of Virtue, una fragancia potente y refinada, especialmente dise\u00f1ada para hombres. Este perfume encarna la elegancia<\/p>\n","protected":false},"featured_media":94377,"comment_status":"open","ping_status":"closed","template":"","meta":{"nf_dc_page":""},"product_brand":[1550],"product_cat":[84],"product_tag":[1554],"class_list":{"0":"post-94376","1":"product","2":"type-product","3":"status-publish","4":"has-post-thumbnail","6":"product_brand-volare","7":"product_cat-perfumeria","8":"product_tag-1554","10":"first","11":"instock","12":"sale","13":"shipping-taxable","14":"purchasable","15":"product-type-simple"},"_links":{"self":[{"href":"https:\/\/brandss.com.py\/index\/wp-json\/wp\/v2\/product\/94376","targetHints":{"allow":["GET"]}}],"collection":[{"href":"https:\/\/brandss.com.py\/index\/wp-json\/wp\/v2\/product"}],"about":[{"href":"https:\/\/brandss.com.py\/index\/wp-json\/wp\/v2\/types\/product"}],"replies":[{"embeddable":true,"href":"https:\/\/brandss.com.py\/index\/wp-json\/wp\/v2\/comments?post=94376"}],"version-history":[{"count":1,"href":"https:\/\/brandss.com.py\/index\/wp-json\/wp\/v2\/product\/94376\/revisions"}],"predecessor-version":[{"id":94379,"href":"https:\/\/brandss.com.py\/index\/wp-json\/wp\/v2\/product\/94376\/revisions\/94379"}],"wp:featuredmedia":[{"embeddable":true,"href":"https:\/\/brandss.com.py\/index\/wp-json\/wp\/v2\/media\/94377"}],"wp:attachment":[{"href":"https:\/\/brandss.com.py\/index\/wp-json\/wp\/v2\/media?parent=94376"}],"wp:term":[{"taxonomy":"product_brand","embeddable":true,"href":"https:\/\/brandss.com.py\/index\/wp-json\/wp\/v2\/product_brand?post=94376"},{"taxonomy":"product_cat","embeddable":true,"href":"https:\/\/brandss.com.py\/index\/wp-json\/wp\/v2\/product_cat?post=94376"},{"taxonomy":"product_tag","embeddable":true,"href":"https:\/\/brandss.com.py\/index\/wp-json\/wp\/v2\/product_tag?post=94376"}],"curies":[{"name":"wp","href":"https:\/\/api.w.org\/{rel}","templated":true}]}}