{"id":94553,"date":"2025-12-04T17:00:09","date_gmt":"2025-12-04T17:00:09","guid":{"rendered":"https:\/\/brandss.com.py\/index\/?post_type=product&#038;p=94553"},"modified":"2025-12-04T17:01:34","modified_gmt":"2025-12-04T17:01:34","slug":"emulsion-facial-wetcode-hydro-boots-h11-space-spirulina","status":"publish","type":"product","link":"https:\/\/brandss.com.py\/index\/producto\/emulsion-facial-wetcode-hydro-boots-h11-space-spirulina\/","title":{"rendered":"EMULSI\u00d3N FACIAL WETCODE HYDRO BOOTS H11 SPACE SPIRULINA"},"content":{"rendered":"<p><img loading=\"lazy\" decoding=\"async\" class=\"\" src=\"https:\/\/wochuancare.com\/wp-content\/uploads\/2025\/11\/wetcode.webp\" alt=\"Belleza &amp; Fabricante de electrodom\u00e9sticos de cuidado personal | Wochuan\" width=\"161\" height=\"92\" \/><\/p>\n<h1>HYDRO BOOTS H11 SPACE SPIRULINA<\/h1>\n<p class=\"QN2lPu\"><span dir=\"auto\">Contiene agua de las monta\u00f1as alpinas y es rico en provitamina B5 que puede mantener y nutrir la piel del rostro, y hay una mezcla de aceite de oliva y extracto de planta de espirulina desarrollada en el espacio para ayudar a suavizar e hidratar la piel del rostro<\/span><\/p>\n<h5 class=\"QN2lPu\"><span dir=\"auto\">Ingredientes principales:<\/span><\/h5>\n<p class=\"QN2lPu\"><span dir=\"auto\"><strong>H11 SPACE SPIRULINA:<\/strong> Contiene extracto de planta de espirulina para ayudar a que la piel del rostro est\u00e9 m\u00e1s hidratada, suave y humectada.<\/span><\/p>\n<p class=\"QN2lPu\"><span dir=\"auto\"><strong>Ceramida:<\/strong> Penetra en las capas m\u00e1s profundas de la piel y la mantiene hidratada.<\/span><\/p>\n<p class=\"QN2lPu\"><span dir=\"auto\"><strong>Escualano x Provitamina B5:<\/strong> Mantiene y nutre la piel del rostro para mantenerla suave, tersa y luminosa.<\/span><\/p>\n<p class=\"QN2lPu\">\n<h4 class=\"QN2lPu\"><span dir=\"auto\">Beneficio:<\/span><\/h4>\n<p class=\"QN2lPu\"><span dir=\"auto\">Antienvejecimiento.<\/span><\/p>\n<p class=\"QN2lPu\"><span dir=\"auto\">Hidrata y humecta el rostro.<\/span><\/p>\n<p class=\"QN2lPu\"><span dir=\"auto\">Nutre y ayuda a atenuar las manchas oscuras.<\/span><\/p>\n<p class=\"QN2lPu\"><span dir=\"auto\">Mantiene la piel del rostro suave y tersa.<\/span><\/p>\n<p class=\"QN2lPu\"><span dir=\"auto\">Aclarar.<\/span><\/p>\n<h5 class=\"QN2lPu\"><span dir=\"auto\">Modo de empleo:<\/span><\/h5>\n<p class=\"QN2lPu\"><span dir=\"auto\">\u00daselo despu\u00e9s de limpiar su rostro y usar el t\u00f3nico, vierta suficiente en la palma de la mano, aplique y masajee suavemente sobre su rostro y cuello de manera uniforme hasta que el producto se absorba por completo.<\/span><\/p>\n","protected":false},"excerpt":{"rendered":"<p>HYDRO BOOTS H11 SPACE SPIRULINA Contiene agua de las monta\u00f1as alpinas y es rico en provitamina B5 que puede mantener<\/p>\n","protected":false},"featured_media":94554,"comment_status":"open","ping_status":"closed","template":"","meta":{"nf_dc_page":""},"product_brand":[926],"product_cat":[104],"product_tag":[1589],"class_list":{"0":"post-94553","1":"product","2":"type-product","3":"status-publish","4":"has-post-thumbnail","6":"product_brand-wetcode","7":"product_cat-skin-care","8":"product_tag-1589","10":"first","11":"instock","12":"shipping-taxable","13":"purchasable","14":"product-type-simple"},"_links":{"self":[{"href":"https:\/\/brandss.com.py\/index\/wp-json\/wp\/v2\/product\/94553","targetHints":{"allow":["GET"]}}],"collection":[{"href":"https:\/\/brandss.com.py\/index\/wp-json\/wp\/v2\/product"}],"about":[{"href":"https:\/\/brandss.com.py\/index\/wp-json\/wp\/v2\/types\/product"}],"replies":[{"embeddable":true,"href":"https:\/\/brandss.com.py\/index\/wp-json\/wp\/v2\/comments?post=94553"}],"version-history":[{"count":1,"href":"https:\/\/brandss.com.py\/index\/wp-json\/wp\/v2\/product\/94553\/revisions"}],"predecessor-version":[{"id":94561,"href":"https:\/\/brandss.com.py\/index\/wp-json\/wp\/v2\/product\/94553\/revisions\/94561"}],"wp:featuredmedia":[{"embeddable":true,"href":"https:\/\/brandss.com.py\/index\/wp-json\/wp\/v2\/media\/94554"}],"wp:attachment":[{"href":"https:\/\/brandss.com.py\/index\/wp-json\/wp\/v2\/media?parent=94553"}],"wp:term":[{"taxonomy":"product_brand","embeddable":true,"href":"https:\/\/brandss.com.py\/index\/wp-json\/wp\/v2\/product_brand?post=94553"},{"taxonomy":"product_cat","embeddable":true,"href":"https:\/\/brandss.com.py\/index\/wp-json\/wp\/v2\/product_cat?post=94553"},{"taxonomy":"product_tag","embeddable":true,"href":"https:\/\/brandss.com.py\/index\/wp-json\/wp\/v2\/product_tag?post=94553"}],"curies":[{"name":"wp","href":"https:\/\/api.w.org\/{rel}","templated":true}]}}