{"id":94618,"date":"2025-12-06T10:50:59","date_gmt":"2025-12-06T10:50:59","guid":{"rendered":"https:\/\/brandss.com.py\/index\/?post_type=product&#038;p=94618"},"modified":"2026-04-04T10:07:37","modified_gmt":"2026-04-04T10:07:37","slug":"perfume-femenino-thoq-al-hawamer-suave-edp-100ml","status":"publish","type":"product","link":"https:\/\/brandss.com.py\/index\/producto\/perfume-femenino-thoq-al-hawamer-suave-edp-100ml\/","title":{"rendered":"PERFUME FEMENINO THOQ AL HAWAMER SUAVE EDP 100ML"},"content":{"rendered":"<p><img loading=\"lazy\" decoding=\"async\" class=\"\" src=\"https:\/\/mazyadmall.com\/media\/51531\/thoq-al-hawamer_296x230.png?anchor=center&amp;mode=crop&amp;width=220&amp;height=125&amp;rnd=133554808820000000\" alt=\"Thouq Al Hawameer | Mazyad Mall | First Shopping Mall of Mohamed Bin Zayed  City, near Mussaffah, the \u201cNew Downtown\u201d of Abu Dhabi | UAE. | Your  Neighborhood Mall\" width=\"90\" height=\"51\" \/><\/p>\n<h1>SUAVE<\/h1>\n<p>Es una fragancia delicada y sofisticada, creada para mujeres que prefieren aromas suaves y discretos. Con sus ligeras notas florales, sutiles toques frutales y un fondo ligeramente amaderado, ofrece una frescura equilibrada y una elegancia natural durante todo el d\u00eda. Ideal para uso diario o en climas c\u00e1lidos, proporciona una sensaci\u00f3n de ligereza y bienestar sin resultar abrumadora. Una opci\u00f3n refinada para quienes buscan un encanto discreto y una calidad \u00e1rabe accesible.<\/p>\n","protected":false},"excerpt":{"rendered":"<p>SUAVE Es una fragancia delicada y sofisticada, creada para mujeres que prefieren aromas suaves y discretos. Con sus ligeras notas<\/p>\n","protected":false},"featured_media":94619,"comment_status":"open","ping_status":"closed","template":"","meta":{"nf_dc_page":""},"product_brand":[1602],"product_cat":[84],"product_tag":[1614],"class_list":{"0":"post-94618","1":"product","2":"type-product","3":"status-publish","4":"has-post-thumbnail","6":"product_brand-thoq-al-hawamer","7":"product_cat-perfumeria","8":"product_tag-1614","10":"first","11":"instock","12":"sale","13":"shipping-taxable","14":"purchasable","15":"product-type-simple"},"_links":{"self":[{"href":"https:\/\/brandss.com.py\/index\/wp-json\/wp\/v2\/product\/94618","targetHints":{"allow":["GET"]}}],"collection":[{"href":"https:\/\/brandss.com.py\/index\/wp-json\/wp\/v2\/product"}],"about":[{"href":"https:\/\/brandss.com.py\/index\/wp-json\/wp\/v2\/types\/product"}],"replies":[{"embeddable":true,"href":"https:\/\/brandss.com.py\/index\/wp-json\/wp\/v2\/comments?post=94618"}],"version-history":[{"count":1,"href":"https:\/\/brandss.com.py\/index\/wp-json\/wp\/v2\/product\/94618\/revisions"}],"predecessor-version":[{"id":94621,"href":"https:\/\/brandss.com.py\/index\/wp-json\/wp\/v2\/product\/94618\/revisions\/94621"}],"wp:featuredmedia":[{"embeddable":true,"href":"https:\/\/brandss.com.py\/index\/wp-json\/wp\/v2\/media\/94619"}],"wp:attachment":[{"href":"https:\/\/brandss.com.py\/index\/wp-json\/wp\/v2\/media?parent=94618"}],"wp:term":[{"taxonomy":"product_brand","embeddable":true,"href":"https:\/\/brandss.com.py\/index\/wp-json\/wp\/v2\/product_brand?post=94618"},{"taxonomy":"product_cat","embeddable":true,"href":"https:\/\/brandss.com.py\/index\/wp-json\/wp\/v2\/product_cat?post=94618"},{"taxonomy":"product_tag","embeddable":true,"href":"https:\/\/brandss.com.py\/index\/wp-json\/wp\/v2\/product_tag?post=94618"}],"curies":[{"name":"wp","href":"https:\/\/api.w.org\/{rel}","templated":true}]}}