{"id":94630,"date":"2025-12-06T14:29:11","date_gmt":"2025-12-06T14:29:11","guid":{"rendered":"https:\/\/brandss.com.py\/index\/?post_type=product&#038;p=94630"},"modified":"2026-01-22T13:40:01","modified_gmt":"2026-01-22T13:40:01","slug":"perfume-masculino-thoq-al-hawamer-arabi-edp-100ml","status":"publish","type":"product","link":"https:\/\/brandss.com.py\/index\/producto\/perfume-masculino-thoq-al-hawamer-arabi-edp-100ml\/","title":{"rendered":"PERFUME MASCULINO THOQ AL HAWAMER ARABI EDP 100ML"},"content":{"rendered":"<p><img loading=\"lazy\" decoding=\"async\" class=\"\" src=\"https:\/\/mazyadmall.com\/media\/51531\/thoq-al-hawamer_296x230.png?anchor=center&amp;mode=crop&amp;width=220&amp;height=125&amp;rnd=133554808820000000\" alt=\"Thouq Al Hawameer | Mazyad Mall | First Shopping Mall of Mohamed Bin Zayed City, near Mussaffah, the \u201cNew Downtown\u201d of Abu Dhabi | UAE. | Your Neighborhood Mall\" width=\"88\" height=\"50\" \/><\/p>\n<h1>ARABI<\/h1>\n<p>Es una fragancia masculina que celebra el poder de la perfumer\u00eda \u00e1rabe con su sello distintivo y cautivador. Dise\u00f1ado para hombres que buscan una fragancia con car\u00e1cter, Arabi ofrece una presencia olfativa refinada que destaca en cualquier ocasi\u00f3n. Su composici\u00f3n revela refinamiento desde el primer contacto, evolucionando de forma equilibrada con el uso, con una fijaci\u00f3n duradera y una estela encantadora. Ideal para quienes buscan una fragancia con una personalidad impactante que refleje estilo, masculinidad y sofisticaci\u00f3n.<\/p>\n","protected":false},"excerpt":{"rendered":"<p>ARABI Es una fragancia masculina que celebra el poder de la perfumer\u00eda \u00e1rabe con su sello distintivo y cautivador. Dise\u00f1ado<\/p>\n","protected":false},"featured_media":94634,"comment_status":"open","ping_status":"closed","template":"","meta":{"nf_dc_page":""},"product_brand":[1602],"product_cat":[84],"product_tag":[1617],"class_list":{"0":"post-94630","1":"product","2":"type-product","3":"status-publish","4":"has-post-thumbnail","6":"product_brand-thoq-al-hawamer","7":"product_cat-perfumeria","8":"product_tag-1617","10":"first","11":"instock","12":"sale","13":"shipping-taxable","14":"purchasable","15":"product-type-simple"},"_links":{"self":[{"href":"https:\/\/brandss.com.py\/index\/wp-json\/wp\/v2\/product\/94630","targetHints":{"allow":["GET"]}}],"collection":[{"href":"https:\/\/brandss.com.py\/index\/wp-json\/wp\/v2\/product"}],"about":[{"href":"https:\/\/brandss.com.py\/index\/wp-json\/wp\/v2\/types\/product"}],"replies":[{"embeddable":true,"href":"https:\/\/brandss.com.py\/index\/wp-json\/wp\/v2\/comments?post=94630"}],"version-history":[{"count":1,"href":"https:\/\/brandss.com.py\/index\/wp-json\/wp\/v2\/product\/94630\/revisions"}],"predecessor-version":[{"id":94633,"href":"https:\/\/brandss.com.py\/index\/wp-json\/wp\/v2\/product\/94630\/revisions\/94633"}],"wp:featuredmedia":[{"embeddable":true,"href":"https:\/\/brandss.com.py\/index\/wp-json\/wp\/v2\/media\/94634"}],"wp:attachment":[{"href":"https:\/\/brandss.com.py\/index\/wp-json\/wp\/v2\/media?parent=94630"}],"wp:term":[{"taxonomy":"product_brand","embeddable":true,"href":"https:\/\/brandss.com.py\/index\/wp-json\/wp\/v2\/product_brand?post=94630"},{"taxonomy":"product_cat","embeddable":true,"href":"https:\/\/brandss.com.py\/index\/wp-json\/wp\/v2\/product_cat?post=94630"},{"taxonomy":"product_tag","embeddable":true,"href":"https:\/\/brandss.com.py\/index\/wp-json\/wp\/v2\/product_tag?post=94630"}],"curies":[{"name":"wp","href":"https:\/\/api.w.org\/{rel}","templated":true}]}}