{"id":94648,"date":"2025-12-06T17:23:48","date_gmt":"2025-12-06T17:23:48","guid":{"rendered":"https:\/\/brandss.com.py\/index\/?post_type=product&#038;p=94648"},"modified":"2026-01-22T13:43:05","modified_gmt":"2026-01-22T13:43:05","slug":"perfume-masculino-thoq-al-hawamer-aestrela-edp-100ml","status":"publish","type":"product","link":"https:\/\/brandss.com.py\/index\/producto\/perfume-masculino-thoq-al-hawamer-aestrela-edp-100ml\/","title":{"rendered":"PERFUME MASCULINO THOQ AL HAWAMER AESTRELA EDP 100ML"},"content":{"rendered":"<p><img loading=\"lazy\" decoding=\"async\" class=\"\" src=\"https:\/\/mazyadmall.com\/media\/51531\/thoq-al-hawamer_296x230.png?anchor=center&amp;mode=crop&amp;width=220&amp;height=125&amp;rnd=133554808820000000\" alt=\"Thouq Al Hawameer | Mazyad Mall | First Shopping Mall of Mohamed Bin Zayed  City, near Mussaffah, the \u201cNew Downtown\u201d of Abu Dhabi | UAE. | Your  Neighborhood Mall\" width=\"125\" height=\"71\" \/><\/p>\n<h1>AESTRELA<\/h1>\n<p>Es una fragancia masculina que evoca la sensaci\u00f3n de las noches estrelladas de Oriente con su cautivadora y sofisticada firma olfativa. Aunque la pir\u00e1mide olfativa no est\u00e1 disponible p\u00fablicamente, bas\u00e1ndose en el patr\u00f3n de las fragancias masculinas de la marca, se presume que presenta una salida fresca y arom\u00e1tica con ligeras notas c\u00edtricas y especiadas, un coraz\u00f3n floral-amaderado y un fondo rico en \u00e1mbar, almizcle y maderas preciosas. Esta combinaci\u00f3n da como resultado un perfume equilibrado con una larga duraci\u00f3n y una estela impactante. Perfecto para la noche o para ocasiones especiales, expresando estilo, masculinidad y elegancia.<\/p>\n","protected":false},"excerpt":{"rendered":"<p>AESTRELA Es una fragancia masculina que evoca la sensaci\u00f3n de las noches estrelladas de Oriente con su cautivadora y sofisticada<\/p>\n","protected":false},"featured_media":94649,"comment_status":"open","ping_status":"closed","template":"","meta":{"nf_dc_page":""},"product_brand":[1602],"product_cat":[84],"product_tag":[1620],"class_list":{"0":"post-94648","1":"product","2":"type-product","3":"status-publish","4":"has-post-thumbnail","6":"product_brand-thoq-al-hawamer","7":"product_cat-perfumeria","8":"product_tag-1620","10":"first","11":"instock","12":"sale","13":"shipping-taxable","14":"purchasable","15":"product-type-simple"},"_links":{"self":[{"href":"https:\/\/brandss.com.py\/index\/wp-json\/wp\/v2\/product\/94648","targetHints":{"allow":["GET"]}}],"collection":[{"href":"https:\/\/brandss.com.py\/index\/wp-json\/wp\/v2\/product"}],"about":[{"href":"https:\/\/brandss.com.py\/index\/wp-json\/wp\/v2\/types\/product"}],"replies":[{"embeddable":true,"href":"https:\/\/brandss.com.py\/index\/wp-json\/wp\/v2\/comments?post=94648"}],"version-history":[{"count":1,"href":"https:\/\/brandss.com.py\/index\/wp-json\/wp\/v2\/product\/94648\/revisions"}],"predecessor-version":[{"id":94653,"href":"https:\/\/brandss.com.py\/index\/wp-json\/wp\/v2\/product\/94648\/revisions\/94653"}],"wp:featuredmedia":[{"embeddable":true,"href":"https:\/\/brandss.com.py\/index\/wp-json\/wp\/v2\/media\/94649"}],"wp:attachment":[{"href":"https:\/\/brandss.com.py\/index\/wp-json\/wp\/v2\/media?parent=94648"}],"wp:term":[{"taxonomy":"product_brand","embeddable":true,"href":"https:\/\/brandss.com.py\/index\/wp-json\/wp\/v2\/product_brand?post=94648"},{"taxonomy":"product_cat","embeddable":true,"href":"https:\/\/brandss.com.py\/index\/wp-json\/wp\/v2\/product_cat?post=94648"},{"taxonomy":"product_tag","embeddable":true,"href":"https:\/\/brandss.com.py\/index\/wp-json\/wp\/v2\/product_tag?post=94648"}],"curies":[{"name":"wp","href":"https:\/\/api.w.org\/{rel}","templated":true}]}}