{"id":94812,"date":"2025-12-12T13:11:24","date_gmt":"2025-12-12T13:11:24","guid":{"rendered":"https:\/\/brandss.com.py\/index\/?post_type=product&#038;p=94812"},"modified":"2025-12-12T13:12:23","modified_gmt":"2025-12-12T13:12:23","slug":"crema-vaselina-corporal-perfumada-ard-al-zaafaran-mukhammariya-jamid-hareem-al-sultan-20gr","status":"publish","type":"product","link":"https:\/\/brandss.com.py\/index\/producto\/crema-vaselina-corporal-perfumada-ard-al-zaafaran-mukhammariya-jamid-hareem-al-sultan-20gr\/","title":{"rendered":"CREMA VASELINA CORPORAL PERFUMADA ARD AL ZAAFARAN MUKHAMMARIYA JAMID HAREEM AL SULTAN 20GR"},"content":{"rendered":"<p><img loading=\"lazy\" decoding=\"async\" class=\"\" src=\"https:\/\/ardalzaafaranshop.com\/cdn\/shop\/files\/Ard_Al_Zaafaran_Logo_-_Edited.png?crop=center&amp;height=533&amp;v=1725426151&amp;width=415\" alt=\"About Us \u2013 ArdAlZaafaranShop\" width=\"95\" height=\"122\" \/><\/p>\n<h1>MUKHAMMARIYA JAMID HAREEM AL SULTAN<\/h1>\n<p><span dir=\"auto\">Descubra la elegancia oriental con\u00a0<\/span><span dir=\"auto\">Mukhammaria Jamid\u00a0\u00a0<\/span><span dir=\"auto\">Hareem Al Sultan<\/span><span dir=\"auto\">. Tambi\u00e9n conocida como vaselina perfumada, esta esencia s\u00f3lida combina las propiedades hidratantes de\u00a0<\/span><span dir=\"auto\">la vaselina<\/span><span dir=\"auto\">\u00a0con una fragancia encantadora inspirada en los rituales de belleza tradicionales. Perfecta para perfumar delicadamente su piel, ropa o espacio vital, esta mukhammaria ofrece una experiencia sensorial \u00fanica y lujosa.<\/span><\/p>\n<p id=\"tw-target-text\" class=\"tw-data-text tw-text-large tw-ta\" dir=\"ltr\" role=\"text\" data-placeholder=\"Traducci\u00f3n\" data-ved=\"2ahUKEwi78a2gjbiRAxWRO7kGHYtPI0gQ3ewLegQIDBAW\" aria-label=\"Texto traducido: Hareem al Sultan Solid Perfume es una fragancia encantadora, verdaderamente oriental, delicada y femenina.\nCrema humectante s\u00faper indulgente y de larga duraci\u00f3n con tu fragancia favorita. Mima tu cuerpo y cabello con esta Mukhammaria \u00fanica. \u00daselo despu\u00e9s de la ducha u otras ocasiones adecuadas y si\u00e9ntase fresco y vibrante.\n\nUna canci\u00f3n que deleita, engancha y cautiva desde la primera nota hasta la \u00faltima. El popular aroma femenino, que se ha convertido en una parte integral del guardarropa, enfatiza favorablemente la individualidad y la independencia, la imagen y el estilo \u00fanico. \u00a1La crema perfumada Hareem al Sultan es un verdadero descubrimiento para los amantes de los dulces! La fragancia se ha ganado los corazones de los verdaderos conocedores de las delicadas fragancias orientales.\n\nLas notas de salida se componen de menta fresca y lim\u00f3n jugoso, que en combinaci\u00f3n con la bergamota adquieren un agradable amargor. Las notas del &quot;coraz\u00f3n&quot; deleitan y rodean la cautivadora manzana roja en los brazos del chocolate, junto con el pachul\u00ed dan al perfume una agradable calidez dulce, encanto y atractivo sexual. Una base final de almizcle enriquece la composici\u00f3n y prolonga el disfrute de notas amaderadas, rodeadas de destacados c\u00edtricos y frutas dulces.\n\nIngredientes\nSalida: menta, lim\u00f3n, bergamota\nCoraz\u00f3n: manzanas rojas, chocolate amargo, pachul\u00ed\nBase: almizcle blanco, vainilla, notas amaderadas\"><span class=\"Y2IQFc\" lang=\"es\"><span dir=\"auto\">Mukhammaria Jamid\u00a0\u00a0<\/span><span dir=\"auto\">Hareem Al Sultan <\/span>es una fragancia encantadora, verdaderamente oriental, delicada y femenina. Crema humectante s\u00faper indulgente y de larga duraci\u00f3n con tu fragancia favorita. Mima tu cuerpo y cabello con esta Mukhammaria \u00fanica. <\/span><\/p>\n<p class=\"tw-data-text tw-text-large tw-ta\" dir=\"ltr\" role=\"text\" data-placeholder=\"Traducci\u00f3n\" data-ved=\"2ahUKEwi78a2gjbiRAxWRO7kGHYtPI0gQ3ewLegQIDBAW\" aria-label=\"Texto traducido: Hareem al Sultan Solid Perfume es una fragancia encantadora, verdaderamente oriental, delicada y femenina.\nCrema humectante s\u00faper indulgente y de larga duraci\u00f3n con tu fragancia favorita. Mima tu cuerpo y cabello con esta Mukhammaria \u00fanica. \u00daselo despu\u00e9s de la ducha u otras ocasiones adecuadas y si\u00e9ntase fresco y vibrante.\n\nUna canci\u00f3n que deleita, engancha y cautiva desde la primera nota hasta la \u00faltima. El popular aroma femenino, que se ha convertido en una parte integral del guardarropa, enfatiza favorablemente la individualidad y la independencia, la imagen y el estilo \u00fanico. \u00a1La crema perfumada Hareem al Sultan es un verdadero descubrimiento para los amantes de los dulces! La fragancia se ha ganado los corazones de los verdaderos conocedores de las delicadas fragancias orientales.\n\nLas notas de salida se componen de menta fresca y lim\u00f3n jugoso, que en combinaci\u00f3n con la bergamota adquieren un agradable amargor. Las notas del &quot;coraz\u00f3n&quot; deleitan y rodean la cautivadora manzana roja en los brazos del chocolate, junto con el pachul\u00ed dan al perfume una agradable calidez dulce, encanto y atractivo sexual. Una base final de almizcle enriquece la composici\u00f3n y prolonga el disfrute de notas amaderadas, rodeadas de destacados c\u00edtricos y frutas dulces.\n\nIngredientes\nSalida: menta, lim\u00f3n, bergamota\nCoraz\u00f3n: manzanas rojas, chocolate amargo, pachul\u00ed\nBase: almizcle blanco, vainilla, notas amaderadas\"><span class=\"Y2IQFc\" lang=\"es\">\u00daselo despu\u00e9s de la ducha u otras ocasiones adecuadas y si\u00e9ntase fresco y vibrante. Una canci\u00f3n que deleita, engancha y cautiva desde la primera nota hasta la \u00faltima. El popular aroma femenino, que se ha convertido en una parte integral del guardarropa, enfatiza favorablemente la individualidad y la independencia, la imagen y el estilo \u00fanico. <\/span><\/p>\n<p class=\"tw-data-text tw-text-large tw-ta\" dir=\"ltr\" role=\"text\" data-placeholder=\"Traducci\u00f3n\" data-ved=\"2ahUKEwi78a2gjbiRAxWRO7kGHYtPI0gQ3ewLegQIDBAW\" aria-label=\"Texto traducido: Hareem al Sultan Solid Perfume es una fragancia encantadora, verdaderamente oriental, delicada y femenina.\nCrema humectante s\u00faper indulgente y de larga duraci\u00f3n con tu fragancia favorita. Mima tu cuerpo y cabello con esta Mukhammaria \u00fanica. \u00daselo despu\u00e9s de la ducha u otras ocasiones adecuadas y si\u00e9ntase fresco y vibrante.\n\nUna canci\u00f3n que deleita, engancha y cautiva desde la primera nota hasta la \u00faltima. El popular aroma femenino, que se ha convertido en una parte integral del guardarropa, enfatiza favorablemente la individualidad y la independencia, la imagen y el estilo \u00fanico. \u00a1La crema perfumada Hareem al Sultan es un verdadero descubrimiento para los amantes de los dulces! La fragancia se ha ganado los corazones de los verdaderos conocedores de las delicadas fragancias orientales.\n\nLas notas de salida se componen de menta fresca y lim\u00f3n jugoso, que en combinaci\u00f3n con la bergamota adquieren un agradable amargor. Las notas del &quot;coraz\u00f3n&quot; deleitan y rodean la cautivadora manzana roja en los brazos del chocolate, junto con el pachul\u00ed dan al perfume una agradable calidez dulce, encanto y atractivo sexual. Una base final de almizcle enriquece la composici\u00f3n y prolonga el disfrute de notas amaderadas, rodeadas de destacados c\u00edtricos y frutas dulces.\n\nIngredientes\nSalida: menta, lim\u00f3n, bergamota\nCoraz\u00f3n: manzanas rojas, chocolate amargo, pachul\u00ed\nBase: almizcle blanco, vainilla, notas amaderadas\"><span class=\"Y2IQFc\" lang=\"es\">\u00a1La crema perfumada Hareem al Sultan es un verdadero descubrimiento para los amantes de los dulces!<\/span><\/p>\n<h3><span dir=\"auto\">Caracter\u00edsticas<\/span><\/h3>\n<ul>\n<li><span dir=\"auto\">Fragancia Oriental: Un perfume rico y complejo con notas orientales, que aporta un toque de exotismo y refinamiento.<\/span><\/li>\n<li><span dir=\"auto\">Vaselina Perfumada: Enriquecida con vaselina, hidrata la piel dejando un velo perfumado delicado y duradero.<\/span><\/li>\n<li><span dir=\"auto\">Formato S\u00f3lido Pr\u00e1ctico: Este formato permite una f\u00e1cil aplicaci\u00f3n y un uso vers\u00e1til, ideal para perfumar la piel o espacios interiores.<\/span><\/li>\n<li><span dir=\"auto\">Ingredientes de calidad: Elaborada con ingredientes naturales de alta calidad, esta vaselina perfumada es suave para la piel y respetuosa con el medio ambiente.<\/span><\/li>\n<li><span dir=\"auto\">Uso vers\u00e1til: Aplicar directamente sobre la piel o para crear una atm\u00f3sfera fragante en su hogar.<\/span><\/li>\n<li><span dir=\"auto\">Dise\u00f1o lujoso: presentado en un elegante frasco de 20 g, es perfecto para uso personal o como regalo.<\/span><\/li>\n<\/ul>\n<h3 dir=\"ltr\" role=\"text\" data-placeholder=\"Traducci\u00f3n\" data-ved=\"2ahUKEwi78a2gjbiRAxWRO7kGHYtPI0gQ3ewLegQIDBAW\" aria-label=\"Texto traducido: Hareem al Sultan Solid Perfume es una fragancia encantadora, verdaderamente oriental, delicada y femenina.\nCrema humectante s\u00faper indulgente y de larga duraci\u00f3n con tu fragancia favorita. Mima tu cuerpo y cabello con esta Mukhammaria \u00fanica. \u00daselo despu\u00e9s de la ducha u otras ocasiones adecuadas y si\u00e9ntase fresco y vibrante.\n\nUna canci\u00f3n que deleita, engancha y cautiva desde la primera nota hasta la \u00faltima. El popular aroma femenino, que se ha convertido en una parte integral del guardarropa, enfatiza favorablemente la individualidad y la independencia, la imagen y el estilo \u00fanico. \u00a1La crema perfumada Hareem al Sultan es un verdadero descubrimiento para los amantes de los dulces! La fragancia se ha ganado los corazones de los verdaderos conocedores de las delicadas fragancias orientales.\n\nLas notas de salida se componen de menta fresca y lim\u00f3n jugoso, que en combinaci\u00f3n con la bergamota adquieren un agradable amargor. Las notas del &quot;coraz\u00f3n&quot; deleitan y rodean la cautivadora manzana roja en los brazos del chocolate, junto con el pachul\u00ed dan al perfume una agradable calidez dulce, encanto y atractivo sexual. Una base final de almizcle enriquece la composici\u00f3n y prolonga el disfrute de notas amaderadas, rodeadas de destacados c\u00edtricos y frutas dulces.\n\nIngredientes\nSalida: menta, lim\u00f3n, bergamota\nCoraz\u00f3n: manzanas rojas, chocolate amargo, pachul\u00ed\nBase: almizcle blanco, vainilla, notas amaderadas\">Notas Olfativas<\/h3>\n<p class=\"tw-data-text tw-text-large tw-ta\" dir=\"ltr\" role=\"text\" data-placeholder=\"Traducci\u00f3n\" data-ved=\"2ahUKEwi78a2gjbiRAxWRO7kGHYtPI0gQ3ewLegQIDBAW\" aria-label=\"Texto traducido: Hareem al Sultan Solid Perfume es una fragancia encantadora, verdaderamente oriental, delicada y femenina.\nCrema humectante s\u00faper indulgente y de larga duraci\u00f3n con tu fragancia favorita. Mima tu cuerpo y cabello con esta Mukhammaria \u00fanica. \u00daselo despu\u00e9s de la ducha u otras ocasiones adecuadas y si\u00e9ntase fresco y vibrante.\n\nUna canci\u00f3n que deleita, engancha y cautiva desde la primera nota hasta la \u00faltima. El popular aroma femenino, que se ha convertido en una parte integral del guardarropa, enfatiza favorablemente la individualidad y la independencia, la imagen y el estilo \u00fanico. \u00a1La crema perfumada Hareem al Sultan es un verdadero descubrimiento para los amantes de los dulces! La fragancia se ha ganado los corazones de los verdaderos conocedores de las delicadas fragancias orientales.\n\nLas notas de salida se componen de menta fresca y lim\u00f3n jugoso, que en combinaci\u00f3n con la bergamota adquieren un agradable amargor. Las notas del &quot;coraz\u00f3n&quot; deleitan y rodean la cautivadora manzana roja en los brazos del chocolate, junto con el pachul\u00ed dan al perfume una agradable calidez dulce, encanto y atractivo sexual. Una base final de almizcle enriquece la composici\u00f3n y prolonga el disfrute de notas amaderadas, rodeadas de destacados c\u00edtricos y frutas dulces.\n\nIngredientes\nSalida: menta, lim\u00f3n, bergamota\nCoraz\u00f3n: manzanas rojas, chocolate amargo, pachul\u00ed\nBase: almizcle blanco, vainilla, notas amaderadas\"><span class=\"Y2IQFc\" lang=\"es\">La fragancia se ha ganado los corazones de los verdaderos conocedores de las delicadas fragancias orientales. Las notas de salida se componen de menta fresca y lim\u00f3n jugoso, que en combinaci\u00f3n con la bergamota adquieren un agradable amargor. Las notas del &#8220;coraz\u00f3n&#8221; deleitan y rodean la cautivadora manzana roja en los brazos del chocolate, junto con el pachul\u00ed dan al perfume una agradable calidez dulce, encanto y atractivo sexual. Una base final de almizcle enriquece la composici\u00f3n y prolonga el disfrute de notas amaderadas, rodeadas de destacados c\u00edtricos y frutas dulces. <\/span><\/p>\n<p class=\"tw-data-text tw-text-large tw-ta\" dir=\"ltr\" role=\"text\" data-placeholder=\"Traducci\u00f3n\" data-ved=\"2ahUKEwi78a2gjbiRAxWRO7kGHYtPI0gQ3ewLegQIDBAW\" aria-label=\"Texto traducido: Hareem al Sultan Solid Perfume es una fragancia encantadora, verdaderamente oriental, delicada y femenina.\nCrema humectante s\u00faper indulgente y de larga duraci\u00f3n con tu fragancia favorita. Mima tu cuerpo y cabello con esta Mukhammaria \u00fanica. \u00daselo despu\u00e9s de la ducha u otras ocasiones adecuadas y si\u00e9ntase fresco y vibrante.\n\nUna canci\u00f3n que deleita, engancha y cautiva desde la primera nota hasta la \u00faltima. El popular aroma femenino, que se ha convertido en una parte integral del guardarropa, enfatiza favorablemente la individualidad y la independencia, la imagen y el estilo \u00fanico. \u00a1La crema perfumada Hareem al Sultan es un verdadero descubrimiento para los amantes de los dulces! La fragancia se ha ganado los corazones de los verdaderos conocedores de las delicadas fragancias orientales.\n\nLas notas de salida se componen de menta fresca y lim\u00f3n jugoso, que en combinaci\u00f3n con la bergamota adquieren un agradable amargor. Las notas del &quot;coraz\u00f3n&quot; deleitan y rodean la cautivadora manzana roja en los brazos del chocolate, junto con el pachul\u00ed dan al perfume una agradable calidez dulce, encanto y atractivo sexual. Una base final de almizcle enriquece la composici\u00f3n y prolonga el disfrute de notas amaderadas, rodeadas de destacados c\u00edtricos y frutas dulces.\n\nIngredientes\nSalida: menta, lim\u00f3n, bergamota\nCoraz\u00f3n: manzanas rojas, chocolate amargo, pachul\u00ed\nBase: almizcle blanco, vainilla, notas amaderadas\"><span class=\"Y2IQFc\" lang=\"es\"><strong>Notas de salida:<\/strong> menta, lim\u00f3n, bergamota.<\/span><\/p>\n<p class=\"tw-data-text tw-text-large tw-ta\" dir=\"ltr\" role=\"text\" data-placeholder=\"Traducci\u00f3n\" data-ved=\"2ahUKEwi78a2gjbiRAxWRO7kGHYtPI0gQ3ewLegQIDBAW\" aria-label=\"Texto traducido: Hareem al Sultan Solid Perfume es una fragancia encantadora, verdaderamente oriental, delicada y femenina.\nCrema humectante s\u00faper indulgente y de larga duraci\u00f3n con tu fragancia favorita. Mima tu cuerpo y cabello con esta Mukhammaria \u00fanica. \u00daselo despu\u00e9s de la ducha u otras ocasiones adecuadas y si\u00e9ntase fresco y vibrante.\n\nUna canci\u00f3n que deleita, engancha y cautiva desde la primera nota hasta la \u00faltima. El popular aroma femenino, que se ha convertido en una parte integral del guardarropa, enfatiza favorablemente la individualidad y la independencia, la imagen y el estilo \u00fanico. \u00a1La crema perfumada Hareem al Sultan es un verdadero descubrimiento para los amantes de los dulces! La fragancia se ha ganado los corazones de los verdaderos conocedores de las delicadas fragancias orientales.\n\nLas notas de salida se componen de menta fresca y lim\u00f3n jugoso, que en combinaci\u00f3n con la bergamota adquieren un agradable amargor. Las notas del &quot;coraz\u00f3n&quot; deleitan y rodean la cautivadora manzana roja en los brazos del chocolate, junto con el pachul\u00ed dan al perfume una agradable calidez dulce, encanto y atractivo sexual. Una base final de almizcle enriquece la composici\u00f3n y prolonga el disfrute de notas amaderadas, rodeadas de destacados c\u00edtricos y frutas dulces.\n\nIngredientes\nSalida: menta, lim\u00f3n, bergamota\nCoraz\u00f3n: manzanas rojas, chocolate amargo, pachul\u00ed\nBase: almizcle blanco, vainilla, notas amaderadas\"><span class=\"Y2IQFc\" lang=\"es\"><strong>Notas de coraz\u00f3n:<\/strong> manzanas rojas, chocolate amargo, pachul\u00ed.<\/span><\/p>\n<p class=\"tw-data-text tw-text-large tw-ta\" dir=\"ltr\" role=\"text\" data-placeholder=\"Traducci\u00f3n\" data-ved=\"2ahUKEwi78a2gjbiRAxWRO7kGHYtPI0gQ3ewLegQIDBAW\" aria-label=\"Texto traducido: Hareem al Sultan Solid Perfume es una fragancia encantadora, verdaderamente oriental, delicada y femenina.\nCrema humectante s\u00faper indulgente y de larga duraci\u00f3n con tu fragancia favorita. Mima tu cuerpo y cabello con esta Mukhammaria \u00fanica. \u00daselo despu\u00e9s de la ducha u otras ocasiones adecuadas y si\u00e9ntase fresco y vibrante.\n\nUna canci\u00f3n que deleita, engancha y cautiva desde la primera nota hasta la \u00faltima. El popular aroma femenino, que se ha convertido en una parte integral del guardarropa, enfatiza favorablemente la individualidad y la independencia, la imagen y el estilo \u00fanico. \u00a1La crema perfumada Hareem al Sultan es un verdadero descubrimiento para los amantes de los dulces! La fragancia se ha ganado los corazones de los verdaderos conocedores de las delicadas fragancias orientales.\n\nLas notas de salida se componen de menta fresca y lim\u00f3n jugoso, que en combinaci\u00f3n con la bergamota adquieren un agradable amargor. Las notas del &quot;coraz\u00f3n&quot; deleitan y rodean la cautivadora manzana roja en los brazos del chocolate, junto con el pachul\u00ed dan al perfume una agradable calidez dulce, encanto y atractivo sexual. Una base final de almizcle enriquece la composici\u00f3n y prolonga el disfrute de notas amaderadas, rodeadas de destacados c\u00edtricos y frutas dulces.\n\nIngredientes\nSalida: menta, lim\u00f3n, bergamota\nCoraz\u00f3n: manzanas rojas, chocolate amargo, pachul\u00ed\nBase: almizcle blanco, vainilla, notas amaderadas\"><span class=\"Y2IQFc\" lang=\"es\"><strong>Notas de fondo:<\/strong> almizcle blanco, vainilla, notas amaderadas.<\/span><\/p>\n","protected":false},"excerpt":{"rendered":"<p>MUKHAMMARIYA JAMID HAREEM AL SULTAN Descubra la elegancia oriental con\u00a0Mukhammaria Jamid\u00a0\u00a0Hareem Al Sultan. Tambi\u00e9n conocida como vaselina perfumada, esta esencia<\/p>\n","protected":false},"featured_media":94813,"comment_status":"open","ping_status":"closed","template":"","meta":{"nf_dc_page":""},"product_brand":[110],"product_cat":[85],"product_tag":[2133],"class_list":{"0":"post-94812","1":"product","2":"type-product","3":"status-publish","4":"has-post-thumbnail","6":"product_brand-ard-al-zaafaran","7":"product_cat-cosmeticos","8":"product_tag-2133","10":"first","11":"instock","12":"shipping-taxable","13":"purchasable","14":"product-type-simple"},"_links":{"self":[{"href":"https:\/\/brandss.com.py\/index\/wp-json\/wp\/v2\/product\/94812","targetHints":{"allow":["GET"]}}],"collection":[{"href":"https:\/\/brandss.com.py\/index\/wp-json\/wp\/v2\/product"}],"about":[{"href":"https:\/\/brandss.com.py\/index\/wp-json\/wp\/v2\/types\/product"}],"replies":[{"embeddable":true,"href":"https:\/\/brandss.com.py\/index\/wp-json\/wp\/v2\/comments?post=94812"}],"version-history":[{"count":1,"href":"https:\/\/brandss.com.py\/index\/wp-json\/wp\/v2\/product\/94812\/revisions"}],"predecessor-version":[{"id":94818,"href":"https:\/\/brandss.com.py\/index\/wp-json\/wp\/v2\/product\/94812\/revisions\/94818"}],"wp:featuredmedia":[{"embeddable":true,"href":"https:\/\/brandss.com.py\/index\/wp-json\/wp\/v2\/media\/94813"}],"wp:attachment":[{"href":"https:\/\/brandss.com.py\/index\/wp-json\/wp\/v2\/media?parent=94812"}],"wp:term":[{"taxonomy":"product_brand","embeddable":true,"href":"https:\/\/brandss.com.py\/index\/wp-json\/wp\/v2\/product_brand?post=94812"},{"taxonomy":"product_cat","embeddable":true,"href":"https:\/\/brandss.com.py\/index\/wp-json\/wp\/v2\/product_cat?post=94812"},{"taxonomy":"product_tag","embeddable":true,"href":"https:\/\/brandss.com.py\/index\/wp-json\/wp\/v2\/product_tag?post=94812"}],"curies":[{"name":"wp","href":"https:\/\/api.w.org\/{rel}","templated":true}]}}