{"id":94909,"date":"2025-12-13T18:44:04","date_gmt":"2025-12-13T18:44:04","guid":{"rendered":"https:\/\/brandss.com.py\/index\/?post_type=product&#038;p=94909"},"modified":"2025-12-13T18:45:07","modified_gmt":"2025-12-13T18:45:07","slug":"perfume-unisex-armand-basi-uniform-dont-look-back-edt-100ml","status":"publish","type":"product","link":"https:\/\/brandss.com.py\/index\/producto\/perfume-unisex-armand-basi-uniform-dont-look-back-edt-100ml\/","title":{"rendered":"PERFUME UNISEX ARMAND BASI UNIFORM DON&#8217;T LOOK BACK EDT 100ML"},"content":{"rendered":"<p><img loading=\"lazy\" decoding=\"async\" class=\"\" src=\"https:\/\/klinq.com\/media\/mgs_brand\/a\/r\/armand_basi_6.jpg\" alt=\"Armand Basi Perfumes for Men and Women Online from Klinq Store - Kuwait\" width=\"150\" height=\"54\" \/><\/p>\n<h1>UNIFORM DON&#8217;T LOOK BACK<\/h1>\n<p>Esta fragancia amaderada arom\u00e1tica es perfecta para quienes adoptan valores modernos e inconformistas. Prep\u00e1rate para destacar y dejar una huella imborrable con cada rociado. <span dir=\"auto\">Esta fragancia es perfecta para hombres y mujeres que quieren dejar huella. Es perfecta para una salida nocturna o cualquier ocasi\u00f3n especial. El mejor momento para usar esta fragancia es por la noche, ya que es un aroma audaz y atrevido, perfecto para la noche.<\/span><\/p>\n<p><img loading=\"lazy\" decoding=\"async\" class=\"alignleft\" src=\"https:\/\/m.media-amazon.com\/images\/S\/aplus-media-library-service-media\/ebe612d1-08c1-419e-bfee-dbe1596efbbb.__CR0,0,2910,1800_PT0_SX970_V1___.png\" width=\"537\" height=\"332\" \/><\/p>\n<h3>Notas Olfativas<\/h3>\n<p>&nbsp;<\/p>\n<p><span dir=\"auto\">Dont Look Back es una fragancia audaz y atrevida, perfecta para hombres y mujeres que quieren dejar huella. Esta fragancia est\u00e1 dise\u00f1ada para mujeres y hombres seguros e intr\u00e9pidos. <\/span><\/p>\n<p><span dir=\"auto\">Las notas de salida de esta fragancia son bergamota, lim\u00f3n y mandarina, que le dan un aroma fresco y c\u00edtrico. Las notas de coraz\u00f3n son jazm\u00edn, lirio de los valles y rosa, que a\u00f1aden un toque floral a la fragancia. <\/span><\/p>\n<p><span dir=\"auto\">Las notas de fondo son almizcle, madera de cedro y \u00e1mbar, que le dan un aroma c\u00e1lido y masculino.<\/span><\/p>\n<ul class=\"tickmark_blue\">\n<li><span dir=\"auto\"><strong>Notas de salida:<\/strong> mandarina italiana helada, lavanda de moldavia, hoja de cilantro.<\/span><\/li>\n<li><span dir=\"auto\"><strong>Notas de coraz\u00f3n:<\/strong> acordes de ginebra, vodka, tabaco.<\/span><\/li>\n<li><span dir=\"auto\"><strong>Notas de fondo:<\/strong> madera de cedro de virginia, musgo de roble, vainilla.<\/span><\/li>\n<\/ul>\n","protected":false},"excerpt":{"rendered":"<p>UNIFORM DON&#8217;T LOOK BACK Esta fragancia amaderada arom\u00e1tica es perfecta para quienes adoptan valores modernos e inconformistas. Prep\u00e1rate para destacar<\/p>\n","protected":false},"featured_media":94910,"comment_status":"open","ping_status":"closed","template":"","meta":{"nf_dc_page":""},"product_brand":[2148],"product_cat":[84],"product_tag":[2149],"class_list":{"0":"post-94909","1":"product","2":"type-product","3":"status-publish","4":"has-post-thumbnail","6":"product_brand-armand-basi","7":"product_cat-perfumeria","8":"product_tag-2149","10":"first","11":"instock","12":"shipping-taxable","13":"purchasable","14":"product-type-simple"},"_links":{"self":[{"href":"https:\/\/brandss.com.py\/index\/wp-json\/wp\/v2\/product\/94909","targetHints":{"allow":["GET"]}}],"collection":[{"href":"https:\/\/brandss.com.py\/index\/wp-json\/wp\/v2\/product"}],"about":[{"href":"https:\/\/brandss.com.py\/index\/wp-json\/wp\/v2\/types\/product"}],"replies":[{"embeddable":true,"href":"https:\/\/brandss.com.py\/index\/wp-json\/wp\/v2\/comments?post=94909"}],"version-history":[{"count":1,"href":"https:\/\/brandss.com.py\/index\/wp-json\/wp\/v2\/product\/94909\/revisions"}],"predecessor-version":[{"id":94916,"href":"https:\/\/brandss.com.py\/index\/wp-json\/wp\/v2\/product\/94909\/revisions\/94916"}],"wp:featuredmedia":[{"embeddable":true,"href":"https:\/\/brandss.com.py\/index\/wp-json\/wp\/v2\/media\/94910"}],"wp:attachment":[{"href":"https:\/\/brandss.com.py\/index\/wp-json\/wp\/v2\/media?parent=94909"}],"wp:term":[{"taxonomy":"product_brand","embeddable":true,"href":"https:\/\/brandss.com.py\/index\/wp-json\/wp\/v2\/product_brand?post=94909"},{"taxonomy":"product_cat","embeddable":true,"href":"https:\/\/brandss.com.py\/index\/wp-json\/wp\/v2\/product_cat?post=94909"},{"taxonomy":"product_tag","embeddable":true,"href":"https:\/\/brandss.com.py\/index\/wp-json\/wp\/v2\/product_tag?post=94909"}],"curies":[{"name":"wp","href":"https:\/\/api.w.org\/{rel}","templated":true}]}}