{"id":94918,"date":"2025-12-15T11:17:44","date_gmt":"2025-12-15T11:17:44","guid":{"rendered":"https:\/\/brandss.com.py\/index\/?post_type=product&#038;p=94918"},"modified":"2025-12-15T11:18:45","modified_gmt":"2025-12-15T11:18:45","slug":"ventilador-portatil-g-tide-fh01-recargable","status":"publish","type":"product","link":"https:\/\/brandss.com.py\/index\/producto\/ventilador-portatil-g-tide-fh01-recargable\/","title":{"rendered":"VENTILADOR PORT\u00c1TIL G-TIDE FH01 RECARGABLE"},"content":{"rendered":"<p><img loading=\"lazy\" decoding=\"async\" class=\"\" src=\"https:\/\/gtide.com.br\/wp-content\/uploads\/2024\/04\/gtideazul.svg\" alt=\"RELOJ UNISEX G-TIDE SMARTWATCH S5 PRO BLACK - Brands\" width=\"127\" height=\"49\" \/><\/p>\n<h1>FH01<\/h1>\n<p>Potente, compacto y port\u00e1til: el ventilador de mano inal\u00e1mbrico G-TIDE FH01 cuenta con una bater\u00eda de 4400 mAh, pantalla digital y 5 velocidades para un control total del flujo de aire. Su dise\u00f1o ergon\u00f3mico y tama\u00f1o compacto lo hacen ideal para usar en viajes, oficina o exteriores.<\/p>\n<h3>Caracter\u00edsticas<\/h3>\n<ul>\n<li><b>Potente bater\u00eda de 4400 mAh<\/b>, ofrece frescura continua durante horas sin necesidad de estar atado a un cable.<\/li>\n<li><b>Control total con estilo<\/b> gracias a su pantalla digital que te muestra la velocidad y el estado de bater\u00eda, para que nunca te sorprenda un apag\u00f3n de calor.<\/li>\n<li><b>5 velocidades ajustables<\/b> que van desde una suave brisa hasta un torbellino de frescura port\u00e1til.<\/li>\n<li><b>Dise\u00f1o compacto y elegante<\/b>, f\u00e1cil de llevar en tu bolso o mochila: frescura instant\u00e1nea donde y cuando la necesites.<\/li>\n<li><b>Carga r\u00e1pida y eficiente<\/b>, porque cuando el calor aprieta, no hay tiempo que perder.<\/li>\n<li><b>Ideal para viajes, oficina, transporte p\u00fablico o al aire libre<\/b>: convierte cualquier lugar en tu zona de confort personal.<\/li>\n<\/ul>\n<p>&nbsp;<\/p>\n<h3>Especificaciones<\/h3>\n<ul>\n<li><b>Capacidad de bater\u00eda:<\/b> 4400 mAh.<\/li>\n<li><b>Entrada de carga:<\/b> DC 5V \u2013 2A.<\/li>\n<li><b>Velocidades:<\/b> 5 niveles, nivel del viento: 0-100%.<\/li>\n<li><b>Tama\u00f1o:<\/b> 16 cm (alto) x 5.5 cm (ancho y fondo) Garant\u00eda de 3 meses por defectos de fabrica, no cubre da\u00f1os por mal uso.<\/li>\n<\/ul>\n<p>&nbsp;<\/p>\n<h3><b>Contenido de la caja:<\/b><\/h3>\n<ul>\n<li>1x Ventilador de mano G-TIDE FH01.<\/li>\n<li>1x Cable de carga USB tipo C.<\/li>\n<li>1x Manual de uso.<\/li>\n<\/ul>\n","protected":false},"excerpt":{"rendered":"<p>FH01 Potente, compacto y port\u00e1til: el ventilador de mano inal\u00e1mbrico G-TIDE FH01 cuenta con una bater\u00eda de 4400 mAh, pantalla<\/p>\n","protected":false},"featured_media":94919,"comment_status":"open","ping_status":"closed","template":"","meta":{"nf_dc_page":""},"product_brand":[1379],"product_cat":[89],"product_tag":[2150],"class_list":{"0":"post-94918","1":"product","2":"type-product","3":"status-publish","4":"has-post-thumbnail","6":"product_brand-g-tide","7":"product_cat-electronicos","8":"product_tag-2150","10":"first","11":"instock","12":"shipping-taxable","13":"purchasable","14":"product-type-simple"},"_links":{"self":[{"href":"https:\/\/brandss.com.py\/index\/wp-json\/wp\/v2\/product\/94918","targetHints":{"allow":["GET"]}}],"collection":[{"href":"https:\/\/brandss.com.py\/index\/wp-json\/wp\/v2\/product"}],"about":[{"href":"https:\/\/brandss.com.py\/index\/wp-json\/wp\/v2\/types\/product"}],"replies":[{"embeddable":true,"href":"https:\/\/brandss.com.py\/index\/wp-json\/wp\/v2\/comments?post=94918"}],"version-history":[{"count":1,"href":"https:\/\/brandss.com.py\/index\/wp-json\/wp\/v2\/product\/94918\/revisions"}],"predecessor-version":[{"id":94927,"href":"https:\/\/brandss.com.py\/index\/wp-json\/wp\/v2\/product\/94918\/revisions\/94927"}],"wp:featuredmedia":[{"embeddable":true,"href":"https:\/\/brandss.com.py\/index\/wp-json\/wp\/v2\/media\/94919"}],"wp:attachment":[{"href":"https:\/\/brandss.com.py\/index\/wp-json\/wp\/v2\/media?parent=94918"}],"wp:term":[{"taxonomy":"product_brand","embeddable":true,"href":"https:\/\/brandss.com.py\/index\/wp-json\/wp\/v2\/product_brand?post=94918"},{"taxonomy":"product_cat","embeddable":true,"href":"https:\/\/brandss.com.py\/index\/wp-json\/wp\/v2\/product_cat?post=94918"},{"taxonomy":"product_tag","embeddable":true,"href":"https:\/\/brandss.com.py\/index\/wp-json\/wp\/v2\/product_tag?post=94918"}],"curies":[{"name":"wp","href":"https:\/\/api.w.org\/{rel}","templated":true}]}}