{"id":95028,"date":"2025-12-16T12:45:57","date_gmt":"2025-12-16T12:45:57","guid":{"rendered":"https:\/\/brandss.com.py\/index\/?post_type=product&#038;p=95028"},"modified":"2026-03-13T11:29:25","modified_gmt":"2026-03-13T11:29:25","slug":"perfume-femenino-blauer-usa-the-journey-collection-boston-1936-edp-80ml","status":"publish","type":"product","link":"https:\/\/brandss.com.py\/index\/producto\/perfume-femenino-blauer-usa-the-journey-collection-boston-1936-edp-80ml\/","title":{"rendered":"PERFUME FEMENINO BLAUER USA THE JOURNEY COLLECTION BOSTON 1936 EDP 80ML"},"content":{"rendered":"<p>&nbsp;<\/p>\n<p><img loading=\"lazy\" decoding=\"async\" class=\"\" src=\"https:\/\/1000marcas.net\/wp-content\/uploads\/2021\/05\/Blauer-logo.png\" alt=\"Blauer logo - s\u00edmbolo, significado logotipo, historia, PNG\" width=\"186\" height=\"119\" \/><\/p>\n<h1>THE JOURNEY COLLECTION BOSTON 1936<\/h1>\n<p>Sum\u00e9rgete en la modernidad y la elegancia con el perfume Blauer. Esta sofisticada fragancia es una celebraci\u00f3n del estilo contempor\u00e1neo y el lujo, cautivando los sentidos con una mezcla armoniosa de notas frescas y amaderadas.<img loading=\"lazy\" decoding=\"async\" class=\"alignleft\" src=\"https:\/\/scontent.fagt2-1.fna.fbcdn.net\/v\/t39.30808-6\/474733007_599551185995394_7428397207038651199_n.jpg?_nc_cat=109&amp;ccb=1-7&amp;_nc_sid=127cfc&amp;_nc_ohc=jJe8kTHgg0UQ7kNvwGzz-qT&amp;_nc_oc=AdkJDKFfxSOFLpJKvOS6M13sR2tTJq8bbfNTGCu6IZcltBCxIH6DkJupjowDTGu_TJE&amp;_nc_zt=23&amp;_nc_ht=scontent.fagt2-1.fna&amp;_nc_gid=5Ly2Ap-Wxf8WLeuCZTguIw&amp;oh=00_Afn2Hddx99zg8WM00QOhtpYTxAgF1mUGu0dsTYI8wDb7Pg&amp;oe=694724E4\" width=\"575\" height=\"575\" \/><\/p>\n<p>Desde sus notas superiores que evocan frescura y dinamismo hasta su coraz\u00f3n vibrante y su base c\u00e1lida y envolvente, cada elemento de esta fragancia est\u00e1 meticulosamente elaborado para ofrecer una experiencia olfativa \u00fanica.<\/p>\n<p>&nbsp;<\/p>\n<h3>Notas Olfativas<\/h3>\n<p>&nbsp;<\/p>\n<p>La fragancia se abre con notas chispeantes de bergamota, pimienta rosa y crema de azahar, para luego evolucionar hacia un coraz\u00f3n narc\u00f3tico de nardos, jazm\u00edn y leche de coco.<\/p>\n<p>El jazm\u00edn le aporta un toque dorado. En la nota de fondo, vainilla, haba tonka, \u00e1mbar y benju\u00ed se envuelven en una suave nota de almizcle.<\/p>\n<p><strong>Notas de salida:<\/strong> bergamota, azahar, pimienta rosa.<br \/>\n<strong>Notas de coraz\u00f3n:<\/strong> madreselva, jazm\u00edn, leche de coco, nardo.<br \/>\n<strong>Notas de fondo:<\/strong> \u00e1mbar gris, benju\u00ed, haba tonka, musgo,vainilla.<\/p>\n","protected":false},"excerpt":{"rendered":"<p>&nbsp; THE JOURNEY COLLECTION BOSTON 1936 Sum\u00e9rgete en la modernidad y la elegancia con el perfume Blauer. Esta sofisticada fragancia<\/p>\n","protected":false},"featured_media":95029,"comment_status":"open","ping_status":"closed","template":"","meta":{"nf_dc_page":""},"product_brand":[2159],"product_cat":[84],"product_tag":[2161],"class_list":{"0":"post-95028","1":"product","2":"type-product","3":"status-publish","4":"has-post-thumbnail","6":"product_brand-blauer-usa","7":"product_cat-perfumeria","8":"product_tag-2161","10":"first","11":"outofstock","12":"shipping-taxable","13":"purchasable","14":"product-type-simple"},"_links":{"self":[{"href":"https:\/\/brandss.com.py\/index\/wp-json\/wp\/v2\/product\/95028","targetHints":{"allow":["GET"]}}],"collection":[{"href":"https:\/\/brandss.com.py\/index\/wp-json\/wp\/v2\/product"}],"about":[{"href":"https:\/\/brandss.com.py\/index\/wp-json\/wp\/v2\/types\/product"}],"replies":[{"embeddable":true,"href":"https:\/\/brandss.com.py\/index\/wp-json\/wp\/v2\/comments?post=95028"}],"version-history":[{"count":2,"href":"https:\/\/brandss.com.py\/index\/wp-json\/wp\/v2\/product\/95028\/revisions"}],"predecessor-version":[{"id":95036,"href":"https:\/\/brandss.com.py\/index\/wp-json\/wp\/v2\/product\/95028\/revisions\/95036"}],"wp:featuredmedia":[{"embeddable":true,"href":"https:\/\/brandss.com.py\/index\/wp-json\/wp\/v2\/media\/95029"}],"wp:attachment":[{"href":"https:\/\/brandss.com.py\/index\/wp-json\/wp\/v2\/media?parent=95028"}],"wp:term":[{"taxonomy":"product_brand","embeddable":true,"href":"https:\/\/brandss.com.py\/index\/wp-json\/wp\/v2\/product_brand?post=95028"},{"taxonomy":"product_cat","embeddable":true,"href":"https:\/\/brandss.com.py\/index\/wp-json\/wp\/v2\/product_cat?post=95028"},{"taxonomy":"product_tag","embeddable":true,"href":"https:\/\/brandss.com.py\/index\/wp-json\/wp\/v2\/product_tag?post=95028"}],"curies":[{"name":"wp","href":"https:\/\/api.w.org\/{rel}","templated":true}]}}