{"id":95081,"date":"2025-12-17T12:09:06","date_gmt":"2025-12-17T12:09:06","guid":{"rendered":"https:\/\/brandss.com.py\/index\/?post_type=product&#038;p=95081"},"modified":"2026-03-12T18:32:52","modified_gmt":"2026-03-12T18:32:52","slug":"perfume-masculino-mauboussin-pour-lui-in-black-edp-set-de-4-piezas","status":"publish","type":"product","link":"https:\/\/brandss.com.py\/index\/producto\/perfume-masculino-mauboussin-pour-lui-in-black-edp-set-de-4-piezas\/","title":{"rendered":"PERFUME MASCULINO MAUBOUSSIN POUR LUI IN BLACK EDP SET DE 4 PIEZAS"},"content":{"rendered":"<p><img loading=\"lazy\" decoding=\"async\" class=\"\" src=\"https:\/\/upload.wikimedia.org\/wikipedia\/fr\/thumb\/1\/1c\/Logo_mauboussin.svg\/1200px-Logo_mauboussin.svg.png\" alt=\"Fichier:Logo mauboussin.svg \u2014 Wikip\u00e9dia\" width=\"205\" height=\"73\" \/><\/p>\n<h1>POUR LUI IN BLACK<\/h1>\n<p><span dir=\"auto\">La nueva colecci\u00f3n de joyas Mauboussin da la bienvenida a una versi\u00f3n arom\u00e1tica que encarna la belleza y la riqueza de las piedras preciosas. Lanzada en 2014, esta Eau de Parfum fue creada por la perfumista Nathalie Feisthauer, quien fusion\u00f3 con maestr\u00eda notas orientales y amaderadas para crear una fragancia armoniosa, multifac\u00e9tica, elegante y gourmand. Mauboussin Pour Lui in Black se presenta en un elegante frasco con tonos negro carb\u00f3n y un acabado mate, que evoca sutilmente la fragancia refinada, profunda, ahumada y misteriosa, dedicada al hombre elegante.<\/span><\/p>\n<p>&nbsp;<\/p>\n<h3>Notas Olfativas<\/h3>\n<p>&nbsp;<\/p>\n<p><span dir=\"auto\">El perfume Mauboussin Pour Lui In Black EDP es una fragancia amaderada oriental sofisticada. Ideal para quienes buscan un aroma distintivo, elegante y duradero. Las notas de salida crean un velo transl\u00facido de caramelo dulce y rico, mandarina jugosa y menta fresca. <\/span><span dir=\"auto\">Las notas de coraz\u00f3n forman el n\u00facleo c\u00e1lido y vibrante de la composici\u00f3n, revelando matices de cedro, violeta y salvia. Esta sinfon\u00eda \u00e1cida se condimenta con un acorde que aporta profundidad y misterio a la fragancia. <\/span><span dir=\"auto\">Las notas de fondo de benju\u00ed, madera de guayaco y pachul\u00ed ofrecen un estela resinosa-bals\u00e1mica con un matiz amaderado envolvente.<\/span><\/p>\n<p><strong><span dir=\"auto\">Notas de salida:<\/span><\/strong><span dir=\"auto\"> caramelo, mandarina, menta.<\/span><br \/>\n<strong><span dir=\"auto\">Notas de coraz\u00f3n:<\/span><\/strong><span dir=\"auto\"> cedro, salvia, violeta.<\/span><br \/>\n<strong><span dir=\"auto\">Notas de fondo:<\/span><\/strong><span dir=\"auto\"> benju\u00ed, madera de guayaco, pachul\u00ed.<\/span><\/p>\n<h3>El set incluye:<\/h3>\n<ul>\n<li>Mauboussin Pour Lui in Black Eau de Parfum 100 ml.<\/li>\n<li>Mauboussin Pour Lui in Black Eau de Parfum 20 ml.<\/li>\n<li>Mauboussin Pour Lui in Black Gel de ducha 75 ml.<\/li>\n<li>Neceser.<\/li>\n<\/ul>\n","protected":false},"excerpt":{"rendered":"<p>POUR LUI IN BLACK La nueva colecci\u00f3n de joyas Mauboussin da la bienvenida a una versi\u00f3n arom\u00e1tica que encarna la<\/p>\n","protected":false},"featured_media":95082,"comment_status":"open","ping_status":"closed","template":"","meta":{"nf_dc_page":""},"product_brand":[2117],"product_cat":[84],"product_tag":[2171],"class_list":{"0":"post-95081","1":"product","2":"type-product","3":"status-publish","4":"has-post-thumbnail","6":"product_brand-mauboussin","7":"product_cat-perfumeria","8":"product_tag-2171","10":"first","11":"outofstock","12":"shipping-taxable","13":"purchasable","14":"product-type-simple"},"_links":{"self":[{"href":"https:\/\/brandss.com.py\/index\/wp-json\/wp\/v2\/product\/95081","targetHints":{"allow":["GET"]}}],"collection":[{"href":"https:\/\/brandss.com.py\/index\/wp-json\/wp\/v2\/product"}],"about":[{"href":"https:\/\/brandss.com.py\/index\/wp-json\/wp\/v2\/types\/product"}],"replies":[{"embeddable":true,"href":"https:\/\/brandss.com.py\/index\/wp-json\/wp\/v2\/comments?post=95081"}],"version-history":[{"count":1,"href":"https:\/\/brandss.com.py\/index\/wp-json\/wp\/v2\/product\/95081\/revisions"}],"predecessor-version":[{"id":95087,"href":"https:\/\/brandss.com.py\/index\/wp-json\/wp\/v2\/product\/95081\/revisions\/95087"}],"wp:featuredmedia":[{"embeddable":true,"href":"https:\/\/brandss.com.py\/index\/wp-json\/wp\/v2\/media\/95082"}],"wp:attachment":[{"href":"https:\/\/brandss.com.py\/index\/wp-json\/wp\/v2\/media?parent=95081"}],"wp:term":[{"taxonomy":"product_brand","embeddable":true,"href":"https:\/\/brandss.com.py\/index\/wp-json\/wp\/v2\/product_brand?post=95081"},{"taxonomy":"product_cat","embeddable":true,"href":"https:\/\/brandss.com.py\/index\/wp-json\/wp\/v2\/product_cat?post=95081"},{"taxonomy":"product_tag","embeddable":true,"href":"https:\/\/brandss.com.py\/index\/wp-json\/wp\/v2\/product_tag?post=95081"}],"curies":[{"name":"wp","href":"https:\/\/api.w.org\/{rel}","templated":true}]}}