{"id":95088,"date":"2025-12-17T13:36:33","date_gmt":"2025-12-17T13:36:33","guid":{"rendered":"https:\/\/brandss.com.py\/index\/?post_type=product&#038;p=95088"},"modified":"2025-12-17T13:37:15","modified_gmt":"2025-12-17T13:37:15","slug":"perfume-unisex-replay-earth-made-iceland-light-edtv-200ml","status":"publish","type":"product","link":"https:\/\/brandss.com.py\/index\/producto\/perfume-unisex-replay-earth-made-iceland-light-edtv-200ml\/","title":{"rendered":"PERFUME UNISEX REPLAY EARTH MADE ICELAND LIGHT EDTV 200ML"},"content":{"rendered":"<p><img loading=\"lazy\" decoding=\"async\" class=\"\" src=\"https:\/\/cdn.perfumetrader.de\/media\/catalog\/category\/REPLAY_FRAGRANCES_nero_1.png\" alt=\"Replay Signature for Her! Eau de Toilette 60 ml | Perfumetrader\" width=\"172\" height=\"49\" \/><\/p>\n<h1>EARTH MADE ICELAND LIGHT<\/h1>\n<p>Inspirado en las lagunas azul pastel y el barro gris cremoso de Islandia, Iceland Light es una fragancia cautivadora que captura la esencia de una atm\u00f3sfera chispeante y revitalizante. Descubre el encanto de Iceland Light de Replay, una fragancia unisex que transporta tus sentidos a un mundo de serena belleza. Creada por la reconocida casa de moda italiana Replay, esta exquisita Eau de Toilette Spray es una combinaci\u00f3n perfecta de aromas vigorizantes y reconfortantes, dise\u00f1ada para dejar una huella imborrable. REPLAY Earth Made Iceland Light Eau de Toilette es una fragancia cautivadora que captura la esencia pura y vigorizante de la naturaleza islandesa. Este aroma envuelve los sentidos con una mezcla \u00fanica de frescura y profundidad terrosa.<\/p>\n<h3>Notas Olfativas<\/h3>\n<p>El viaje olfativo comienza con una brillante salida que crea inmediatamente una atm\u00f3sfera l\u00edmpida y vigorizante. En el coraz\u00f3n de la composici\u00f3n se despliega una extraordinaria interacci\u00f3n: un acorde mineral se fusiona con la delicada elegancia del iris blanco. La innovadora tecnolog\u00eda Geogaia\u2122 captura con maestr\u00eda el momento de renovaci\u00f3n en la naturaleza. La experiencia arom\u00e1tica se completa con una base c\u00e1lida y sensual. Notas de s\u00e1ndalo, almizcle gris y \u00e1mbar seco garantizan un acabado duradero y sofisticado en la piel. Luz islandesa, donde la frescura se une a la sofisticaci\u00f3n.<\/p>\n<div class=\"qMOFyE\"><strong>Notas de salida:<\/strong> pimienta negra de madagascar Orpur, bergamota italiana, lim\u00f3n italiana.<\/div>\n<div class=\"qMOFyE\"><strong>Notas de coraz\u00f3n:<\/strong> Acorde mineral, Geogaia, iris blanco.<\/div>\n<div class=\"qMOFyE\"><strong>Notas de fondo:<\/strong> s\u00e1ndalo, almizcle gris, \u00e1mbar seco.<\/div>\n","protected":false},"excerpt":{"rendered":"<p>EARTH MADE ICELAND LIGHT Inspirado en las lagunas azul pastel y el barro gris cremoso de Islandia, Iceland Light es<\/p>\n","protected":false},"featured_media":95089,"comment_status":"open","ping_status":"closed","template":"","meta":{"nf_dc_page":""},"product_brand":[2172],"product_cat":[84],"product_tag":[2173],"class_list":{"0":"post-95088","1":"product","2":"type-product","3":"status-publish","4":"has-post-thumbnail","6":"product_brand-replay","7":"product_cat-perfumeria","8":"product_tag-2173","10":"first","11":"instock","12":"shipping-taxable","13":"purchasable","14":"product-type-simple"},"_links":{"self":[{"href":"https:\/\/brandss.com.py\/index\/wp-json\/wp\/v2\/product\/95088","targetHints":{"allow":["GET"]}}],"collection":[{"href":"https:\/\/brandss.com.py\/index\/wp-json\/wp\/v2\/product"}],"about":[{"href":"https:\/\/brandss.com.py\/index\/wp-json\/wp\/v2\/types\/product"}],"replies":[{"embeddable":true,"href":"https:\/\/brandss.com.py\/index\/wp-json\/wp\/v2\/comments?post=95088"}],"version-history":[{"count":1,"href":"https:\/\/brandss.com.py\/index\/wp-json\/wp\/v2\/product\/95088\/revisions"}],"predecessor-version":[{"id":95093,"href":"https:\/\/brandss.com.py\/index\/wp-json\/wp\/v2\/product\/95088\/revisions\/95093"}],"wp:featuredmedia":[{"embeddable":true,"href":"https:\/\/brandss.com.py\/index\/wp-json\/wp\/v2\/media\/95089"}],"wp:attachment":[{"href":"https:\/\/brandss.com.py\/index\/wp-json\/wp\/v2\/media?parent=95088"}],"wp:term":[{"taxonomy":"product_brand","embeddable":true,"href":"https:\/\/brandss.com.py\/index\/wp-json\/wp\/v2\/product_brand?post=95088"},{"taxonomy":"product_cat","embeddable":true,"href":"https:\/\/brandss.com.py\/index\/wp-json\/wp\/v2\/product_cat?post=95088"},{"taxonomy":"product_tag","embeddable":true,"href":"https:\/\/brandss.com.py\/index\/wp-json\/wp\/v2\/product_tag?post=95088"}],"curies":[{"name":"wp","href":"https:\/\/api.w.org\/{rel}","templated":true}]}}