{"id":95131,"date":"2025-12-18T14:13:30","date_gmt":"2025-12-18T14:13:30","guid":{"rendered":"https:\/\/brandss.com.py\/index\/?post_type=product&#038;p=95131"},"modified":"2025-12-18T14:16:11","modified_gmt":"2025-12-18T14:16:11","slug":"perfume-femenino-police-to-be-sweet-girl-edp-125ml","status":"publish","type":"product","link":"https:\/\/brandss.com.py\/index\/producto\/perfume-femenino-police-to-be-sweet-girl-edp-125ml\/","title":{"rendered":"PERFUME FEMENINO POLICE TO BE SWEET GIRL EDP 125ML"},"content":{"rendered":"<p><img loading=\"lazy\" decoding=\"async\" class=\"\" src=\"https:\/\/www.vagdistri.com\/wp-content\/uploads\/2019\/01\/police_logo_gd.png\" alt=\"Police en \u2013 VAG DISTRI\" width=\"119\" height=\"45\" \/><\/p>\n<h1>TO BE SWEET GIRL<\/h1>\n<p>Atrevida, reconocible y moderna. Para adaptarse a la personalidad atrevida y exc\u00e9ntrica de la chica que sabe lo que quiere: disfrutar de todos los placeres de la vida.<img decoding=\"async\" class=\"alignleft\" src=\"https:\/\/i5.walmartimages.com\/asr\/5ccb6318-ade4-4cdb-b23f-17f5b4520486.3ce04d53cc7c7868cf039b419f1c6c08.jpeg?odnHeight=612&amp;odnWidth=612&amp;odnBg=FFFFFF\" \/><\/p>\n<p>El tradicional dise\u00f1o de calavera estilizada del frasco se presenta ahora en un vibrante rosa para realzar la riqueza y la audacia de esta composici\u00f3n femenina. No importa si quien la lleva es delicada y fr\u00e1gil o emocional y segura de s\u00ed misma, la composici\u00f3n contribuir\u00e1 a su imagen, resaltando sus rasgos de car\u00e1cter para destacar.<\/p>\n<h3>Notas Olfativas<\/h3>\n<p>Police To Be Sweet Girl Eau de Parfum, creado en 2020, brilla con vibrantes notas frutales, delicados motivos florales y atrevidos motivos orientales. <span dir=\"auto\">Las notas de salida<\/span><span dir=\"auto\"> se abren con naranja jugosa, bergamota \u00e1cida y grosella negra dulce. La mezcla de c\u00edtricos y bayas seduce con su ligera acidez, frescura y energ\u00eda. <\/span><span dir=\"auto\">Las notas de coraz\u00f3n<\/span><span dir=\"auto\"> est\u00e1n llenas de un motivo floral herb\u00e1ceo de absoluto de jazm\u00edn, iris y ciclamen, revelando el coraz\u00f3n sensual y femenino de la fragancia.\u00a0<\/span><span dir=\"auto\">Las notas de base<\/span><span dir=\"auto\">\u00a0dejan la profundidad y la calidez de la madera de cachemira y el pachul\u00ed en la piel.<\/span><\/p>\n<p><span dir=\"auto\"><strong>Notas de salida:<\/strong> bergamota, grosella negra, naranja.<\/span><\/p>\n<p><span dir=\"auto\"><strong>Notas de coraz\u00f3n:<\/strong> ciclamen, caramelo, jazm\u00edn, iris.<\/span><\/p>\n<p><span dir=\"auto\"><strong>Notas de fondo:<\/strong> Orcanox\u2122, pachul\u00ed, madera de cachemira.<\/span><\/p>\n","protected":false},"excerpt":{"rendered":"<p>TO BE SWEET GIRL Atrevida, reconocible y moderna. Para adaptarse a la personalidad atrevida y exc\u00e9ntrica de la chica que<\/p>\n","protected":false},"featured_media":95132,"comment_status":"open","ping_status":"closed","template":"","meta":{"nf_dc_page":""},"product_brand":[2029],"product_cat":[84],"product_tag":[2180],"class_list":{"0":"post-95131","1":"product","2":"type-product","3":"status-publish","4":"has-post-thumbnail","6":"product_brand-police","7":"product_cat-perfumeria","8":"product_tag-2180","10":"first","11":"instock","12":"shipping-taxable","13":"purchasable","14":"product-type-simple"},"_links":{"self":[{"href":"https:\/\/brandss.com.py\/index\/wp-json\/wp\/v2\/product\/95131","targetHints":{"allow":["GET"]}}],"collection":[{"href":"https:\/\/brandss.com.py\/index\/wp-json\/wp\/v2\/product"}],"about":[{"href":"https:\/\/brandss.com.py\/index\/wp-json\/wp\/v2\/types\/product"}],"replies":[{"embeddable":true,"href":"https:\/\/brandss.com.py\/index\/wp-json\/wp\/v2\/comments?post=95131"}],"version-history":[{"count":1,"href":"https:\/\/brandss.com.py\/index\/wp-json\/wp\/v2\/product\/95131\/revisions"}],"predecessor-version":[{"id":95137,"href":"https:\/\/brandss.com.py\/index\/wp-json\/wp\/v2\/product\/95131\/revisions\/95137"}],"wp:featuredmedia":[{"embeddable":true,"href":"https:\/\/brandss.com.py\/index\/wp-json\/wp\/v2\/media\/95132"}],"wp:attachment":[{"href":"https:\/\/brandss.com.py\/index\/wp-json\/wp\/v2\/media?parent=95131"}],"wp:term":[{"taxonomy":"product_brand","embeddable":true,"href":"https:\/\/brandss.com.py\/index\/wp-json\/wp\/v2\/product_brand?post=95131"},{"taxonomy":"product_cat","embeddable":true,"href":"https:\/\/brandss.com.py\/index\/wp-json\/wp\/v2\/product_cat?post=95131"},{"taxonomy":"product_tag","embeddable":true,"href":"https:\/\/brandss.com.py\/index\/wp-json\/wp\/v2\/product_tag?post=95131"}],"curies":[{"name":"wp","href":"https:\/\/api.w.org\/{rel}","templated":true}]}}