{"id":95145,"date":"2025-12-18T19:14:19","date_gmt":"2025-12-18T19:14:19","guid":{"rendered":"https:\/\/brandss.com.py\/index\/?post_type=product&#038;p=95145"},"modified":"2025-12-18T19:15:11","modified_gmt":"2025-12-18T19:15:11","slug":"perfume-femenino-replay-source-of-life-edp-100ml","status":"publish","type":"product","link":"https:\/\/brandss.com.py\/index\/producto\/perfume-femenino-replay-source-of-life-edp-100ml\/","title":{"rendered":"PERFUME FEMENINO REPLAY SOURCE OF LIFE EDP 100ML"},"content":{"rendered":"<p><img loading=\"lazy\" decoding=\"async\" class=\"\" src=\"https:\/\/cdn.perfumetrader.de\/media\/catalog\/category\/REPLAY_FRAGRANCES_nero_1.png\" alt=\"Replay Signature for Her! Eau de Toilette 60 ml | Perfumetrader\" width=\"147\" height=\"42\" \/><\/p>\n<h1>SOURCE OF LIFE<\/h1>\n<p><span dir=\"auto\">Una fragancia femenina inspirada en la majestuosa belleza de los manantiales de nuestro planeta. Con sus vigorizantes notas acu\u00e1ticas, esta fragancia limpia y fresca captura la esencia refrescante del agua de mar, evocando una fluidez que despierta los sentidos.<img loading=\"lazy\" decoding=\"async\" class=\"alignleft\" src=\"https:\/\/replayjeans.kleecks-cdn.com\/us\/media\/wysiwyg\/FRAGRANCES_Landing_page\/600X800-2.jpg\" width=\"454\" height=\"605\" \/> Experimenta la esencia de la elegancia y la vitalidad con Source Of Life, una cautivadora fragancia femenina lanzada en 2023. <\/span><\/p>\n<p><span dir=\"auto\">Este exquisito Eau de Parfum es perfecto para quienes disfrutan de la vitalidad. Es el complemento ideal para tu colecci\u00f3n de fragancias.<\/span><\/p>\n<p><span dir=\"auto\">Descubre el vibrante esp\u00edritu de Source Of Life y haz que esta fragancia sea tu aroma distintivo.<\/span><\/p>\n<p>&nbsp;<\/p>\n<h3>Notas Olfativas<\/h3>\n<p>&nbsp;<\/p>\n<p><span dir=\"auto\">Source Of Life pertenece a la familia de fragancias Floral Frutal, ofreciendo una deliciosa sinfon\u00eda de aromas. Las notas de salida presentan una refrescante mezcla de bergamota, lima y mandarina, creando un comienzo vigorizante que capta la atenci\u00f3n. A medida que la fragancia se despliega, las notas de coraz\u00f3n de jazm\u00edn y geranio africano cobran protagonismo, aportando un toque de sofisticaci\u00f3n y encanto floral.<\/span><\/p>\n<p><span dir=\"auto\">El aroma se asienta con gracia en una base c\u00e1lida y acogedora. La encantadora combinaci\u00f3n de lisylang, hoja de pachul\u00ed de Indonesia y vainillina proporciona una sensaci\u00f3n duradera, reconfortante y elegante. Esta armoniosa mezcla garantiza que Source Of Life sea una fragancia que conecta profundamente con la mujer moderna.<\/span><\/p>\n<p>&nbsp;<\/p>\n<p><strong>Notas de salida:<\/strong> bergamota, lima, mandarina.<br \/>\n<strong>Notas de coraz\u00f3n:<\/strong> jazm\u00edn, geranio africano.<br \/>\n<strong>Notas de fondo:<\/strong> Lisylang, hoja de pachul\u00ed de Indonesia, vainillina.<\/p>\n","protected":false},"excerpt":{"rendered":"<p>SOURCE OF LIFE Una fragancia femenina inspirada en la majestuosa belleza de los manantiales de nuestro planeta. Con sus vigorizantes<\/p>\n","protected":false},"featured_media":95146,"comment_status":"open","ping_status":"closed","template":"","meta":{"nf_dc_page":""},"product_brand":[2172],"product_cat":[84],"product_tag":[2182],"class_list":{"0":"post-95145","1":"product","2":"type-product","3":"status-publish","4":"has-post-thumbnail","6":"product_brand-replay","7":"product_cat-perfumeria","8":"product_tag-2182","10":"first","11":"instock","12":"shipping-taxable","13":"purchasable","14":"product-type-simple"},"_links":{"self":[{"href":"https:\/\/brandss.com.py\/index\/wp-json\/wp\/v2\/product\/95145","targetHints":{"allow":["GET"]}}],"collection":[{"href":"https:\/\/brandss.com.py\/index\/wp-json\/wp\/v2\/product"}],"about":[{"href":"https:\/\/brandss.com.py\/index\/wp-json\/wp\/v2\/types\/product"}],"replies":[{"embeddable":true,"href":"https:\/\/brandss.com.py\/index\/wp-json\/wp\/v2\/comments?post=95145"}],"version-history":[{"count":1,"href":"https:\/\/brandss.com.py\/index\/wp-json\/wp\/v2\/product\/95145\/revisions"}],"predecessor-version":[{"id":95151,"href":"https:\/\/brandss.com.py\/index\/wp-json\/wp\/v2\/product\/95145\/revisions\/95151"}],"wp:featuredmedia":[{"embeddable":true,"href":"https:\/\/brandss.com.py\/index\/wp-json\/wp\/v2\/media\/95146"}],"wp:attachment":[{"href":"https:\/\/brandss.com.py\/index\/wp-json\/wp\/v2\/media?parent=95145"}],"wp:term":[{"taxonomy":"product_brand","embeddable":true,"href":"https:\/\/brandss.com.py\/index\/wp-json\/wp\/v2\/product_brand?post=95145"},{"taxonomy":"product_cat","embeddable":true,"href":"https:\/\/brandss.com.py\/index\/wp-json\/wp\/v2\/product_cat?post=95145"},{"taxonomy":"product_tag","embeddable":true,"href":"https:\/\/brandss.com.py\/index\/wp-json\/wp\/v2\/product_tag?post=95145"}],"curies":[{"name":"wp","href":"https:\/\/api.w.org\/{rel}","templated":true}]}}