{"id":95435,"date":"2025-12-29T18:22:30","date_gmt":"2025-12-29T18:22:30","guid":{"rendered":"https:\/\/brandss.com.py\/index\/?post_type=product&#038;p=95435"},"modified":"2025-12-29T18:23:37","modified_gmt":"2025-12-29T18:23:37","slug":"perfume-femenino-emper-chifon-edp-100ml","status":"publish","type":"product","link":"https:\/\/brandss.com.py\/index\/producto\/perfume-femenino-emper-chifon-edp-100ml\/","title":{"rendered":"PERFUME FEMENINO EMPER CHIFON EDP 100ML"},"content":{"rendered":"<p><img loading=\"lazy\" decoding=\"async\" class=\"\" src=\"https:\/\/www.perfumesmalaga.es\/img\/cms\/emper-breadcrumb.png\" alt=\"Luxe Verde de Emper, est\u00e1 inspirado en la belleza del misterio\" width=\"101\" height=\"84\" \/><\/p>\n<h1>CHIFON<\/h1>\n<p data-end=\"397\" data-start=\"181\"><span dir=\"auto\"><span class=\"VIpgJd-yAWNEb-VIpgJd-fmcmS-sn54Q\" dir=\"auto\">\u00a0Es un homenaje a la feminidad delicada y radiante. Suave, elegante y fresca, este Eau de Parfum envuelve la piel en un velo floral y afrutado, perfecto para alegrar tus d\u00edas.<\/span><\/span><\/p>\n<p data-end=\"520\" data-start=\"399\"><span dir=\"auto\">Su nombre evoca un tejido ligero, as\u00ed como su fragancia evoca la pureza, frescura y gracia de una mujer radiante. <\/span>Suave como el tacto del chif\u00f3n sobre la piel pero siempre inolvidable. El eau de parfum para mujer Emper Chifon es una fragancia fresca y sensual a la vez que combina notas c\u00edtricas con unas notas de coraz\u00f3n florales y unas notas de fondo c\u00e1lidas. Inspira inocencia, elegancia y un suave dulzor que iluminar\u00e1 tu d\u00eda a d\u00eda.<img decoding=\"async\" class=\"alignleft\" src=\"https:\/\/mannah.com.py\/wp-content\/uploads\/2025\/08\/2368808.webp\" \/><\/p>\n<p>Chifon es un homenaje a la ligereza y a la belleza fr\u00e1gil que simboliza el delicado chif\u00f3n. El frasco, adornado con un lazo de gasa, hace referencia a la pureza y la sensibilidad, mientras que la propia fragancia combina frescor y una sensualidad dulce. Es como un vestido de una tela fina, que resulta ligero, vaporoso y llamativo al mismo tiempo.<\/p>\n<h3>Notas Olfativas<\/h3>\n<p><span dir=\"auto\">El Eau de Parfum Emper Chifon captura una amplia gama de matices arom\u00e1ticos. Es como una cuerda gruesa, tejida con hilos de diversas fragancias. Su base incluye notas florales, amaderadas y almizcladas, realzadas por acentos c\u00edtricos. Este exquisito perfume simboliza la naturaleza multifac\u00e9tica y misteriosa de la mujer. Como un iceberg, solo vemos la punta, mientras que la mayor parte permanece oculta y llena de misterios, similar al alma y la personalidad de una desconocida enigm\u00e1tica.<\/span><\/p>\n<p><span dir=\"auto\">Esta obra maestra olfativa comienza con tonos vivos y vigorizantes, donde el artista elige una mezcla de mandarina madura y fragante bergamota. Las notas posteriores son m\u00e1s delicadas, encarnando la feminidad. Consisten en un cuarteto de iris dulce, rosa, s\u00e1ndalo noble y jazm\u00edn arom\u00e1tico. La firma del artista, que marca el final de la composici\u00f3n, se plasma en impactantes remolinos de almizcle duradero y suave vainilla.<\/span><\/p>\n<p><strong><span dir=\"auto\">Nota de salida:<\/span><\/strong><span dir=\"auto\"> bergamota, mandarina.<\/span><br \/>\n<strong><span dir=\"auto\">Nota de coraz\u00f3n:<\/span><\/strong><span dir=\"auto\"> iris, jazm\u00edn, rosa, s\u00e1ndalo.<\/span><br \/>\n<strong><span dir=\"auto\">Nota de fondo:<\/span><\/strong><span dir=\"auto\"> vainilla, almizcle blanco.<\/span><\/p>\n","protected":false},"excerpt":{"rendered":"<p>CHIFON \u00a0Es un homenaje a la feminidad delicada y radiante. Suave, elegante y fresca, este Eau de Parfum envuelve la<\/p>\n","protected":false},"featured_media":95436,"comment_status":"open","ping_status":"closed","template":"","meta":{"nf_dc_page":""},"product_brand":[2211],"product_cat":[84],"product_tag":[2239],"class_list":{"0":"post-95435","1":"product","2":"type-product","3":"status-publish","4":"has-post-thumbnail","6":"product_brand-emper","7":"product_cat-perfumeria","8":"product_tag-2239","10":"first","11":"instock","12":"shipping-taxable","13":"purchasable","14":"product-type-simple"},"_links":{"self":[{"href":"https:\/\/brandss.com.py\/index\/wp-json\/wp\/v2\/product\/95435","targetHints":{"allow":["GET"]}}],"collection":[{"href":"https:\/\/brandss.com.py\/index\/wp-json\/wp\/v2\/product"}],"about":[{"href":"https:\/\/brandss.com.py\/index\/wp-json\/wp\/v2\/types\/product"}],"replies":[{"embeddable":true,"href":"https:\/\/brandss.com.py\/index\/wp-json\/wp\/v2\/comments?post=95435"}],"version-history":[{"count":1,"href":"https:\/\/brandss.com.py\/index\/wp-json\/wp\/v2\/product\/95435\/revisions"}],"predecessor-version":[{"id":95440,"href":"https:\/\/brandss.com.py\/index\/wp-json\/wp\/v2\/product\/95435\/revisions\/95440"}],"wp:featuredmedia":[{"embeddable":true,"href":"https:\/\/brandss.com.py\/index\/wp-json\/wp\/v2\/media\/95436"}],"wp:attachment":[{"href":"https:\/\/brandss.com.py\/index\/wp-json\/wp\/v2\/media?parent=95435"}],"wp:term":[{"taxonomy":"product_brand","embeddable":true,"href":"https:\/\/brandss.com.py\/index\/wp-json\/wp\/v2\/product_brand?post=95435"},{"taxonomy":"product_cat","embeddable":true,"href":"https:\/\/brandss.com.py\/index\/wp-json\/wp\/v2\/product_cat?post=95435"},{"taxonomy":"product_tag","embeddable":true,"href":"https:\/\/brandss.com.py\/index\/wp-json\/wp\/v2\/product_tag?post=95435"}],"curies":[{"name":"wp","href":"https:\/\/api.w.org\/{rel}","templated":true}]}}