{"id":95498,"date":"2025-12-30T19:17:43","date_gmt":"2025-12-30T19:17:43","guid":{"rendered":"https:\/\/brandss.com.py\/index\/?post_type=product&#038;p=95498"},"modified":"2025-12-30T19:18:34","modified_gmt":"2025-12-30T19:18:34","slug":"perfume-unisex-al-malakia-sultan-el-oud-edp-100ml","status":"publish","type":"product","link":"https:\/\/brandss.com.py\/index\/producto\/perfume-unisex-al-malakia-sultan-el-oud-edp-100ml\/","title":{"rendered":"PERFUME UNISEX AL MALAKIA SULT\u00c1N EL OUD EDP 100ML"},"content":{"rendered":"<p><img loading=\"lazy\" decoding=\"async\" class=\"\" src=\"https:\/\/mapleprime.com\/cdn\/shop\/collections\/Al_Malakia_2500_x_995.jpg?v=1765980197\" alt=\"Al Malakia | Maple Prime\" width=\"148\" height=\"59\" \/><\/p>\n<h1>SULT\u00c1N EL OUD<\/h1>\n<p data-start=\"146\" data-end=\"464\"><strong><em><span dir=\"auto\">Un aroma majestuoso que domina con elegancia y profundidad<\/span><\/em><\/strong><\/p>\n<p data-start=\"146\" data-end=\"464\">Es una fragancia intensa, majestuosa y profundamente oriental, creada para quienes buscan un aroma poderoso, sofisticado y con car\u00e1cter. Representa la opulencia del oud en su versi\u00f3n m\u00e1s refinada, envuelta en notas c\u00e1lidas, amaderadas y ligeramente dulces que dejan una estela memorable y envolvente.<img decoding=\"async\" class=\"alignleft\" src=\"https:\/\/pcdesignperfumes.com\/wp-content\/uploads\/2025\/06\/4-330x413.png\" \/><\/p>\n<p data-start=\"466\" data-end=\"595\">Es un perfume unisex, ideal para personas seguras, amantes de las fragancias \u00e1rabes cl\u00e1sicas con un toque moderno y elegante.<\/p>\n<h3 data-start=\"466\" data-end=\"595\">Notas Olfativas<\/h3>\n<p><span dir=\"auto\">Presentado en una lujosa botella estriada de oro adornada con delicados motivos arquitect\u00f3nicos y piedras azules similares al zafiro,<\/span><br \/>\n<span dir=\"auto\">Sult\u00e1n el Oud <\/span><span dir=\"auto\">es una fragancia unisex refinada que se abre con un vibrante estallido de c\u00edtricos y verdes,<\/span><br \/>\n<span dir=\"auto\">revela un coraz\u00f3n floral ahumado y concluye con un rico abrazo de oud y \u00e1mbar.<\/span><\/p>\n<ul>\n<li><strong><span dir=\"auto\">Notas de salida:<\/span><\/strong><span dir=\"auto\"> afrutado, verde, c\u00edtrico.<\/span><\/li>\n<li><strong><span dir=\"auto\">Notas de coraz\u00f3n:<\/span><\/strong><span dir=\"auto\"> flores blancas, ahumado, rosa.<\/span><\/li>\n<li><strong><span dir=\"auto\">Notas de fondo:<\/span><\/strong><span dir=\"auto\"> oud, vainilla, \u00e1mbar.<\/span><\/li>\n<\/ul>\n","protected":false},"excerpt":{"rendered":"<p>SULT\u00c1N EL OUD Un aroma majestuoso que domina con elegancia y profundidad Es una fragancia intensa, majestuosa y profundamente oriental,<\/p>\n","protected":false},"featured_media":95499,"comment_status":"open","ping_status":"closed","template":"","meta":{"nf_dc_page":""},"product_brand":[2241],"product_cat":[84],"product_tag":[2250],"class_list":{"0":"post-95498","1":"product","2":"type-product","3":"status-publish","4":"has-post-thumbnail","6":"product_brand-al-malakia","7":"product_cat-perfumeria","8":"product_tag-2250","10":"first","11":"instock","12":"shipping-taxable","13":"purchasable","14":"product-type-simple"},"_links":{"self":[{"href":"https:\/\/brandss.com.py\/index\/wp-json\/wp\/v2\/product\/95498","targetHints":{"allow":["GET"]}}],"collection":[{"href":"https:\/\/brandss.com.py\/index\/wp-json\/wp\/v2\/product"}],"about":[{"href":"https:\/\/brandss.com.py\/index\/wp-json\/wp\/v2\/types\/product"}],"replies":[{"embeddable":true,"href":"https:\/\/brandss.com.py\/index\/wp-json\/wp\/v2\/comments?post=95498"}],"version-history":[{"count":1,"href":"https:\/\/brandss.com.py\/index\/wp-json\/wp\/v2\/product\/95498\/revisions"}],"predecessor-version":[{"id":95503,"href":"https:\/\/brandss.com.py\/index\/wp-json\/wp\/v2\/product\/95498\/revisions\/95503"}],"wp:featuredmedia":[{"embeddable":true,"href":"https:\/\/brandss.com.py\/index\/wp-json\/wp\/v2\/media\/95499"}],"wp:attachment":[{"href":"https:\/\/brandss.com.py\/index\/wp-json\/wp\/v2\/media?parent=95498"}],"wp:term":[{"taxonomy":"product_brand","embeddable":true,"href":"https:\/\/brandss.com.py\/index\/wp-json\/wp\/v2\/product_brand?post=95498"},{"taxonomy":"product_cat","embeddable":true,"href":"https:\/\/brandss.com.py\/index\/wp-json\/wp\/v2\/product_cat?post=95498"},{"taxonomy":"product_tag","embeddable":true,"href":"https:\/\/brandss.com.py\/index\/wp-json\/wp\/v2\/product_tag?post=95498"}],"curies":[{"name":"wp","href":"https:\/\/api.w.org\/{rel}","templated":true}]}}