{"id":95761,"date":"2026-01-07T17:37:29","date_gmt":"2026-01-07T17:37:29","guid":{"rendered":"https:\/\/brandss.com.py\/index\/?post_type=product&#038;p=95761"},"modified":"2026-03-13T16:22:22","modified_gmt":"2026-03-13T16:22:22","slug":"tablet-xiaomi-redmi-pad-2-8-256gb-11-wi-fi-graphite-gray","status":"publish","type":"product","link":"https:\/\/brandss.com.py\/index\/producto\/tablet-xiaomi-redmi-pad-2-8-256gb-11-wi-fi-graphite-gray\/","title":{"rendered":"TABLET XIAOMI REDMI PAD 2 8\/256GB 11&#8243; WI-FI GRAPHITE GRAY"},"content":{"rendered":"<p><img loading=\"lazy\" decoding=\"async\" class=\"\" src=\"https:\/\/images.seeklogo.com\/logo-png\/40\/2\/xiaomi-new-2021-logo-png_seeklogo-400999.png\" alt=\"Xiaomi Logo PNG Vectors Free Download\" width=\"83\" height=\"83\" \/><\/p>\n<h1>REDMI PAD 2<\/h1>\n<p>La Tablet Xiaomi Redmi Pad 2 est\u00e1 dise\u00f1ada para ofrecer una experiencia multimedia excepcional. Con su impresionante pantalla LCD IPS de 11 pulgadas y una tasa de refresco de 90 Hz, disfrutar\u00e1s de im\u00e1genes fluidas y vibrantes con una resoluci\u00f3n 2K de 2560 x 1600. Esta tablet est\u00e1 equipada con el sistema operativo Android 15 y la interfaz HyperOS 2.0, asegurando un rendimiento fluido y una navegaci\u00f3n intuitiva. La conectividad Wi-Fi y Bluetooth te permite estar siempre conectado, ya sea para trabajar, estudiar o disfrutar de tus contenidos favoritos. El audio es otro de sus puntos fuertes, con tecnolog\u00eda Dolby Atmos y Hi-Res Audio que garantizan un sonido envolvente y de alta calidad, complementado por altavoces est\u00e9reo. Adem\u00e1s, su c\u00e1mara avanzada ofrece funciones como zoom digital, enfoque autom\u00e1tico y disparo continuo, ideales para capturar momentos \u00fanicos con precisi\u00f3n y calidad. Esta tablet es perfecta para estudiantes, profesionales y amantes del entretenimiento que buscan un dispositivo potente y port\u00e1til.<\/p>\n<div class=\"section div2 lazy\" role=\"\" data-type=\"bg\" data-id=\"x2zhub6ri4\" data-background-image=\"\" data-loaded=\"true\"><img decoding=\"async\" class=\"xm-img\" src=\"https:\/\/i02.appmifile.com\/530_operator_sg\/03\/06\/2025\/fc85ef06bb4718a387272cc50a5aec43.png\" alt=\"Redmi Pad 2\" data-productname=\"\" data-id=\"n5xovrhgz5\" data-key=\"\" \/><\/p>\n<div class=\"div4\"><img decoding=\"async\" class=\"xm-img\" src=\"https:\/\/i02.appmifile.com\/mi-com-product\/fly-birds\/redmi-pad-2\/pc\/8c7a9e8b83d62ec497cea0d9c11c2460.png\" alt=\"\" data-productname=\"\" data-id=\"i8h0rzgbm0\" data-key=\"\" \/><\/p>\n<div class=\"div6\"><span class=\"xm-text split_text1827\" data-key=\"slogan_1\" data-type=\"text\" data-id=\"av7qz3yjjf\">Gran pantalla, gran diversi\u00f3n.<\/span><\/div>\n<\/div>\n<\/div>\n<div class=\"section div14 lazy\" role=\"\" data-type=\"bg\" data-id=\"c164jli0v5\" data-background-image=\"\" data-loaded=\"true\">\n<div class=\"div16\">\n<div class=\"div17\">\n<div style=\"width: 383px\" class=\"wp-caption alignleft\"><img loading=\"lazy\" decoding=\"async\" class=\"xm-img\" src=\"https:\/\/i02.appmifile.com\/mi-com-product\/fly-birds\/redmi-pad-2\/pc\/2477976cc6ceed209fcbea117f01ccaa.png\" alt=\"Pantalla crystal-clear de 11&quot; con resoluci\u00f3n de 2.5K\" width=\"373\" height=\"145\" data-productname=\"\" data-id=\"avkj3jdtv5\" data-key=\"\" \/><p class=\"wp-caption-text\">Pantalla crystal-clear de 11&#8243; con resoluci\u00f3n de 2.5K<\/p><\/div>\n<div class=\"div19\"><\/div>\n<\/div>\n<div class=\"div20\">\n<div class=\"div21\">\n<div style=\"width: 211px\" class=\"wp-caption alignleft\"><img loading=\"lazy\" decoding=\"async\" class=\"xm-img\" src=\"https:\/\/i02.appmifile.com\/mi-com-product\/fly-birds\/redmi-pad-2\/pc\/0a4915ea1c666a417785779e158fa96f.png\" alt=\"Gran bater\u00eda de 9000 mAh (typ)\" width=\"201\" height=\"239\" data-productname=\"\" data-id=\"5329phm8l0\" data-key=\"\" \/><p class=\"wp-caption-text\">Gran bater\u00eda de 9000 mAh (typ)<\/p><\/div>\n<div class=\"div23\"><\/div>\n<\/div>\n<div class=\"div24\">\n<div style=\"width: 246px\" class=\"wp-caption alignleft\"><img loading=\"lazy\" decoding=\"async\" class=\"xm-img\" src=\"https:\/\/i02.appmifile.com\/mi-com-product\/fly-birds\/redmi-pad-2\/pc\/a02aa3da201cc5a06dfe1410b7b622cb.png\" alt=\"\" width=\"236\" height=\"282\" data-productname=\"\" data-id=\"xd563jbtbt\" data-key=\"\" \/><p class=\"wp-caption-text\">Potente procesador Helio G100-Ultra<\/p><\/div>\n<div class=\"div26\">\n<div style=\"width: 962px\" class=\"wp-caption aligncenter\"><img loading=\"lazy\" decoding=\"async\" class=\"xm-img\" src=\"https:\/\/i02.appmifile.com\/mi-com-product\/fly-birds\/redmi-pad-2\/pc\/0b8f8f027851c4e70bd8410171c2bc57.png\" alt=\"\" width=\"952\" height=\"384\" data-productname=\"\" data-id=\"8tx6b1ef2v\" data-key=\"\" \/><p class=\"wp-caption-text\">Cuatro altavoces para un sonido envolvente<\/p><\/div>\n<\/div>\n<\/div>\n<\/div>\n<div class=\"div27\">\n<div class=\"div29\"><\/div>\n<\/div>\n<\/div>\n<\/div>\n<div class=\"section div30 lazy\" role=\"\" data-type=\"bg\" data-id=\"ajun8ruqo5\" data-background-image=\"\" data-loaded=\"true\">\n<div class=\"div32\"><\/div>\n<\/div>\n<div class=\"section div33 lazy\" role=\"\" data-type=\"bg\" data-id=\"lodjiatqew\" data-background-image=\"\" data-loaded=\"true\">\n<div style=\"width: 692px\" class=\"wp-caption alignnone\"><img loading=\"lazy\" decoding=\"async\" class=\"xm-img lazy\" src=\"https:\/\/i02.appmifile.com\/mi-com-product\/fly-birds\/redmi-pad-2\/pc\/96152f878c61ee5278decfc8705c6079.png\" alt=\"\" width=\"682\" height=\"522\" data-productname=\"\" data-id=\"y7mu0se0dz\" data-key=\"\" data-src=\"https:\/\/i02.appmifile.com\/mi-com-product\/fly-birds\/redmi-pad-2\/pc\/96152f878c61ee5278decfc8705c6079.png\" data-loaded=\"true\" \/><p class=\"wp-caption-text\">Pantalla crystal-clear de 11&#8243; con resoluci\u00f3n de 2.5K La Redmi Pad 2 cuenta con una pantalla crystal-clear de 11&#8243; con resoluci\u00f3n de 2.5K que ofrece unas im\u00e1genes impresionantes. Compatible con m\u00e1s de 1070\u00a0millones de colores, la pantalla presenta el contenido con tonos detallados y vibrantes, y con un detalle exquisito, destacando tanto en entretenimiento envolvente como en uso diario.<\/p><\/div>\n<div class=\"div35\">\n<div class=\"div37\"><\/div>\n<\/div>\n<div class=\"div38\">\n<div class=\"div002\">\n<div class=\"div51\"><\/div>\n<\/div>\n<\/div>\n<div class=\"div55\"><span class=\"xm-text split_text1806 f-light\" data-key=\"overview_14\" data-type=\"text\" data-id=\"uhl7o1qx04\">*El tama\u00f1o de la pantalla de la Redmi Pad 2 es de unas 11\u00a0pulgadas cuando se mide en diagonal. El \u00e1rea de visualizaci\u00f3n es m\u00e1s peque\u00f1a debido a las esquinas curvadas. Las medidas entre productos individuales pueden variar.<\/span><\/div>\n<\/div>\n<div class=\"section div56 lazy\" role=\"\" data-type=\"bg\" data-id=\"zxtdfio53f\" data-background-image=\"\" data-loaded=\"true\">\n<div style=\"width: 486px\" class=\"wp-caption alignleft\"><img loading=\"lazy\" decoding=\"async\" class=\"xm-img lazy\" src=\"https:\/\/i02.appmifile.com\/mi-com-product\/fly-birds\/redmi-pad-2\/pc\/ff8469bd9a205d26fc70027792d26c5d.png\" alt=\"Tasa de refresco AdaptiveSync fluida de 90 HzLa Redmi Pad 2 cuenta con una frecuencia de actualizaci\u00f3n AdaptiveSync de 90\u00a0Hz, que ofrece una experiencia visual excepcionalmente fluida y fiable. Ya sea para desplazarte por el contenido, jugar o ver v\u00eddeos, la frecuencia de actualizaci\u00f3n adaptativa garantiza transiciones perfectas y un desenfoque por movimiento reducido, lo que hace que cada interacci\u00f3n resulte m\u00e1s agradable.\n*La tasa de refresco se puede ajustar hasta 90 Hz para aplicaciones y juegos compatibles. Consulta la experiencia real.\" width=\"476\" height=\"280\" data-productname=\"\" data-id=\"iwmuc4zw3o\" data-key=\"\" data-src=\"https:\/\/i02.appmifile.com\/mi-com-product\/fly-birds\/redmi-pad-2\/pc\/ff8469bd9a205d26fc70027792d26c5d.png\" data-loaded=\"true\" \/><p class=\"wp-caption-text\">Tasa de refresco AdaptiveSync fluida de 90 Hz La Redmi Pad 2 cuenta con una frecuencia de actualizaci\u00f3n AdaptiveSync de 90\u00a0Hz, que ofrece una experiencia visual excepcionalmente fluida y fiable. Ya sea para desplazarte por el contenido, jugar o ver v\u00eddeos, la frecuencia de actualizaci\u00f3n adaptativa garantiza transiciones perfectas y un desenfoque por movimiento reducido, lo que hace que cada interacci\u00f3n resulte m\u00e1s agradable. *La tasa de refresco se puede ajustar hasta 90 Hz para aplicaciones y juegos compatibles. Consulta la experiencia real.<\/p><\/div>\n<div class=\"div58\">\n<div class=\"div61\"><\/div>\n<\/div>\n<\/div>\n<div class=\"section div62 lazy\" role=\"\" data-type=\"bg\" data-id=\"0dgx6tm6yq\" data-background-image=\"\" data-loaded=\"true\">\n<div style=\"width: 402px\" class=\"wp-caption alignleft\"><img loading=\"lazy\" decoding=\"async\" class=\"xm-img lazy\" src=\"https:\/\/i02.appmifile.com\/mi-com-product\/fly-birds\/redmi-pad-2\/pc\/eb409f8068a245c60c26b160daae3c18.png\" alt=\"\" width=\"392\" height=\"216\" data-productname=\"\" data-id=\"ro2lilxj30\" data-key=\"\" data-src=\"https:\/\/i02.appmifile.com\/mi-com-product\/fly-birds\/redmi-pad-2\/pc\/eb409f8068a245c60c26b160daae3c18.png\" data-loaded=\"true\" \/><p class=\"wp-caption-text\">Pantalla con cuidado visual Con atenuaci\u00f3n DC y certificaciones de T\u00dcV Rheinland de luz azul reducida, tecnolog\u00eda sin parpadeos y ritmos circadianos, la Redmi Pad 2 ofrece comodidad visual todo el d\u00eda. Certificaci\u00f3n de luz azul reducida (soluci\u00f3n de software) de T\u00dcV Rheinland Certificaci\u00f3n de tecnolog\u00eda sin parpadeos de T\u00dcV Rheinland Certificaci\u00f3n de compatibilidad con ritmos circadianos de T\u00dcV Rheinland<\/p><\/div>\n<p>&nbsp;<\/p>\n<p>&nbsp;<\/p>\n<\/div>\n<div class=\"section div75 lazy\" role=\"\" data-type=\"bg\" data-id=\"87mz3mo0jx\" data-background-image=\"\" data-loaded=\"true\">\n<div style=\"width: 395px\" class=\"wp-caption alignright\"><img loading=\"lazy\" decoding=\"async\" class=\"xm-img lazy\" src=\"https:\/\/i02.appmifile.com\/mi-com-product\/fly-birds\/redmi-pad-2\/pc\/783838368a5b1b039bdd4b139bef02e8.png\" alt=\"\" width=\"385\" height=\"229\" data-productname=\"\" data-id=\"dmwnndwfnf\" data-key=\"\" data-src=\"https:\/\/i02.appmifile.com\/mi-com-product\/fly-birds\/redmi-pad-2\/pc\/783838368a5b1b039bdd4b139bef02e8.png\" data-loaded=\"true\" \/><p class=\"wp-caption-text\">Gran bater\u00eda de 9000\u00a0mAh (typ) La Redmi Pad 2 cuenta con una enorme bater\u00eda de 9000\u00a0mAh (typ) dise\u00f1ada para ofrecer una resistencia imparable. Es capaz de gestionar sin esfuerzo sesiones de lectura y juegos, y maratones de series.<\/p><\/div>\n<div class=\"div003\">\n<div class=\"div95\">\n<div class=\"div97\"><\/div>\n<\/div>\n<div class=\"div77\">\n<div class=\"div79\">\n<div class=\"div80\">\n<div class=\"div81\"><\/div>\n<\/div>\n<\/div>\n<\/div>\n<\/div>\n<div class=\"div98\"><\/div>\n<\/div>\n<div class=\"section div980 lazy\" role=\"\" data-type=\"bg\" data-id=\"inncikra44\" data-background-image=\"\" data-loaded=\"true\">\n<div class=\"div1000\"><\/div>\n<\/div>\n<div class=\"section div1010 lazy\" role=\"\" data-type=\"bg\" data-id=\"8lojb8kriw\" data-background-image=\"\" data-loaded=\"true\">\n<div style=\"width: 471px\" class=\"wp-caption alignleft\"><img loading=\"lazy\" decoding=\"async\" class=\"xm-img lazy\" src=\"https:\/\/i02.appmifile.com\/mi-com-product\/fly-birds\/redmi-pad-2\/pc\/fbc0b37f519141127b8c93761a83acc9.png\" alt=\"\" width=\"461\" height=\"208\" data-productname=\"\" data-id=\"hblxyrio4g\" data-key=\"\" data-src=\"https:\/\/i02.appmifile.com\/mi-com-product\/fly-birds\/redmi-pad-2\/pc\/fbc0b37f519141127b8c93761a83acc9.png\" data-loaded=\"true\" \/><p class=\"wp-caption-text\">Potente procesador Helio G100-Ultra La Redmi Pad 2 est\u00e1 equipada con el procesador MediaTek Helio G100-Ultra, que ofrece un rendimiento m\u00e1s potente. Ofrece una experiencia m\u00e1s fluida y envolvente para el entretenimiento diario.<\/p><\/div>\n<div class=\"div1030\">\n<div class=\"div1050\"><\/div>\n<\/div>\n<\/div>\n<div class=\"section div113 lazy\" role=\"\" data-type=\"bg\" data-id=\"o1xo2uh6s7\" data-background-image=\"\" data-loaded=\"true\">\n<div style=\"width: 453px\" class=\"wp-caption alignright\"><img loading=\"lazy\" decoding=\"async\" class=\"xm-img lazy\" src=\"https:\/\/i02.appmifile.com\/mi-com-product\/fly-birds\/redmi-pad-2\/pc\/62890affc0c4fc497ad6bb765c4c531a.png\" alt=\"\" width=\"443\" height=\"290\" data-productname=\"\" data-id=\"iwbqb64hr7\" data-key=\"\" data-src=\"https:\/\/i02.appmifile.com\/mi-com-product\/fly-birds\/redmi-pad-2\/pc\/62890affc0c4fc497ad6bb765c4c531a.png\" data-loaded=\"true\" \/><p class=\"wp-caption-text\">Almacenamiento ampliable de 2\u00a0TB Gracias a la compatibilidad con hasta 2\u00a0TB de almacenamiento ampliable, podr\u00e1s almacenar f\u00e1cilmente casi cien pel\u00edculas de alta definici\u00f3n, por lo que tendr\u00e1s espacio de sobra para disfrutar de tu entretenimiento favorito. *La tarjeta de almacenamiento ampliable se vende por separado.<\/p><\/div>\n<div class=\"div115\">\n<div class=\"div118\"><\/div>\n<\/div>\n<\/div>\n<div class=\"section div119 lazy\" role=\"\" data-type=\"bg\" data-id=\"2omlu6tn50\" data-background-image=\"\" data-loaded=\"true\">\n<div class=\"div120\">\n<div class=\"div122\"><\/div>\n<\/div>\n<div class=\"div123\">\n<div style=\"width: 422px\" class=\"wp-caption alignleft\"><img loading=\"lazy\" decoding=\"async\" class=\"xm-img lazy\" src=\"https:\/\/i02.appmifile.com\/mi-com-product\/fly-birds\/redmi-pad-2\/pc\/c326319f372f825250d04bef4448d22f.png\" alt=\"\" width=\"412\" height=\"300\" data-productname=\"\" data-id=\"yw4eqixixc\" data-key=\"\" data-src=\"https:\/\/i02.appmifile.com\/mi-com-product\/fly-birds\/redmi-pad-2\/pc\/c326319f372f825250d04bef4448d22f.png\" data-loaded=\"true\" \/><p class=\"wp-caption-text\">Cuatro altavoces para un sonido envolvente La Redmi Pad 2 es compatible con Dolby Atmos\u00ae, que garantiza una experiencia de sonido envolvente para pel\u00edculas, juegos y m\u00fasica.<\/p><\/div>\n<div class=\"div126\">\n<div class=\"div128\"><\/div>\n<\/div>\n<p><img decoding=\"async\" class=\"xm-img lazy\" src=\"https:\/\/i02.appmifile.com\/mi-com-product\/fly-birds\/redmi-pad-2\/pc\/d654348a7530eadee94a138f458e7503.png\" alt=\"\" data-productname=\"\" data-id=\"cnx9h1p1t6\" data-key=\"\" data-src=\"https:\/\/i02.appmifile.com\/mi-com-product\/fly-birds\/redmi-pad-2\/pc\/d654348a7530eadee94a138f458e7503.png\" data-loaded=\"true\" \/><\/div>\n<\/div>\n<div class=\"section div130 lazy\" role=\"\" data-type=\"bg\" data-id=\"28fl38kydw\" data-background-image=\"\" data-loaded=\"true\">\n<div style=\"width: 418px\" class=\"wp-caption alignright\"><img loading=\"lazy\" decoding=\"async\" class=\"xm-img lazy\" src=\"https:\/\/i02.appmifile.com\/mi-com-product\/fly-birds\/redmi-pad-2\/pc\/319eb79c9736b71c7205f5b8fad506e7.png\" alt=\"\" width=\"408\" height=\"257\" data-productname=\"\" data-id=\"lv45h5a7h4\" data-key=\"\" data-src=\"https:\/\/i02.appmifile.com\/mi-com-product\/fly-birds\/redmi-pad-2\/pc\/319eb79c9736b71c7205f5b8fad506e7.png\" data-loaded=\"true\" \/><p class=\"wp-caption-text\">Dise\u00f1o Cuerpo con dise\u00f1o todo en metal La Redmi Pad 2 cuenta con un dise\u00f1o todo en metal que ofrece a los usuarios una experiencia t\u00e1ctil sofisticada. *Dise\u00f1o todo en metal hace referencia espec\u00edficamente a la cubierta trasera del producto y no incluye la decoraci\u00f3n de la c\u00e1mara, los botones, las ranuras para tarjetas u otros componentes.<\/p><\/div>\n<div class=\"div132\">\n<div class=\"div136\"><\/div>\n<\/div>\n<\/div>\n<div class=\"section div137 lazy\" role=\"\" data-type=\"bg\" data-id=\"d4hdzy76g1\" data-background-image=\"\" data-loaded=\"true\">\n<div style=\"width: 384px\" class=\"wp-caption alignnone\"><img loading=\"lazy\" decoding=\"async\" class=\"xm-img lazy\" src=\"https:\/\/i02.appmifile.com\/972_operator_sg\/03\/06\/2025\/9a0a1b743816794d634c0ea75e3dddb6.png\" alt=\"Redmi Pad 2\" width=\"374\" height=\"241\" data-productname=\"\" data-id=\"292a0qc5nc\" data-key=\"\" data-src=\"https:\/\/i02.appmifile.com\/972_operator_sg\/03\/06\/2025\/9a0a1b743816794d634c0ea75e3dddb6.png\" data-loaded=\"true\" \/><p class=\"wp-caption-text\">Dos colores elegantes La Redmi Pad 2 est\u00e1 disponible en dos elegantes colores: Gris Grafito y Verde Menta.<\/p><\/div>\n<div class=\"div139\">\n<div class=\"div141\"><\/div>\n<\/div>\n<\/div>\n<div class=\"section div150 lazy\" role=\"region\" data-type=\"bg\" data-id=\"ugjcmf8clu\" data-background-image=\"\" aria-labelledby=\"overview_54\" data-loaded=\"true\">\n<div class=\"div172\">\n<div class=\"div174\"><\/div>\n<\/div>\n<\/div>\n<p>&nbsp;<\/p>\n<div class=\"section div184 lazy\" role=\"\" data-type=\"bg\" data-id=\"p591jwkiio\" data-background-image=\"\" data-loaded=\"true\">\n<div id=\"product-specs-heading\" class=\"card-header\">\n<h2 class=\"card-title text-center\">Especificaciones<\/h2>\n<\/div>\n<div id=\"product-accordion-specs\" class=\"collapse show\" aria-labelledby=\"product-specs-heading\">\n<div class=\"card-body\">\n<div class=\"product-desc-content\">\n<div class=\"specification-item\">\n<div class=\"spec-label\">\n<div class=\"specification-item\">\n<div class=\"spec-label\">MARCA: Xiaomi.<\/div>\n<\/div>\n<div class=\"specification-item\">\n<div class=\"spec-label\">MODELO: Redmi Pad 2.<\/div>\n<\/div>\n<div class=\"specification-item\">\n<div class=\"spec-label\">COLOR: Gris Grafito.<\/div>\n<\/div>\n<div class=\"specification-item\">\n<div class=\"spec-label\">MEMORIA INTERNA: 256GB.<\/div>\n<\/div>\n<div class=\"specification-item\">\n<div class=\"spec-label\">MEMORIA RAM: 8GB.<\/div>\n<\/div>\n<div class=\"specification-item\">\n<div class=\"spec-label\">PROCESADOR CPU: MediaTek Helio G100 Ultra (6 nm) Octa Core (Dual Core de 2.2GHz + Hexa Core de 2.0GHz).<\/div>\n<\/div>\n<div class=\"specification-item\">\n<div class=\"spec-label\">SISTEMA OPERATIVO: Android 15 + HyperOS 2.0.<\/div>\n<\/div>\n<div class=\"specification-item\">\n<div class=\"spec-label\">PANTALLA: LCD de 11&#8243; 2.5K.<\/div>\n<\/div>\n<div class=\"specification-item\">\n<div class=\"spec-label\">TAZA DE ATUALIZACI\u00d3N: 90Hz.<\/div>\n<\/div>\n<div class=\"specification-item\">\n<div class=\"spec-label\">C\u00c1MARA: Principal de 8MP f\/2.0 + C\u00e1mara Frontal de 5MP f\/2.2.<\/div>\n<\/div>\n<div class=\"specification-item\">\n<div class=\"spec-label\">BATER\u00cdA: 9.000 mAh.<\/div>\n<\/div>\n<div class=\"specification-item\">\n<div class=\"spec-label\">COMUNICACI\u00d3N: USB-C &#8211; Conector Mini Jack 3.5 mm.<\/div>\n<\/div>\n<div class=\"specification-item\">\n<div class=\"spec-label\">MEMORIA EXTERNA: Soporta tarjeta Micro SD de hasta 2TB.<\/div>\n<\/div>\n<div class=\"specification-item\">\n<div class=\"spec-label\">CONECTIVIDAD WIRELESS: Wi-Fi 5 &#8211; Bluetooth 5.3.<\/div>\n<\/div>\n<div class=\"specification-item\">\n<div class=\"spec-label\">V\u00cdDEO: Calidad m\u00e1xima de captura: Full HD a 30 fps.<\/div>\n<\/div>\n<div class=\"specification-item\">\n<div class=\"spec-label\">SENSOR: Aceler\u00f3metro &#8211; Sensor de Luz Ambiente &#8211; Sensor Hall.<\/div>\n<\/div>\n<div class=\"specification-item\">\n<div class=\"spec-label\">AUDIO: Dolby Atmos.<\/div>\n<\/div>\n<div class=\"specification-item\">\n<div class=\"spec-label\">PESO BRUTO (g): 881.<\/div>\n<\/div>\n<div class=\"specification-item\">\n<div class=\"spec-label\">DIMENSIONES DE EMBALAJE (cm): 17.9 x 4.4 x 29.7.<\/div>\n<\/div>\n<div class=\"specification-item\">\n<div class=\"spec-label\">INCLUYE: Adaptador de energ\u00eda &#8211; Cable USB &#8211; Manual.<\/div>\n<\/div>\n<\/div>\n<\/div>\n<\/div>\n<\/div>\n<\/div>\n<\/div>\n","protected":false},"excerpt":{"rendered":"<p>REDMI PAD 2 La Tablet Xiaomi Redmi Pad 2 est\u00e1 dise\u00f1ada para ofrecer una experiencia multimedia excepcional. Con su impresionante<\/p>\n","protected":false},"featured_media":95762,"comment_status":"open","ping_status":"closed","template":"","meta":{"nf_dc_page":""},"product_brand":[977],"product_cat":[89],"product_tag":[2294],"class_list":{"0":"post-95761","1":"product","2":"type-product","3":"status-publish","4":"has-post-thumbnail","6":"product_brand-xiaomi","7":"product_cat-electronicos","8":"product_tag-2294","10":"first","11":"outofstock","12":"shipping-taxable","13":"purchasable","14":"product-type-simple"},"_links":{"self":[{"href":"https:\/\/brandss.com.py\/index\/wp-json\/wp\/v2\/product\/95761","targetHints":{"allow":["GET"]}}],"collection":[{"href":"https:\/\/brandss.com.py\/index\/wp-json\/wp\/v2\/product"}],"about":[{"href":"https:\/\/brandss.com.py\/index\/wp-json\/wp\/v2\/types\/product"}],"replies":[{"embeddable":true,"href":"https:\/\/brandss.com.py\/index\/wp-json\/wp\/v2\/comments?post=95761"}],"version-history":[{"count":1,"href":"https:\/\/brandss.com.py\/index\/wp-json\/wp\/v2\/product\/95761\/revisions"}],"predecessor-version":[{"id":95768,"href":"https:\/\/brandss.com.py\/index\/wp-json\/wp\/v2\/product\/95761\/revisions\/95768"}],"wp:featuredmedia":[{"embeddable":true,"href":"https:\/\/brandss.com.py\/index\/wp-json\/wp\/v2\/media\/95762"}],"wp:attachment":[{"href":"https:\/\/brandss.com.py\/index\/wp-json\/wp\/v2\/media?parent=95761"}],"wp:term":[{"taxonomy":"product_brand","embeddable":true,"href":"https:\/\/brandss.com.py\/index\/wp-json\/wp\/v2\/product_brand?post=95761"},{"taxonomy":"product_cat","embeddable":true,"href":"https:\/\/brandss.com.py\/index\/wp-json\/wp\/v2\/product_cat?post=95761"},{"taxonomy":"product_tag","embeddable":true,"href":"https:\/\/brandss.com.py\/index\/wp-json\/wp\/v2\/product_tag?post=95761"}],"curies":[{"name":"wp","href":"https:\/\/api.w.org\/{rel}","templated":true}]}}