{"id":95842,"date":"2026-01-08T14:49:24","date_gmt":"2026-01-08T14:49:24","guid":{"rendered":"https:\/\/brandss.com.py\/index\/?post_type=product&#038;p=95842"},"modified":"2026-03-17T18:02:33","modified_gmt":"2026-03-17T18:02:33","slug":"perfume-femenino-maison-alhambra-rose-seduction-vip-edp-100ml","status":"publish","type":"product","link":"https:\/\/brandss.com.py\/index\/producto\/perfume-femenino-maison-alhambra-rose-seduction-vip-edp-100ml\/","title":{"rendered":"PERFUME FEMENINO MAISON ALHAMBRA ROSE SEDUCTION VIP EDP 100ML"},"content":{"rendered":"<p><img loading=\"lazy\" decoding=\"async\" class=\"\" src=\"https:\/\/ha-fragrances.com\/cdn\/shop\/files\/maison-alhambra-logo.png?v=1765685867&amp;width=1445\" alt=\"Salvo for Men EDP 100ML by Maison Alhambra - Warm, Spicy, and Sophisti \u2013 HA  Fragrances\" width=\"86\" height=\"86\" \/><\/p>\n<h1>ROSE SEDUCTION VIP<\/h1>\n<p>Es uno de los c\u00f3cteles m\u00e1s vibrantes y cautivadores. La &#8220;Rose Seduction&#8221; en su versi\u00f3n VIP actualizada ha adquirido un car\u00e1cter chispeante y glamuroso gracias a la adici\u00f3n de champ\u00e1n.<img loading=\"lazy\" decoding=\"async\" class=\"alignleft\" src=\"https:\/\/www.intenseoud.com\/cdn\/shop\/files\/4_5ab1ed92-2de0-41f4-a6a4-a81a2928233e.jpg?v=1736456031\" width=\"627\" height=\"627\" \/><\/p>\n<p>Esto se debe a que la fragancia est\u00e1 inspirada en las animadas y bulliciosas fiestas de Nueva York, donde el vino espumoso es el principal invitado de honor. Las notas de alcohol reflejan perfectamente la naturaleza despreocupada y seductora, caracter\u00edsticas clave de la composici\u00f3n que te sumergen en una atm\u00f3sfera de relajaci\u00f3n serena, alegr\u00eda y diversi\u00f3n.<\/p>\n<p>&nbsp;<\/p>\n<h3>Notas Olfativas<\/h3>\n<p><span dir=\"auto\">Rose Seduction Vip Pour Femme es una fragancia femenina de la familia floral frutal. <\/span><span dir=\"auto\">Explora la irresistible seducci\u00f3n de Rose Seduction Vip Pour Femme de Maison Alhambra. Esta exclusiva fragancia captura la esencia de la feminidad y la sofisticaci\u00f3n con una combinaci\u00f3n de notas refinadas. Las vibrantes notas de salida de champ\u00e1n rosado y pimienta rosa crean una salida chispeante y festiva, mientras que en el coraz\u00f3n del perfume, la flor de durazno y la rosa aportan un toque de dulzura y romance. Las notas de fondo de almizcle blanco y notas amaderadas aportan profundidad y persistencia, envolviendo a cualquier persona con un aura de elegancia y refinamiento. Revela tu lado m\u00e1s seductor con Rose Seduction Vip Pour Femme y d\u00e9jate transportar a un viaje olfativo inolvidable.<\/span><\/p>\n<p>&nbsp;<\/p>\n<p><span dir=\"auto\"><strong>Notas de salida:<\/strong> champ\u00e1n rosado, pimienta rosa<\/span><\/p>\n<p><span dir=\"auto\"><strong>Notas de coraz\u00f3n:<\/strong> flor de durazno, rosa.<\/span><\/p>\n<p><strong>Notas de fondo:<\/strong> almizcle blanco, notas amaderadas.<\/p>\n","protected":false},"excerpt":{"rendered":"<p>ROSE SEDUCTION VIP Es uno de los c\u00f3cteles m\u00e1s vibrantes y cautivadores. La &#8220;Rose Seduction&#8221; en su versi\u00f3n VIP actualizada<\/p>\n","protected":false},"featured_media":95843,"comment_status":"open","ping_status":"closed","template":"","meta":{"nf_dc_page":""},"product_brand":[107],"product_cat":[84],"product_tag":[2304],"class_list":{"0":"post-95842","1":"product","2":"type-product","3":"status-publish","4":"has-post-thumbnail","6":"product_brand-maison-alhambra","7":"product_cat-perfumeria","8":"product_tag-2304","10":"first","11":"outofstock","12":"shipping-taxable","13":"purchasable","14":"product-type-simple"},"_links":{"self":[{"href":"https:\/\/brandss.com.py\/index\/wp-json\/wp\/v2\/product\/95842","targetHints":{"allow":["GET"]}}],"collection":[{"href":"https:\/\/brandss.com.py\/index\/wp-json\/wp\/v2\/product"}],"about":[{"href":"https:\/\/brandss.com.py\/index\/wp-json\/wp\/v2\/types\/product"}],"replies":[{"embeddable":true,"href":"https:\/\/brandss.com.py\/index\/wp-json\/wp\/v2\/comments?post=95842"}],"version-history":[{"count":1,"href":"https:\/\/brandss.com.py\/index\/wp-json\/wp\/v2\/product\/95842\/revisions"}],"predecessor-version":[{"id":95847,"href":"https:\/\/brandss.com.py\/index\/wp-json\/wp\/v2\/product\/95842\/revisions\/95847"}],"wp:featuredmedia":[{"embeddable":true,"href":"https:\/\/brandss.com.py\/index\/wp-json\/wp\/v2\/media\/95843"}],"wp:attachment":[{"href":"https:\/\/brandss.com.py\/index\/wp-json\/wp\/v2\/media?parent=95842"}],"wp:term":[{"taxonomy":"product_brand","embeddable":true,"href":"https:\/\/brandss.com.py\/index\/wp-json\/wp\/v2\/product_brand?post=95842"},{"taxonomy":"product_cat","embeddable":true,"href":"https:\/\/brandss.com.py\/index\/wp-json\/wp\/v2\/product_cat?post=95842"},{"taxonomy":"product_tag","embeddable":true,"href":"https:\/\/brandss.com.py\/index\/wp-json\/wp\/v2\/product_tag?post=95842"}],"curies":[{"name":"wp","href":"https:\/\/api.w.org\/{rel}","templated":true}]}}