{"id":95878,"date":"2026-01-09T10:31:21","date_gmt":"2026-01-09T10:31:21","guid":{"rendered":"https:\/\/brandss.com.py\/index\/?post_type=product&#038;p=95878"},"modified":"2026-01-09T10:32:37","modified_gmt":"2026-01-09T10:32:37","slug":"camiseta-polo-deportivo-under-armour-tech-mangas-cortas","status":"publish","type":"product","link":"https:\/\/brandss.com.py\/index\/producto\/camiseta-polo-deportivo-under-armour-tech-mangas-cortas\/","title":{"rendered":"CAMISETA POLO DEPORTIVO UNDER ARMOUR TECH MANGAS CORTAS"},"content":{"rendered":"<p><img loading=\"lazy\" decoding=\"async\" class=\"\" src=\"https:\/\/upload.wikimedia.org\/wikipedia\/commons\/4\/44\/Under_armour_logo.svg\" alt=\"Under Armour - Wikipedia\" width=\"72\" height=\"42\" \/><\/p>\n<h1>TECH<\/h1>\n<p>Es nuestra prenda de entrenamiento original: holgada, ligera y te mantiene fresco. Es todo lo que necesitas. E<span dir=\"auto\">ste elegante polo t\u00e9cnico de Under Armour est\u00e1 dise\u00f1ado pensando en la comodidad y el estilo. Incorpora tecnolog\u00eda que absorbe el sudor y te mantiene seco y c\u00f3modo durante el juego.<\/span><\/p>\n<div class=\"b-product_description-main\">\n<div class=\"b-product_description-content\"><\/div>\n<\/div>\n<h3 class=\"g-tabs--desktop\"><span dir=\"auto\">\u00a0Caracter\u00edsticas:<\/span><\/h3>\n<div class=\"b-product_description-items g-accordion--mobile g-tabs-content\">\n<div id=\"tab-1\" class=\"g-accordion-item g-tabs-pane tab-pane show active\">\n<div id=\"acc-1\" class=\"g-accordion-content collapse show\">\n<ul class=\"t-tabs_data\">\n<li class=\"t-tabs_list\"><span dir=\"auto\">Tejido texturizado suave, ligero y transpirable.<\/span><\/li>\n<li class=\"t-tabs_list\"><span dir=\"auto\">El material absorbe el sudor y se seca muy r\u00e1pido.<\/span><\/li>\n<li><span dir=\"auto\">La tecnolog\u00eda antiolor previene la proliferaci\u00f3n de microbios que causan mal olor.<\/span><\/li>\n<li class=\"t-tabs_list\"><span dir=\"auto\">Tapeta de 3 botones<\/span><\/li>\n<li class=\"t-tabs_list\"><span dir=\"auto\">Cuello del mismo tejido<\/span><\/li>\n<li class=\"t-tabs_list\"><span dir=\"auto\">100% poli\u00e9ster<\/span><\/li>\n<li>Color: Azul marino medianoche.<\/li>\n<li>Disciplina: Golf.<\/li>\n<li>Modelo: 1290140-410.<\/li>\n<\/ul>\n<\/div>\n<\/div>\n<\/div>\n","protected":false},"excerpt":{"rendered":"<p>TECH Es nuestra prenda de entrenamiento original: holgada, ligera y te mantiene fresco. Es todo lo que necesitas. Este elegante<\/p>\n","protected":false},"featured_media":95879,"comment_status":"open","ping_status":"closed","template":"","meta":{"nf_dc_page":""},"product_brand":[2332],"product_cat":[76],"product_tag":[2333],"class_list":{"0":"post-95878","1":"product","2":"type-product","3":"status-publish","4":"has-post-thumbnail","6":"product_brand-under-armour","7":"product_cat-masculino","8":"product_tag-2333","10":"first","11":"instock","12":"shipping-taxable","13":"purchasable","14":"product-type-simple"},"_links":{"self":[{"href":"https:\/\/brandss.com.py\/index\/wp-json\/wp\/v2\/product\/95878","targetHints":{"allow":["GET"]}}],"collection":[{"href":"https:\/\/brandss.com.py\/index\/wp-json\/wp\/v2\/product"}],"about":[{"href":"https:\/\/brandss.com.py\/index\/wp-json\/wp\/v2\/types\/product"}],"replies":[{"embeddable":true,"href":"https:\/\/brandss.com.py\/index\/wp-json\/wp\/v2\/comments?post=95878"}],"version-history":[{"count":1,"href":"https:\/\/brandss.com.py\/index\/wp-json\/wp\/v2\/product\/95878\/revisions"}],"predecessor-version":[{"id":95886,"href":"https:\/\/brandss.com.py\/index\/wp-json\/wp\/v2\/product\/95878\/revisions\/95886"}],"wp:featuredmedia":[{"embeddable":true,"href":"https:\/\/brandss.com.py\/index\/wp-json\/wp\/v2\/media\/95879"}],"wp:attachment":[{"href":"https:\/\/brandss.com.py\/index\/wp-json\/wp\/v2\/media?parent=95878"}],"wp:term":[{"taxonomy":"product_brand","embeddable":true,"href":"https:\/\/brandss.com.py\/index\/wp-json\/wp\/v2\/product_brand?post=95878"},{"taxonomy":"product_cat","embeddable":true,"href":"https:\/\/brandss.com.py\/index\/wp-json\/wp\/v2\/product_cat?post=95878"},{"taxonomy":"product_tag","embeddable":true,"href":"https:\/\/brandss.com.py\/index\/wp-json\/wp\/v2\/product_tag?post=95878"}],"curies":[{"name":"wp","href":"https:\/\/api.w.org\/{rel}","templated":true}]}}