{"id":95891,"date":"2026-01-09T14:30:56","date_gmt":"2026-01-09T14:30:56","guid":{"rendered":"https:\/\/brandss.com.py\/index\/?post_type=product&#038;p=95891"},"modified":"2026-01-23T10:39:24","modified_gmt":"2026-01-23T10:39:24","slug":"calzado-casual-femenino-skechers-premium-leather-slip-ins-snoop-one-og-white","status":"publish","type":"product","link":"https:\/\/brandss.com.py\/index\/producto\/calzado-casual-femenino-skechers-premium-leather-slip-ins-snoop-one-og-white\/","title":{"rendered":"CALZADO CASUAL FEMENINO SKECHERS PREMIUM LEATHER SLIP-INS SNOOP ONE \u2013 OG WHITE"},"content":{"rendered":"<p><img loading=\"lazy\" decoding=\"async\" class=\"\" src=\"https:\/\/sh.skechers.com\/logos\/images\/CORP_SKX_BLU-logo.jpg\" alt=\"Skechers Logos\" width=\"85\" height=\"85\" \/><\/p>\n<h1>SLIP-INS SNOOP ONE \u2013 OG<\/h1>\n<p>El refinado calzado de estilo cancha de Top Dogg rinde homenaje al original, ahora con cuero premium s\u00f3lido que fluye a trav\u00e9s del panel de tal\u00f3n contorneado Skechers Hands Free Slip-ins\u00ae (me encanta la Heel Pillow\u2122). El detalle en oro rosa, las plantillas Skechers Air-Cooled Memory Foam\u00ae y los cordones el\u00e1sticos facilitan su uso, al estilo Snoop. <span dir=\"auto\">Sube a otro nivel de comodidad con la colecci\u00f3n Skechers x Snoop Dogg, que incluye zapatillas para cada ocasi\u00f3n. Tras el \u00e9xito de las Snoop One OG, Snoop y su equipo de dise\u00f1o se pusieron manos a la obra con una colecci\u00f3n para mujer. Estas zapatillas monocrom\u00e1ticas con el logo G-funk presumen de la singularidad de las Skechers Hands Free Slip-ins\u00ae. Porque a todos nos encanta Snoop: Skechers Slip-ins x Snoop Dogg: Premium Leather Snoop One &#8211; OG. La elegante zapatilla de estilo cancha de Top Dogg ahora rinde homenaje a la original con el panel de tal\u00f3n contorneado Skechers Hands Free Slip-ins\u00ae, hecho de cuero duradero y de alta calidad (me encanta la Heel Pillow\u2122). El ba\u00f1o de oro rosa, las plantillas Skechers Air Cooled Memory Foam\u00ae y los cordones flexibles hacen que las Just Slip In\u2122 estilo Snoop sean f\u00e1ciles de usar.<\/span><\/p>\n<h3 data-start=\"0\" data-end=\"34\"><strong data-start=\"0\" data-end=\"32\">Caracter\u00edsticas principales<\/strong><\/h3>\n<ul data-start=\"36\" data-end=\"667\">\n<li class=\"\" data-start=\"36\" data-end=\"169\">\n<p class=\"\" data-start=\"38\" data-end=\"169\"><strong data-start=\"38\" data-end=\"60\">Material y dise\u00f1o:<\/strong>\u00a0Zapatillas urbanas con un dise\u00f1o cl\u00e1sico y materiales de alta calidad que garantizan estilo y durabilidad.<\/p>\n<\/li>\n<li class=\"\" data-start=\"170\" data-end=\"304\">\n<p class=\"\" data-start=\"172\" data-end=\"304\"><strong data-start=\"172\" data-end=\"198\">Tecnolog\u00eda de confort:<\/strong>\u00a0Plantilla con tecnolog\u00eda Air-Cooled Memory Foam para una amortiguaci\u00f3n superior y comodidad prolongada.<\/p>\n<\/li>\n<li class=\"\" data-start=\"305\" data-end=\"426\">\n<p class=\"\" data-start=\"307\" data-end=\"426\"><strong data-start=\"307\" data-end=\"333\">Suela y amortiguaci\u00f3n:<\/strong>\u00a0Suela de goma flexible con tracci\u00f3n mejorada para mayor estabilidad y agarre en cada paso.<\/p>\n<\/li>\n<li class=\"\" data-start=\"427\" data-end=\"542\">\n<p class=\"\" data-start=\"429\" data-end=\"542\"><strong data-start=\"429\" data-end=\"449\">Uso recomendado:<\/strong>\u00a0Perfectas para el uso diario, brindando un look casual y deportivo para cualquier ocasi\u00f3n.<\/p>\n<\/li>\n<li class=\"\" data-start=\"543\" data-end=\"667\">\n<p class=\"\" data-start=\"545\" data-end=\"667\"><strong data-start=\"545\" data-end=\"572\">Otro detalle relevante:<\/strong>\u00a0Inspiradas en el estilo retro, con detalles modernos que aportan un toque \u00fanico y aut\u00e9ntico.<\/p>\n<\/li>\n<\/ul>\n<h3 data-start=\"669\" data-end=\"686\"><strong data-start=\"669\" data-end=\"684\">Beneficios<\/strong><\/h3>\n<ul data-start=\"688\" data-end=\"1035\">\n<li class=\"\" data-start=\"688\" data-end=\"804\">\n<p class=\"\" data-start=\"690\" data-end=\"804\"><strong data-start=\"690\" data-end=\"716\">Estilo o versatilidad:<\/strong>\u00a0Dise\u00f1o cl\u00e1sico y vers\u00e1til que combina con cualquier outfit, ideal para looks urbanos.<\/p>\n<\/li>\n<li class=\"\" data-start=\"805\" data-end=\"922\">\n<p class=\"\" data-start=\"807\" data-end=\"922\"><strong data-start=\"807\" data-end=\"834\">Comodidad y tecnolog\u00eda:<\/strong>\u00a0Plantilla de espuma viscoel\u00e1stica que se adapta al pie para brindar m\u00e1xima comodidad.<\/p>\n<\/li>\n<li class=\"\" data-start=\"923\" data-end=\"1035\">\n<p class=\"\" data-start=\"925\" data-end=\"1035\"><strong data-start=\"925\" data-end=\"954\">Durabilidad y uso diario:<\/strong>\u00a0Construcci\u00f3n resistente con materiales de alta calidad para un uso prolongado.<\/p>\n<\/li>\n<\/ul>\n<h3>M\u00e1s detalles<\/h3>\n<ul>\n<li><span dir=\"auto\">De la colecci\u00f3n Skechers x Snoop Dogg, con dise\u00f1os propios de Snoop.<\/span><\/li>\n<li><span dir=\"auto\">Se utiliza tecnolog\u00eda de plantilla acolchada, c\u00f3moda y transpirable Skechers Air Cooled Memory Foam.<\/span><\/li>\n<li><span dir=\"auto\">Es parte de la colecci\u00f3n Skechers Hands Free Slip-ins f\u00e1ciles de usar.<\/span><\/li>\n<li><span dir=\"auto\">La almohadilla especial para el tal\u00f3n Heel Pillow sujeta el pie de forma segura.<\/span><\/li>\n<li><span dir=\"auto\">Cuenta con un elegante detalle en forma de S en la entresuela.<\/span><\/li>\n<li><span dir=\"auto\">Tiene una suela flexible que proporciona tracci\u00f3n.<\/span><\/li>\n<li><span dir=\"auto\">Cuenta con una parte superior de cuero suave de primera calidad con cordones flexibles.<\/span><\/li>\n<li><span dir=\"auto\">La altura del tac\u00f3n es de 3,17 cm.<\/span><\/li>\n<li>Modelo: <span dir=\"auto\">\u00a0<\/span><span dir=\"auto\">186001 WHT.<\/span><\/li>\n<li>Color: Blanco.<\/li>\n<\/ul>\n<p>&nbsp;<\/p>\n<p class=\"\" data-start=\"1037\" data-end=\"1116\">\u00a1A\u00f1ade un toque de estilo cl\u00e1sico a tu colecci\u00f3n con las Skechers Snoop One OG!<\/p>\n","protected":false},"excerpt":{"rendered":"<p>SLIP-INS SNOOP ONE \u2013 OG El refinado calzado de estilo cancha de Top Dogg rinde homenaje al original, ahora con<\/p>\n","protected":false},"featured_media":96120,"comment_status":"open","ping_status":"closed","template":"","meta":{"nf_dc_page":""},"product_brand":[2374],"product_cat":[73],"product_tag":[2376],"class_list":{"0":"post-95891","1":"product","2":"type-product","3":"status-publish","4":"has-post-thumbnail","6":"product_brand-skechers","7":"product_cat-femenino","8":"product_tag-2376","10":"first","11":"instock","12":"shipping-taxable","13":"purchasable","14":"product-type-simple"},"_links":{"self":[{"href":"https:\/\/brandss.com.py\/index\/wp-json\/wp\/v2\/product\/95891","targetHints":{"allow":["GET"]}}],"collection":[{"href":"https:\/\/brandss.com.py\/index\/wp-json\/wp\/v2\/product"}],"about":[{"href":"https:\/\/brandss.com.py\/index\/wp-json\/wp\/v2\/types\/product"}],"replies":[{"embeddable":true,"href":"https:\/\/brandss.com.py\/index\/wp-json\/wp\/v2\/comments?post=95891"}],"version-history":[{"count":1,"href":"https:\/\/brandss.com.py\/index\/wp-json\/wp\/v2\/product\/95891\/revisions"}],"predecessor-version":[{"id":95892,"href":"https:\/\/brandss.com.py\/index\/wp-json\/wp\/v2\/product\/95891\/revisions\/95892"}],"wp:featuredmedia":[{"embeddable":true,"href":"https:\/\/brandss.com.py\/index\/wp-json\/wp\/v2\/media\/96120"}],"wp:attachment":[{"href":"https:\/\/brandss.com.py\/index\/wp-json\/wp\/v2\/media?parent=95891"}],"wp:term":[{"taxonomy":"product_brand","embeddable":true,"href":"https:\/\/brandss.com.py\/index\/wp-json\/wp\/v2\/product_brand?post=95891"},{"taxonomy":"product_cat","embeddable":true,"href":"https:\/\/brandss.com.py\/index\/wp-json\/wp\/v2\/product_cat?post=95891"},{"taxonomy":"product_tag","embeddable":true,"href":"https:\/\/brandss.com.py\/index\/wp-json\/wp\/v2\/product_tag?post=95891"}],"curies":[{"name":"wp","href":"https:\/\/api.w.org\/{rel}","templated":true}]}}