{"id":95900,"date":"2026-01-09T18:23:28","date_gmt":"2026-01-09T18:23:28","guid":{"rendered":"https:\/\/brandss.com.py\/index\/?post_type=product&#038;p=95900"},"modified":"2026-01-23T10:47:02","modified_gmt":"2026-01-23T10:47:02","slug":"calzado-casual-masculino-skechers-premium-leather-slip-ins-snoop-one-double-g-blkw","status":"publish","type":"product","link":"https:\/\/brandss.com.py\/index\/producto\/calzado-casual-masculino-skechers-premium-leather-slip-ins-snoop-one-double-g-blkw\/","title":{"rendered":"CALZADO CASUAL MASCULINO SKECHERS PREMIUM LEATHER SLIP-INS SNOOP ONE \u2013 DOUBLE G BKW"},"content":{"rendered":"<p><img loading=\"lazy\" decoding=\"async\" class=\"\" src=\"https:\/\/sh.skechers.com\/logos\/images\/CORP_SKX_BLU-logo.jpg\" alt=\"Skechers Logos\" width=\"93\" height=\"93\" \/><\/p>\n<h1>SLIP-INS SNOOP ONE \u2013 DOUBLE G<\/h1>\n<p><span dir=\"auto\">Presentamos los Skechers SlipIns Snoop One Double G, la combinaci\u00f3n definitiva de estilo y comodidad para los entusiastas de los calzados modernos. Dise\u00f1ados en colaboraci\u00f3n con el ic\u00f3nico rapero Snoop Dogg, estos zapatos seguramente llamar\u00e1n la atenci\u00f3n dondequiera que vayas.<\/span><\/p>\n<p>Los calzados Skechers Premium Leather Slip-ins Snoop One &#8211; Double G para hombre aportan un aire fresco y c\u00f3modo al estilo urbano. Combinando la innovadora comodidad de Skechers con la visi\u00f3n de dise\u00f1o \u00fanica de Snoop, crean una gama de calzados deportivos vers\u00e1tiles y listos para la calle. Una pieza \u00fanica de la colecci\u00f3n Skechers x Snoop Dogg, las Skechers Premium Leather Slip-ins Snoop One &#8211; Double G est\u00e1n confeccionadas con una parte superior de cuero de primera calidad. Gracias a la impresionante tecnolog\u00eda Hands Free Slip-Ins de Skechers, puedes pon\u00e9rtelas sin esfuerzo y sin agacharte. La caracter\u00edstica m\u00e1s llamativa de la tecnolog\u00eda Hands Free Slip-Ins es que se pueden poner f\u00e1cilmente sin tocar los pies gracias a su exclusivo panel de tal\u00f3n moldeado. Cuenta con la tecnolog\u00eda de plantilla Skechers Air Cooled Memory Foam, acolchada, c\u00f3moda y transpirable. La suela exterior est\u00e1 hecha de un material de goma altamente flexible y proporciona un excelente agarre en todo tipo de superficies.<\/p>\n<h3>Caracter\u00edsticas<\/h3>\n<ul>\n<li><span dir=\"auto\">Dise\u00f1o sin cordones para ponerlos y quitarlos f\u00e1cilmente.<\/span><\/li>\n<li><span dir=\"auto\">Es parte de la colecci\u00f3n Skechers x Snoop Dogg, que presenta los propios dise\u00f1os de Snoop.<\/span><\/li>\n<li><span dir=\"auto\">Plantilla acolchada para comodidad durante todo el d\u00eda.<\/span><\/li>\n<li><span dir=\"auto\">Se utiliza tecnolog\u00eda de plantilla acolchada, c\u00f3moda y transpirable Skechers Air Cooled Memory Foam.<\/span><\/li>\n<li><span dir=\"auto\">Es parte de la colecci\u00f3n Skechers Hands Free Slip-ins f\u00e1ciles de usar.<\/span><\/li>\n<li><span dir=\"auto\">Suela exterior de goma duradera para tracci\u00f3n.<\/span><\/li>\n<li><span dir=\"auto\">La almohadilla especial para el tal\u00f3n Heel Pillow sujeta el pie de forma segura.<\/span><\/li>\n<li><span dir=\"auto\">Cuenta con una suela duradera y flexible que proporciona un fuerte agarre en una variedad de superficies.<\/span><\/li>\n<li><span dir=\"auto\">Cuenta con una parte superior de cuero suave con cordones flexibles y un tal\u00f3n completamente estampado.<\/span><\/li>\n<li><span dir=\"auto\">Marca Snoop Dogg para mayor estilo.<\/span><\/li>\n<li><span dir=\"auto\">La altura del tac\u00f3n es de 3,17 cm.<\/span><\/li>\n<li>Modelo: <span dir=\"auto\">251017BKW<\/span><\/li>\n<li>Color: Negro\/ Blanco.<\/li>\n<\/ul>\n<p><span dir=\"auto\">Recomendado para cualquiera que busque agregar un toque de estilo a su estilo urbano o para aquellos que priorizan la comodidad sin sacrificar el estilo.<\/span><\/p>\n<p><span dir=\"auto\">Detalles adicionales: Estos zapatos son perfectos para el uso diario, ya sea que est\u00e9s haciendo recados o saliendo por la ciudad con amigos. Demuestra tu sentido \u00fanico del estilo con los Skechers SlipIns Snoop One Double G 251017BKW.<\/span><\/p>\n","protected":false},"excerpt":{"rendered":"<p>SLIP-INS SNOOP ONE \u2013 DOUBLE G Presentamos los Skechers SlipIns Snoop One Double G, la combinaci\u00f3n definitiva de estilo y<\/p>\n","protected":false},"featured_media":96145,"comment_status":"open","ping_status":"closed","template":"","meta":{"nf_dc_page":""},"product_brand":[2374],"product_cat":[76],"product_tag":[2379],"class_list":{"0":"post-95900","1":"product","2":"type-product","3":"status-publish","4":"has-post-thumbnail","6":"product_brand-skechers","7":"product_cat-masculino","8":"product_tag-2379","10":"first","11":"instock","12":"shipping-taxable","13":"purchasable","14":"product-type-simple"},"_links":{"self":[{"href":"https:\/\/brandss.com.py\/index\/wp-json\/wp\/v2\/product\/95900","targetHints":{"allow":["GET"]}}],"collection":[{"href":"https:\/\/brandss.com.py\/index\/wp-json\/wp\/v2\/product"}],"about":[{"href":"https:\/\/brandss.com.py\/index\/wp-json\/wp\/v2\/types\/product"}],"replies":[{"embeddable":true,"href":"https:\/\/brandss.com.py\/index\/wp-json\/wp\/v2\/comments?post=95900"}],"version-history":[{"count":2,"href":"https:\/\/brandss.com.py\/index\/wp-json\/wp\/v2\/product\/95900\/revisions"}],"predecessor-version":[{"id":95902,"href":"https:\/\/brandss.com.py\/index\/wp-json\/wp\/v2\/product\/95900\/revisions\/95902"}],"wp:featuredmedia":[{"embeddable":true,"href":"https:\/\/brandss.com.py\/index\/wp-json\/wp\/v2\/media\/96145"}],"wp:attachment":[{"href":"https:\/\/brandss.com.py\/index\/wp-json\/wp\/v2\/media?parent=95900"}],"wp:term":[{"taxonomy":"product_brand","embeddable":true,"href":"https:\/\/brandss.com.py\/index\/wp-json\/wp\/v2\/product_brand?post=95900"},{"taxonomy":"product_cat","embeddable":true,"href":"https:\/\/brandss.com.py\/index\/wp-json\/wp\/v2\/product_cat?post=95900"},{"taxonomy":"product_tag","embeddable":true,"href":"https:\/\/brandss.com.py\/index\/wp-json\/wp\/v2\/product_tag?post=95900"}],"curies":[{"name":"wp","href":"https:\/\/api.w.org\/{rel}","templated":true}]}}