{"id":95957,"date":"2026-01-13T13:10:44","date_gmt":"2026-01-13T13:10:44","guid":{"rendered":"https:\/\/brandss.com.py\/index\/?post_type=product&#038;p=95957"},"modified":"2026-01-23T11:44:30","modified_gmt":"2026-01-23T11:44:30","slug":"leggings-deportivo-femenino-nike-one-seamless-front","status":"publish","type":"product","link":"https:\/\/brandss.com.py\/index\/producto\/leggings-deportivo-femenino-nike-one-seamless-front\/","title":{"rendered":"LEGGINGS DEPORTIVO FEMENINO NIKE ONE SEAMLESS FRONT"},"content":{"rendered":"<p><img loading=\"lazy\" decoding=\"async\" class=\"\" src=\"https:\/\/images.seeklogo.com\/logo-png\/9\/2\/nike-logo-png_seeklogo-99478.png\" alt=\"Nike Logo PNG Vector (EPS) Free Download\" width=\"74\" height=\"74\" \/><\/p>\n<h1>ONE SEAMLESS FRONT<\/h1>\n<h4 class=\"MuiTypography-root MuiTypography-h4 css-trvebi\"><em>\u00a1Mu\u00e9vete con libertad! \u00a0<\/em><\/h4>\n<p class=\"MuiTypography-root MuiTypography-body1 css-101hwvq\">Los nuevos leggings<span class=\"MuiTypography-root MuiTypography-strong css-wazo7p\">\u00a0Nike One Seamless Front<\/span>\u00a0son los ideales para cada una de tus actividades. Cuentan con un tejido suave como piel de durazno de una densidad media. La tela no transparente garantiza que tu trasero permanezca cubierto, incluso en tus curvas m\u00e1s profundas. Las costuras est\u00e1n dise\u00f1adas para reducir la apariencia de la punta de camello, permiti\u00e9ndote seguir con tu d\u00eda sin preocupaciones. Adem\u00e1s, el bolsillo abierto en la cintura central trasera te permite mantener tus elementos esenciales a mano y listos para lo que se te presente. No tiene costuras delantera para evitar que el tejido se suba. Este leggings tiene un look vers\u00e1til, podr\u00e1s combinarlo con tus mejores conjuntos deportivos.<\/p>\n<h3 class=\"MuiTypography-root MuiTypography-body1 css-101hwvq\"><span class=\"MuiTypography-root MuiTypography-strong css-wazo7p\">Caracter\u00edsticas:<\/span><\/h3>\n<ul>\n<li>La tecnolog\u00eda Nike Dri-FIT aleja el sudor de la piel para una evaporaci\u00f3n m\u00e1s r\u00e1pida, ayudando a mantenerte seca y c\u00f3moda.<\/li>\n<li>Un bolsillo abierto en la cintura central trasera mantiene tu tel\u00e9fono cerca.<\/li>\n<li>Cuerpo: 80% poli\u00e9ster, 20% spandex.<\/li>\n<li>Forro de cintura: 80% poli\u00e9ster, 20% spandex.<\/li>\n<li>Forro de refuerzo: 100% poli\u00e9ster.<\/li>\n<li>Color: Rosa.<\/li>\n<li>Actividad: Training.<\/li>\n<li>Modelo: HJ9195-629.<\/li>\n<\/ul>\n<ul>\n<li style=\"list-style-type: none\"><\/li>\n<\/ul>\n","protected":false},"excerpt":{"rendered":"<p>ONE SEAMLESS FRONT \u00a1Mu\u00e9vete con libertad! \u00a0 Los nuevos leggings\u00a0Nike One Seamless Front\u00a0son los ideales para cada una de tus<\/p>\n","protected":false},"featured_media":96321,"comment_status":"open","ping_status":"closed","template":"","meta":{"nf_dc_page":""},"product_brand":[1333],"product_cat":[73],"product_tag":[2495],"class_list":{"0":"post-95957","1":"product","2":"type-product","3":"status-publish","4":"has-post-thumbnail","6":"product_brand-nike","7":"product_cat-femenino","8":"product_tag-hj9195-629","10":"first","11":"instock","12":"shipping-taxable","13":"purchasable","14":"product-type-simple"},"_links":{"self":[{"href":"https:\/\/brandss.com.py\/index\/wp-json\/wp\/v2\/product\/95957","targetHints":{"allow":["GET"]}}],"collection":[{"href":"https:\/\/brandss.com.py\/index\/wp-json\/wp\/v2\/product"}],"about":[{"href":"https:\/\/brandss.com.py\/index\/wp-json\/wp\/v2\/types\/product"}],"replies":[{"embeddable":true,"href":"https:\/\/brandss.com.py\/index\/wp-json\/wp\/v2\/comments?post=95957"}],"version-history":[{"count":1,"href":"https:\/\/brandss.com.py\/index\/wp-json\/wp\/v2\/product\/95957\/revisions"}],"predecessor-version":[{"id":95958,"href":"https:\/\/brandss.com.py\/index\/wp-json\/wp\/v2\/product\/95957\/revisions\/95958"}],"wp:featuredmedia":[{"embeddable":true,"href":"https:\/\/brandss.com.py\/index\/wp-json\/wp\/v2\/media\/96321"}],"wp:attachment":[{"href":"https:\/\/brandss.com.py\/index\/wp-json\/wp\/v2\/media?parent=95957"}],"wp:term":[{"taxonomy":"product_brand","embeddable":true,"href":"https:\/\/brandss.com.py\/index\/wp-json\/wp\/v2\/product_brand?post=95957"},{"taxonomy":"product_cat","embeddable":true,"href":"https:\/\/brandss.com.py\/index\/wp-json\/wp\/v2\/product_cat?post=95957"},{"taxonomy":"product_tag","embeddable":true,"href":"https:\/\/brandss.com.py\/index\/wp-json\/wp\/v2\/product_tag?post=95957"}],"curies":[{"name":"wp","href":"https:\/\/api.w.org\/{rel}","templated":true}]}}