{"id":95959,"date":"2026-01-13T13:40:00","date_gmt":"2026-01-13T13:40:00","guid":{"rendered":"https:\/\/brandss.com.py\/index\/?post_type=product&#038;p=95959"},"modified":"2026-01-23T11:48:35","modified_gmt":"2026-01-23T11:48:35","slug":"camiseta-deportivo-femenino-nike-swift-dri-fit-mangas-cortas","status":"publish","type":"product","link":"https:\/\/brandss.com.py\/index\/producto\/camiseta-deportivo-femenino-nike-swift-dri-fit-mangas-cortas\/","title":{"rendered":"CAMISETA DEPORTIVO FEMENINO NIKE SWIFT DRI-FIT MANGAS CORTAS"},"content":{"rendered":"<p><img loading=\"lazy\" decoding=\"async\" class=\"\" src=\"https:\/\/images.seeklogo.com\/logo-png\/9\/2\/nike-logo-png_seeklogo-99478.png\" alt=\"Nike Logo PNG Vector (EPS) Free Download\" width=\"85\" height=\"85\" \/><\/p>\n<h1>SWIFT DRI-FIT<\/h1>\n<p class=\"nds-text pb4-sm css-qtj9g7 e1yhcai00 appearance-body1 color-primary weight-regular\" data-testid=\"product-description\">Hemos utilizado informaci\u00f3n de runners como t\u00fa para priorizar la funcionalidad y actualizar nuestros b\u00e1sicos Swift. Esta camiseta ligera se ha dise\u00f1ado para ayudar a reducir el roce y mejorar la transpirabilidad. Es suave y absorbe el sudor para que puedas concentrarte en los kil\u00f3metros que tienes por delante.<\/p>\n<div data-testid=\"benefit-section\">\n<h4 class=\"nds-text pb2-sm css-1m2rxfq e1yhcai00 appearance-title4 color-primary weight-regular\" data-testid=\"benefit-header\">Movimiento sin trabas<\/h4>\n<p class=\"nds-text pb4-sm css-ris3xr e1yhcai00 appearance-body2 color-primary weight-regular\" data-testid=\"single-benefit-text\">Las mangas ragl\u00e1n modificadas con la longitud \u00f3ptima est\u00e1n dise\u00f1adas para reducir el roce en las axilas y permitir una mayor amplitud de movimiento.<\/p>\n<h4 class=\"nds-text pb2-sm css-1m2rxfq e1yhcai00 appearance-title4 color-primary weight-regular\" data-testid=\"benefit-header\">Mant\u00e9n la transpirabilidad<\/h4>\n<p class=\"nds-text pb4-sm css-ris3xr e1yhcai00 appearance-body2 color-primary weight-regular\" data-testid=\"single-benefit-text\">La tecnolog\u00eda Nike Dri-FIT absorbe el sudor de la piel para acelerar la evaporaci\u00f3n, lo que ayuda a mantener la transpirabilidad y la comodidad. Se combina con un gran panel de malla en la parte posterior para alejar la humedad.<\/p>\n<h4 class=\"nds-text pb2-sm css-1m2rxfq e1yhcai00 appearance-title4 color-primary weight-regular\" data-testid=\"benefit-header\">Ajuste funcional<\/h4>\n<p class=\"nds-text pb4-sm css-ris3xr e1yhcai00 appearance-body2 color-primary weight-regular\" data-testid=\"single-benefit-text\">La camiseta es ce\u00f1ida alrededor de la cintura para combinarla f\u00e1cilmente con otras prendas. Adem\u00e1s, el dobladillo curvado te brinda cobertura en cada paso.<\/p>\n<\/div>\n<div data-testid=\"benefit-section\"><\/div>\n<div data-testid=\"benefit-section\"><\/div>\n<div data-testid=\"benefit-section\">\n<h4 class=\"nds-text pb2-sm css-1m2rxfq e1yhcai00 appearance-title4 color-primary weight-regular\" data-testid=\"benefit-header\">Datos del producto<\/h4>\n<ul class=\"pb4-sm css-1vql4bw eru6lik0 nds-list\" data-testid=\"benefit-list\">\n<li class=\"nds-text css-xlkxpi e1yhcai00 appearance-body1 color-primary weight-regular\">Logotipo Swoosh con dise\u00f1o reflejante en la parte izquierda del pecho.<\/li>\n<li class=\"nds-text css-xlkxpi e1yhcai00 appearance-body1 color-primary weight-regular\">Estampados reflejantes en los laterales y la parte posterior<\/li>\n<li class=\"nds-text css-xlkxpi e1yhcai00 appearance-body1 color-primary weight-regular\">Este producto no est\u00e1 dise\u00f1ado para usarse como equipo de protecci\u00f3n personal (EPP).<\/li>\n<li class=\"nds-text css-xlkxpi e1yhcai00 appearance-body1 color-primary weight-regular\">Cuerpo: 88% poli\u00e9ster, 12% spandex. Malla: 100% poli\u00e9ster.<\/li>\n<li class=\"nds-text css-xlkxpi e1yhcai00 appearance-body1 color-primary weight-regular\">Lavar a m\u00e1quina.<\/li>\n<li class=\"nds-text css-xlkxpi e1yhcai00 appearance-body1 color-primary weight-regular\">Producto importado.<\/li>\n<li class=\"nds-text css-xlkxpi e1yhcai00 appearance-body1 color-primary weight-regular\">Color: Carmes\u00ed claro.<\/li>\n<li class=\"nds-text css-xlkxpi e1yhcai00 appearance-body1 color-primary weight-regular\">Estilo: HM9698-696.<\/li>\n<li class=\"nds-text css-xlkxpi e1yhcai00 appearance-body1 color-primary weight-regular\">Pa\u00eds\/regi\u00f3n de origen: Vietnam.<\/li>\n<\/ul>\n<\/div>\n","protected":false},"excerpt":{"rendered":"<p>SWIFT DRI-FIT Hemos utilizado informaci\u00f3n de runners como t\u00fa para priorizar la funcionalidad y actualizar nuestros b\u00e1sicos Swift. Esta camiseta<\/p>\n","protected":false},"featured_media":96326,"comment_status":"open","ping_status":"closed","template":"","meta":{"nf_dc_page":""},"product_brand":[1333],"product_cat":[73],"product_tag":[2496],"class_list":{"0":"post-95959","1":"product","2":"type-product","3":"status-publish","4":"has-post-thumbnail","6":"product_brand-nike","7":"product_cat-femenino","8":"product_tag-hm9698-696","10":"first","11":"instock","12":"shipping-taxable","13":"purchasable","14":"product-type-simple"},"_links":{"self":[{"href":"https:\/\/brandss.com.py\/index\/wp-json\/wp\/v2\/product\/95959","targetHints":{"allow":["GET"]}}],"collection":[{"href":"https:\/\/brandss.com.py\/index\/wp-json\/wp\/v2\/product"}],"about":[{"href":"https:\/\/brandss.com.py\/index\/wp-json\/wp\/v2\/types\/product"}],"replies":[{"embeddable":true,"href":"https:\/\/brandss.com.py\/index\/wp-json\/wp\/v2\/comments?post=95959"}],"version-history":[{"count":1,"href":"https:\/\/brandss.com.py\/index\/wp-json\/wp\/v2\/product\/95959\/revisions"}],"predecessor-version":[{"id":95960,"href":"https:\/\/brandss.com.py\/index\/wp-json\/wp\/v2\/product\/95959\/revisions\/95960"}],"wp:featuredmedia":[{"embeddable":true,"href":"https:\/\/brandss.com.py\/index\/wp-json\/wp\/v2\/media\/96326"}],"wp:attachment":[{"href":"https:\/\/brandss.com.py\/index\/wp-json\/wp\/v2\/media?parent=95959"}],"wp:term":[{"taxonomy":"product_brand","embeddable":true,"href":"https:\/\/brandss.com.py\/index\/wp-json\/wp\/v2\/product_brand?post=95959"},{"taxonomy":"product_cat","embeddable":true,"href":"https:\/\/brandss.com.py\/index\/wp-json\/wp\/v2\/product_cat?post=95959"},{"taxonomy":"product_tag","embeddable":true,"href":"https:\/\/brandss.com.py\/index\/wp-json\/wp\/v2\/product_tag?post=95959"}],"curies":[{"name":"wp","href":"https:\/\/api.w.org\/{rel}","templated":true}]}}