{"id":95961,"date":"2026-01-13T14:25:45","date_gmt":"2026-01-13T14:25:45","guid":{"rendered":"https:\/\/brandss.com.py\/index\/?post_type=product&#038;p=95961"},"modified":"2026-01-23T11:50:49","modified_gmt":"2026-01-23T11:50:49","slug":"camiseta-deportivo-masculino-nike-jordan-max90-air-tee-mangas-cortas","status":"publish","type":"product","link":"https:\/\/brandss.com.py\/index\/producto\/camiseta-deportivo-masculino-nike-jordan-max90-air-tee-mangas-cortas\/","title":{"rendered":"CAMISETA DEPORTIVO MASCULINO NIKE JORDAN MAX90 AIR TEE MANGAS CORTAS"},"content":{"rendered":"<p><img loading=\"lazy\" decoding=\"async\" class=\"\" src=\"https:\/\/images.seeklogo.com\/logo-png\/9\/2\/nike-logo-png_seeklogo-99478.png\" alt=\"Nike Logo PNG Vector (EPS) Free Download\" width=\"96\" height=\"96\" \/><\/p>\n<h1>JORDAN MAX90 AIR<\/h1>\n<p><span dir=\"auto\">La camiseta\u00a0<\/span><strong><span dir=\"auto\">Nike<\/span><\/strong><span dir=\"auto\"> para hombre es un modelo c\u00f3modo y elegante inspirado en la legendaria l\u00ednea Air Max 90. Su suave tejido de algod\u00f3n es agradable al tacto y proporciona comodidad durante todo el d\u00eda. Su corte holgado no restringe los movimientos y es ideal para cualquier look diario. Esta camiseta Nike Max90 presenta hombros ca\u00eddos, mangas largas y un corte holgado que ofrece un estilo relajado y desenfadado. Hecha de algod\u00f3n de grosor medio, es suave al tacto y se adapta c\u00f3modamente para un estilo informal.<\/span><\/p>\n<p><strong><span dir=\"auto\">Detalles:<\/span><\/strong><\/p>\n<ul>\n<li><span dir=\"auto\">Gr\u00e1ficos de Nike.<\/span><\/li>\n<li><span dir=\"auto\">Mangas cortas.<\/span><\/li>\n<li><span dir=\"auto\">Cuello redondo acanalado.<\/span><\/li>\n<li><span dir=\"auto\">Material de algod\u00f3n.<\/span><\/li>\n<li><span dir=\"auto\">Hombros ca\u00eddos.<\/span><\/li>\n<li><span dir=\"auto\">Ajuste amplio.<\/span><\/li>\n<li><span dir=\"auto\">Composici\u00f3n: 100% algod\u00f3n.<\/span><\/li>\n<li><span dir=\"auto\">Material suave y agradable al tacto.<\/span><\/li>\n<li><span dir=\"auto\">Corte libre.<\/span><\/li>\n<li><span dir=\"auto\">Estampado en la espalda y parche\u00a0<\/span><strong><span dir=\"auto\">Nike<\/span><\/strong><span dir=\"auto\">\u00a0Air en el pecho izquierdo.<\/span><\/li>\n<li>Modelo: HQ9248-480.<\/li>\n<li>Color: Azul.<\/li>\n<\/ul>\n<p><strong><span dir=\"auto\">Recomendaciones de cuidado:<\/span><\/strong><\/p>\n<ul>\n<li><span dir=\"auto\">Lavado a m\u00e1quina a 30\u00b0C.<\/span><\/li>\n<li><span dir=\"auto\">No secar en secadora.<\/span><\/li>\n<li><span dir=\"auto\">No usa blanqueador.<\/span><\/li>\n<li><span dir=\"auto\">No lavar en seco.<\/span><\/li>\n<\/ul>\n","protected":false},"excerpt":{"rendered":"<p>JORDAN MAX90 AIR La camiseta\u00a0Nike para hombre es un modelo c\u00f3modo y elegante inspirado en la legendaria l\u00ednea Air Max<\/p>\n","protected":false},"featured_media":96333,"comment_status":"open","ping_status":"closed","template":"","meta":{"nf_dc_page":""},"product_brand":[1333],"product_cat":[76],"product_tag":[2498],"class_list":{"0":"post-95961","1":"product","2":"type-product","3":"status-publish","4":"has-post-thumbnail","6":"product_brand-nike","7":"product_cat-masculino","8":"product_tag-hq9248-480","10":"first","11":"instock","12":"shipping-taxable","13":"purchasable","14":"product-type-simple"},"_links":{"self":[{"href":"https:\/\/brandss.com.py\/index\/wp-json\/wp\/v2\/product\/95961","targetHints":{"allow":["GET"]}}],"collection":[{"href":"https:\/\/brandss.com.py\/index\/wp-json\/wp\/v2\/product"}],"about":[{"href":"https:\/\/brandss.com.py\/index\/wp-json\/wp\/v2\/types\/product"}],"replies":[{"embeddable":true,"href":"https:\/\/brandss.com.py\/index\/wp-json\/wp\/v2\/comments?post=95961"}],"version-history":[{"count":1,"href":"https:\/\/brandss.com.py\/index\/wp-json\/wp\/v2\/product\/95961\/revisions"}],"predecessor-version":[{"id":95962,"href":"https:\/\/brandss.com.py\/index\/wp-json\/wp\/v2\/product\/95961\/revisions\/95962"}],"wp:featuredmedia":[{"embeddable":true,"href":"https:\/\/brandss.com.py\/index\/wp-json\/wp\/v2\/media\/96333"}],"wp:attachment":[{"href":"https:\/\/brandss.com.py\/index\/wp-json\/wp\/v2\/media?parent=95961"}],"wp:term":[{"taxonomy":"product_brand","embeddable":true,"href":"https:\/\/brandss.com.py\/index\/wp-json\/wp\/v2\/product_brand?post=95961"},{"taxonomy":"product_cat","embeddable":true,"href":"https:\/\/brandss.com.py\/index\/wp-json\/wp\/v2\/product_cat?post=95961"},{"taxonomy":"product_tag","embeddable":true,"href":"https:\/\/brandss.com.py\/index\/wp-json\/wp\/v2\/product_tag?post=95961"}],"curies":[{"name":"wp","href":"https:\/\/api.w.org\/{rel}","templated":true}]}}