{"id":96013,"date":"2026-01-15T16:36:53","date_gmt":"2026-01-15T16:36:53","guid":{"rendered":"https:\/\/brandss.com.py\/index\/?post_type=product&#038;p=96013"},"modified":"2026-01-24T10:29:26","modified_gmt":"2026-01-24T10:29:26","slug":"calzado-deportivo-masculino-joma-point","status":"publish","type":"product","link":"https:\/\/brandss.com.py\/index\/producto\/calzado-deportivo-masculino-joma-point\/","title":{"rendered":"CALZADO DEPORTIVO MASCULINO JOMA POINT"},"content":{"rendered":"<p><img loading=\"lazy\" decoding=\"async\" class=\"\" src=\"https:\/\/images.seeklogo.com\/logo-png\/38\/2\/joma-sport-logo-png_seeklogo-387382.png\" alt=\"Joma Logo PNG Vectors Free Download\" width=\"77\" height=\"77\" \/><\/p>\n<h1>POINT<\/h1>\n<div class=\"container newDescription\">\n<div class=\"row\">\n<div class=\"col-12 p-0\">\n<div class=\"Textcollapse\">\n<p><span dir=\"auto\">Calzados de tenis para hombre para pistas duras y r\u00e1pidas. Modelo t\u00e9cnico multiusos para entrenamiento y competici\u00f3n. Para jugadores con buena t\u00e9cnica que exigen mucho de estos calzados. Entre sus caracter\u00edsticas de alto rendimiento, la m\u00e1xima estabilidad, comodidad y agarre las hacen destacar en la pista.<\/span><\/p>\n<p>&nbsp;<\/p>\n<p><span dir=\"auto\">El calzado est\u00e1 fabricado en nailon con jacquard personalizado, ligero y flexible. En este material, hemos aplicado perforaciones VTS que permiten la ventilaci\u00f3n del sudor. Para garantizar el ajuste, tambi\u00e9n hemos a\u00f1adido material sint\u00e9tico de TPU termosellado con tecnolog\u00eda JOMA SPORTECH, que pr\u00e1cticamente no a\u00f1ade peso. Leng\u00fceta acolchada y cord\u00f3n PERFECT FIT para un ajuste superior. En la parte delantera, incorpora goma inyectada que protege la zona de impactos y rozaduras, adem\u00e1s de aumentar la durabilidad. Por ello, se ha incluido un contrafuerte EXO COUNTER con la misma funci\u00f3n.<\/span><\/p>\n<p><span dir=\"auto\">La entresuela est\u00e1 fabricada con phylon ligero y flexible para absorber los impactos, con mayor altura lateral gracias a la tecnolog\u00eda PROTECTION. El sistema STABILIS evita giros incorrectos entre la parte delantera y trasera del pie, previniendo as\u00ed lesiones.<\/span><\/p>\n<p><span dir=\"auto\">La suela de goma para todo tipo de superficies proporciona la alta resistencia necesaria en pistas duras. La banda de rodadura permite al jugador deslizarse y frenar seg\u00fan sea necesario, proporcionando el agarre necesario en pistas duras<\/span><\/p>\n<p>&nbsp;<\/p>\n<\/div>\n<\/div>\n<\/div>\n<\/div>\n<div id=\"features\" class=\"container newFeatures\">\n<div class=\"row\">\n<div class=\"col-12 col-lg-4 p-0\">\n<h2><span dir=\"auto\">Caracter\u00edsticas<\/span><\/h2>\n<ul class=\"features list\">\n<li><span dir=\"auto\">Parte superior de nailon con TPU y KPU.<\/span><\/li>\n<li><span dir=\"auto\">Cierre de cordones AJUSTE PERFECTO.<\/span><\/li>\n<li><span dir=\"auto\">Entresuela de phylon STABILIS.<\/span><\/li>\n<li><span dir=\"auto\">Suela de goma DURABILIDAD.<\/span><\/li>\n<li><span dir=\"auto\">Contrafuerte del tal\u00f3n EXO.<\/span><\/li>\n<li><span dir=\"auto\">Leng\u00fceta cosida a la parte superior.<\/span><\/li>\n<\/ul>\n<\/div>\n<div class=\"col-12 col-lg-4\">\n<h2><span dir=\"auto\">Informaci\u00f3n t\u00e9cnica<\/span><\/h2>\n<ul class=\"features list\">\n<li><span dir=\"auto\">Adecuado para: peso medio &#8211; alto.<\/span><\/li>\n<li><span dir=\"auto\">Intensidad de uso: entrenamiento y competici\u00f3n.<\/span><\/li>\n<li><span dir=\"auto\">Rendimiento: promedio.<\/span><\/li>\n<li><span dir=\"auto\">Rendimiento: alto.<\/span><\/li>\n<li>Modelo: TPOIS2402C.<\/li>\n<li>Color: Blanco.<\/li>\n<\/ul>\n<\/div>\n<\/div>\n<\/div>\n<p>&nbsp;<\/p>\n","protected":false},"excerpt":{"rendered":"<p>POINT Calzados de tenis para hombre para pistas duras y r\u00e1pidas. Modelo t\u00e9cnico multiusos para entrenamiento y competici\u00f3n. Para jugadores<\/p>\n","protected":false},"featured_media":96455,"comment_status":"open","ping_status":"closed","template":"","meta":{"nf_dc_page":""},"product_brand":[2513],"product_cat":[76],"product_tag":[2516],"class_list":{"0":"post-96013","1":"product","2":"type-product","3":"status-publish","4":"has-post-thumbnail","6":"product_brand-joma","7":"product_cat-masculino","8":"product_tag-tpois2402c","10":"first","11":"instock","12":"shipping-taxable","13":"purchasable","14":"product-type-simple"},"_links":{"self":[{"href":"https:\/\/brandss.com.py\/index\/wp-json\/wp\/v2\/product\/96013","targetHints":{"allow":["GET"]}}],"collection":[{"href":"https:\/\/brandss.com.py\/index\/wp-json\/wp\/v2\/product"}],"about":[{"href":"https:\/\/brandss.com.py\/index\/wp-json\/wp\/v2\/types\/product"}],"replies":[{"embeddable":true,"href":"https:\/\/brandss.com.py\/index\/wp-json\/wp\/v2\/comments?post=96013"}],"version-history":[{"count":1,"href":"https:\/\/brandss.com.py\/index\/wp-json\/wp\/v2\/product\/96013\/revisions"}],"predecessor-version":[{"id":96014,"href":"https:\/\/brandss.com.py\/index\/wp-json\/wp\/v2\/product\/96013\/revisions\/96014"}],"wp:featuredmedia":[{"embeddable":true,"href":"https:\/\/brandss.com.py\/index\/wp-json\/wp\/v2\/media\/96455"}],"wp:attachment":[{"href":"https:\/\/brandss.com.py\/index\/wp-json\/wp\/v2\/media?parent=96013"}],"wp:term":[{"taxonomy":"product_brand","embeddable":true,"href":"https:\/\/brandss.com.py\/index\/wp-json\/wp\/v2\/product_brand?post=96013"},{"taxonomy":"product_cat","embeddable":true,"href":"https:\/\/brandss.com.py\/index\/wp-json\/wp\/v2\/product_cat?post=96013"},{"taxonomy":"product_tag","embeddable":true,"href":"https:\/\/brandss.com.py\/index\/wp-json\/wp\/v2\/product_tag?post=96013"}],"curies":[{"name":"wp","href":"https:\/\/api.w.org\/{rel}","templated":true}]}}