{"id":96080,"date":"2026-01-21T18:27:06","date_gmt":"2026-01-21T18:27:06","guid":{"rendered":"https:\/\/brandss.com.py\/index\/?post_type=product&#038;p=96080"},"modified":"2026-03-14T11:51:58","modified_gmt":"2026-03-14T11:51:58","slug":"perfume-masculino-issey-miyake-leau-dissey-pour-homme-edt-200ml","status":"publish","type":"product","link":"https:\/\/brandss.com.py\/index\/producto\/perfume-masculino-issey-miyake-leau-dissey-pour-homme-edt-200ml\/","title":{"rendered":"PERFUME MASCULINO ISSEY MIYAKE L\u2019EAU DISSEY POUR HOMME EDT 200ML"},"content":{"rendered":"<p><img loading=\"lazy\" decoding=\"async\" class=\"\" src=\"https:\/\/i0.wp.com\/cdn.freebiesupply.com\/logos\/large\/2x\/issey-miyake-logo-png-transparent.png?resize=125%2C125&amp;ssl=1\" alt=\"Issey Miyake Logo PNG Transparent &amp; SVG Vector - Freebie Supply\" width=\"125\" height=\"125\" data-recalc-dims=\"1\" \/><\/p>\n<h1>L\u2019EAU DISSEY<\/h1>\n<p>&nbsp;<\/p>\n<p>Es un Eau de Toilette fresca, explosiva y elegante. Un perfume atemporal, una firma muy masculina. Con su sofisticada combinaci\u00f3n de notas frescas, especiadas y amaderadas, L&#8217;Eau d&#8217;Issey Pour Homme es una fragancia imprescindible para el hombre moderno.<br \/>\n<img loading=\"lazy\" decoding=\"async\" class=\"alignleft\" src=\"https:\/\/static.sweetcare.com\/img\/prd\/488\/v-638487848303067600\/issey-miyake-005632iy-4@2x.webp\" width=\"659\" height=\"659\" \/><\/p>\n<p><b>L\u2019eau d\u2019issey eau de toilette para hombre\u2026<\/b><\/p>\n<p><b>\u2026\u00a1\u00a1\u00a1masculina, elegante, explosiva!!!<\/b><\/p>\n<h3><\/h3>\n<h3>Notas Olfativas<\/h3>\n<p>&nbsp;<\/p>\n<div>La fragancia se abre con vigorizantes notas de salida de yuzu, cipr\u00e9s, cilantro, mandarina, salvia esclarea y verbena fresca. Estas notas frescas y \u00e1cidas crean una sensaci\u00f3n inmediata de sofisticaci\u00f3n y vitalidad.<\/div>\n<div>A medida que el aroma evoluciona, las notas de coraz\u00f3n revelan una mezcla armoniosa de nen\u00fafar azul, nuez moscada, azafr\u00e1n, geranio bourbon y canela de Ceil\u00e1n, que a\u00f1aden una profundidad picante y floral que resulta intrigante y reconfortante.<\/div>\n<div><\/div>\n<div>En su base, L&#8217;Eau d&#8217;Issey Pour Homme se sustenta en notas c\u00e1lidas y terrosas de tabaco, \u00e1mbar, almizcle, s\u00e1ndalo de la India, vetiver de Hait\u00ed y cipriol. Estas notas de base ricas y complejas garantizan una impresi\u00f3n duradera, lo que hace de esta fragancia una incorporaci\u00f3n memorable a la colecci\u00f3n de cualquier hombre.<\/div>\n<p>Una fragancia atemporal firmada por Issey Miyake, un aroma vibrante para hombres con estilo natural. El perfume L\u2019Eau D\u2019Issey de Issey Miyake es una fragancia de la familia olfativa amaderada acu\u00e1tica para hombres.<\/p>\n<ul>\n<li><strong>Notas de salida:<\/strong> yuzu, lim\u00f3n (lima \u00e1cida), bergamota, cedr\u00f3n (hierba luisa, verbena de olor), mandarina, cipr\u00e9s, calone, cilantro, estrag\u00f3n, salvia.<\/li>\n<li><strong>Notas de coraz\u00f3n:<\/strong> flor de loto azul, nuez moscada, lirio de los valles (muguete), azafr\u00e1n, geranio bourbon, canela de Ceylan, reseda (mi\u00f1oneta).<\/li>\n<li><strong>Notas de fondo:<\/strong> Vetiver de Tahit\u00ed, almizcle, cedro, s\u00e1ndalo, tabaco, \u00e1mbar.<\/li>\n<\/ul>\n","protected":false},"excerpt":{"rendered":"<p>L\u2019EAU DISSEY &nbsp; Es un Eau de Toilette fresca, explosiva y elegante. Un perfume atemporal, una firma muy masculina. Con<\/p>\n","protected":false},"featured_media":96648,"comment_status":"open","ping_status":"closed","template":"","meta":{"nf_dc_page":""},"product_brand":[1039],"product_cat":[84],"product_tag":[3128],"class_list":{"0":"post-96080","1":"product","2":"type-product","3":"status-publish","4":"has-post-thumbnail","6":"product_brand-issey-miyake","7":"product_cat-perfumeria","8":"product_tag-3128","10":"first","11":"instock","12":"shipping-taxable","13":"purchasable","14":"product-type-simple"},"_links":{"self":[{"href":"https:\/\/brandss.com.py\/index\/wp-json\/wp\/v2\/product\/96080","targetHints":{"allow":["GET"]}}],"collection":[{"href":"https:\/\/brandss.com.py\/index\/wp-json\/wp\/v2\/product"}],"about":[{"href":"https:\/\/brandss.com.py\/index\/wp-json\/wp\/v2\/types\/product"}],"replies":[{"embeddable":true,"href":"https:\/\/brandss.com.py\/index\/wp-json\/wp\/v2\/comments?post=96080"}],"version-history":[{"count":1,"href":"https:\/\/brandss.com.py\/index\/wp-json\/wp\/v2\/product\/96080\/revisions"}],"predecessor-version":[{"id":96081,"href":"https:\/\/brandss.com.py\/index\/wp-json\/wp\/v2\/product\/96080\/revisions\/96081"}],"wp:featuredmedia":[{"embeddable":true,"href":"https:\/\/brandss.com.py\/index\/wp-json\/wp\/v2\/media\/96648"}],"wp:attachment":[{"href":"https:\/\/brandss.com.py\/index\/wp-json\/wp\/v2\/media?parent=96080"}],"wp:term":[{"taxonomy":"product_brand","embeddable":true,"href":"https:\/\/brandss.com.py\/index\/wp-json\/wp\/v2\/product_brand?post=96080"},{"taxonomy":"product_cat","embeddable":true,"href":"https:\/\/brandss.com.py\/index\/wp-json\/wp\/v2\/product_cat?post=96080"},{"taxonomy":"product_tag","embeddable":true,"href":"https:\/\/brandss.com.py\/index\/wp-json\/wp\/v2\/product_tag?post=96080"}],"curies":[{"name":"wp","href":"https:\/\/api.w.org\/{rel}","templated":true}]}}