{"id":96860,"date":"2026-01-26T13:38:11","date_gmt":"2026-01-26T13:38:11","guid":{"rendered":"https:\/\/brandss.com.py\/index\/?post_type=product&#038;p=96860"},"modified":"2026-04-16T17:01:50","modified_gmt":"2026-04-16T17:01:50","slug":"bolso-de-mano-femenino-longchamp-le-pliage-original-desert","status":"publish","type":"product","link":"https:\/\/brandss.com.py\/index\/producto\/bolso-de-mano-femenino-longchamp-le-pliage-original-desert\/","title":{"rendered":"BOLSO DE MANO FEMENINO LONGCHAMP LE PLIAGE ORIGINAL DESERT"},"content":{"rendered":"<p><img loading=\"lazy\" decoding=\"async\" class=\"\" src=\"https:\/\/upload.wikimedia.org\/wikipedia\/commons\/thumb\/f\/fe\/Longchamp_logo.svg\/1280px-Longchamp_logo.svg.png\" alt=\"Archivo:Longchamp logo.svg - Wikipedia, la enciclopedia libre\" width=\"154\" height=\"41\" \/><\/p>\n<h1>LE PLIAGE ORIGINAL<\/h1>\n<p class=\"description_long\"><span dir=\"auto\">Este bolso tote te cautivar\u00e1 con su silueta minimalista y su volumen compacto, e incluso se puede plegar al tama\u00f1o de un libro de bolsillo. Sus largas asas te permiten llevarlo c\u00f3modamente al hombro, mientras que su cierre de cremallera garantiza la seguridad de todas tus pertenencias.<\/span><\/p>\n<p class=\"description_linetext\"><span dir=\"auto\">Ic\u00f3nico y mundialmente famoso, Le PLIAGE se inspira en el origami. Plegable, f\u00e1cil de usar y ligero, su ingenio cautiva a todas las generaciones. Su solapa y asas de cuero ruso, sus asas y su cierre a presi\u00f3n lo hacen reconocible a simple vista.<\/span><\/p>\n<p><span dir=\"auto\">Est\u00e1 confeccionado en lona de poliamida resistente con herrajes met\u00e1licos dorados, detalles de cuero ruso y un asa de 21 cm. Cuenta con dos bolsillos planos, cierre de cremallera y broche, y pesa 220 g.<\/span><\/p>\n<p><strong><span dir=\"auto\">Detalles:<\/span><\/strong><\/p>\n<ul>\n<li><span dir=\"auto\">Modelo: <\/span><span dir=\"auto\">L2605089526.<\/span><\/li>\n<li><span dir=\"auto\">Material: Lona de poliamida con revestimiento interior.<\/span><\/li>\n<li><span dir=\"auto\">Herrajes met\u00e1licos: color dorado.<\/span><\/li>\n<li><span dir=\"auto\">Adorno: cuero ruso (piel de vaca).<\/span><\/li>\n<li><span dir=\"auto\">Altura del mango: 21 cm \/ 8,3 pulgadas.<\/span><\/li>\n<li><span dir=\"auto\">Bolsillo plano: 2.<\/span><\/li>\n<li><span dir=\"auto\">Cierre: Cremallera y cierre a presi\u00f3n.<\/span><\/li>\n<li><span dir=\"auto\">Peso: 220 g.<\/span><\/li>\n<li><span dir=\"auto\">Color: <\/span><span dir=\"auto\">Desierto.<\/span><\/li>\n<li><span dir=\"auto\">Tama\u00f1o:<\/span><span dir=\"auto\"> 28 cm (largo) x 15,5 cm (ancho) x 26,5 cm (alto).<\/span><\/li>\n<\/ul>\n","protected":false},"excerpt":{"rendered":"<p>LE PLIAGE ORIGINAL Este bolso tote te cautivar\u00e1 con su silueta minimalista y su volumen compacto, e incluso se puede<\/p>\n","protected":false},"featured_media":96861,"comment_status":"open","ping_status":"closed","template":"","meta":{"nf_dc_page":""},"product_brand":[2584],"product_cat":[74],"product_tag":[2590],"class_list":{"0":"post-96860","1":"product","2":"type-product","3":"status-publish","4":"has-post-thumbnail","6":"product_brand-longchamp","7":"product_cat-accesorios-fem","8":"product_tag-l2605089526","10":"first","11":"outofstock","12":"shipping-taxable","13":"purchasable","14":"product-type-simple"},"_links":{"self":[{"href":"https:\/\/brandss.com.py\/index\/wp-json\/wp\/v2\/product\/96860","targetHints":{"allow":["GET"]}}],"collection":[{"href":"https:\/\/brandss.com.py\/index\/wp-json\/wp\/v2\/product"}],"about":[{"href":"https:\/\/brandss.com.py\/index\/wp-json\/wp\/v2\/types\/product"}],"replies":[{"embeddable":true,"href":"https:\/\/brandss.com.py\/index\/wp-json\/wp\/v2\/comments?post=96860"}],"version-history":[{"count":1,"href":"https:\/\/brandss.com.py\/index\/wp-json\/wp\/v2\/product\/96860\/revisions"}],"predecessor-version":[{"id":96864,"href":"https:\/\/brandss.com.py\/index\/wp-json\/wp\/v2\/product\/96860\/revisions\/96864"}],"wp:featuredmedia":[{"embeddable":true,"href":"https:\/\/brandss.com.py\/index\/wp-json\/wp\/v2\/media\/96861"}],"wp:attachment":[{"href":"https:\/\/brandss.com.py\/index\/wp-json\/wp\/v2\/media?parent=96860"}],"wp:term":[{"taxonomy":"product_brand","embeddable":true,"href":"https:\/\/brandss.com.py\/index\/wp-json\/wp\/v2\/product_brand?post=96860"},{"taxonomy":"product_cat","embeddable":true,"href":"https:\/\/brandss.com.py\/index\/wp-json\/wp\/v2\/product_cat?post=96860"},{"taxonomy":"product_tag","embeddable":true,"href":"https:\/\/brandss.com.py\/index\/wp-json\/wp\/v2\/product_tag?post=96860"}],"curies":[{"name":"wp","href":"https:\/\/api.w.org\/{rel}","templated":true}]}}