{"id":97032,"date":"2026-01-29T11:16:56","date_gmt":"2026-01-29T11:16:56","guid":{"rendered":"https:\/\/brandss.com.py\/index\/?post_type=product&#038;p=97032"},"modified":"2026-01-29T11:19:10","modified_gmt":"2026-01-29T11:19:10","slug":"perfume-masculino-ralph-lauren-polo-sport-edt-125ml","status":"publish","type":"product","link":"https:\/\/brandss.com.py\/index\/producto\/perfume-masculino-ralph-lauren-polo-sport-edt-125ml\/","title":{"rendered":"PERFUME MASCULINO RALPH LAUREN POLO SPORT EDT 125ML"},"content":{"rendered":"<p><img loading=\"lazy\" decoding=\"async\" class=\"\" src=\"https:\/\/images.seeklogo.com\/logo-png\/22\/1\/ralph-lauren-logo-png_seeklogo-227283.png\" alt=\"RALPH LAUREN Logo PNG Vector (EPS) Free Download\" width=\"98\" height=\"98\" \/><\/p>\n<h1>POLO SPORT<\/h1>\n<p>Es una colonia fresca para hombre. Una fragancia cl\u00e1sica y sensual sin ser excesiva.<\/p>\n<h3>Notas Olfativas<\/h3>\n<p>Polo Sport de Ralph Lauren es una fragancia de la familia olfativa Arom\u00e1tica Verde para Hombres. Polo Sport se lanz\u00f3 en 1994.<\/p>\n<p><strong>Notas de salida:<\/strong> aldeh\u00eddos, abr\u00f3tano, lavanda, mandarina, menta, neroli, bergamota, lim\u00f3n (lima \u00e1cida).<\/p>\n<p><strong>Notas de coraz\u00f3n:<\/strong> ciclamen (violeta persa), jengibre, hierba marina, jazm\u00edn, rosa, palo de rosa de Brasil, geranio.<\/p>\n<p><strong>Notas de fondo:<\/strong> s\u00e1ndalo, \u00e1mbar, almizcle, madera de gaiac, cedro.<\/p>\n","protected":false},"excerpt":{"rendered":"<p>POLO SPORT Es una colonia fresca para hombre. Una fragancia cl\u00e1sica y sensual sin ser excesiva. Notas Olfativas Polo Sport<\/p>\n","protected":false},"featured_media":97033,"comment_status":"open","ping_status":"closed","template":"","meta":{"nf_dc_page":""},"product_brand":[1692],"product_cat":[84],"product_tag":[2615],"class_list":{"0":"post-97032","1":"product","2":"type-product","3":"status-publish","4":"has-post-thumbnail","6":"product_brand-ralph-lauren","7":"product_cat-perfumeria","8":"product_tag-2615","10":"first","11":"instock","12":"shipping-taxable","13":"purchasable","14":"product-type-simple"},"_links":{"self":[{"href":"https:\/\/brandss.com.py\/index\/wp-json\/wp\/v2\/product\/97032","targetHints":{"allow":["GET"]}}],"collection":[{"href":"https:\/\/brandss.com.py\/index\/wp-json\/wp\/v2\/product"}],"about":[{"href":"https:\/\/brandss.com.py\/index\/wp-json\/wp\/v2\/types\/product"}],"replies":[{"embeddable":true,"href":"https:\/\/brandss.com.py\/index\/wp-json\/wp\/v2\/comments?post=97032"}],"version-history":[{"count":1,"href":"https:\/\/brandss.com.py\/index\/wp-json\/wp\/v2\/product\/97032\/revisions"}],"predecessor-version":[{"id":97038,"href":"https:\/\/brandss.com.py\/index\/wp-json\/wp\/v2\/product\/97032\/revisions\/97038"}],"wp:featuredmedia":[{"embeddable":true,"href":"https:\/\/brandss.com.py\/index\/wp-json\/wp\/v2\/media\/97033"}],"wp:attachment":[{"href":"https:\/\/brandss.com.py\/index\/wp-json\/wp\/v2\/media?parent=97032"}],"wp:term":[{"taxonomy":"product_brand","embeddable":true,"href":"https:\/\/brandss.com.py\/index\/wp-json\/wp\/v2\/product_brand?post=97032"},{"taxonomy":"product_cat","embeddable":true,"href":"https:\/\/brandss.com.py\/index\/wp-json\/wp\/v2\/product_cat?post=97032"},{"taxonomy":"product_tag","embeddable":true,"href":"https:\/\/brandss.com.py\/index\/wp-json\/wp\/v2\/product_tag?post=97032"}],"curies":[{"name":"wp","href":"https:\/\/api.w.org\/{rel}","templated":true}]}}