{"id":97048,"date":"2026-01-29T13:46:23","date_gmt":"2026-01-29T13:46:23","guid":{"rendered":"https:\/\/brandss.com.py\/index\/?post_type=product&#038;p=97048"},"modified":"2026-01-29T13:47:02","modified_gmt":"2026-01-29T13:47:02","slug":"serum-facial-gabaon-idebenone-prestige-3-ampollas","status":"publish","type":"product","link":"https:\/\/brandss.com.py\/index\/producto\/serum-facial-gabaon-idebenone-prestige-3-ampollas\/","title":{"rendered":"S\u00c9RUM FACIAL GABA\u00d3N IDEBENONE PRESTIGE 3 AMPOLLAS"},"content":{"rendered":"<p><img loading=\"lazy\" decoding=\"async\" class=\"\" src=\"https:\/\/gabaonbrasil.com.br\/wp-content\/uploads\/2024\/12\/Logotipo-Gabaon-Brasil.webp\" alt=\"Gaba\u00f3n Cosm\u00e9ticos K-Beauty - Skincare Corena no Brasil\" width=\"91\" height=\"91\" \/><\/p>\n<h1>IDEBENONE PRESTIGE<\/h1>\n<p><span dir=\"auto\">IDEBENONA de Gaba\u00f3n, potente antioxidante, 4 veces m\u00e1s potente que la vitamina C y 10 veces m\u00e1s potente que la enzima Q10. Es un maravilloso producto antiedad que ayuda a reducir las arrugas, hidrata en profundidad, unifica y suaviza la piel, aportando firmeza y elasticidad.<\/span><\/p>\n<p><span dir=\"auto\">Protege internamente la dermis y proporciona una rica nutrici\u00f3n a la piel con un solo uso. Es hipoalerg\u00e9nico. Dermatol\u00f3gicamente probado. Reduce arrugas, hidrata en profundidad, unifica y suaviza la piel. Es un potente antioxidante. Aporta firmeza y elasticidad a la piel.<\/span><\/p>\n<h3>Beneficios<\/h3>\n<div class=\"x14z9mp xat24cr x1lziwak x1vvkbs xtlvy1s x126k92a\">\n<ul>\n<li dir=\"auto\">Reducir arrugas y l\u00edneas finas.<\/li>\n<li dir=\"auto\">Mejorar la firmeza y elasticidad.<\/li>\n<li dir=\"auto\">Uniformar el tono y devolver el brillo natural.<\/li>\n<li dir=\"auto\">Proteger contra el da\u00f1o oxidativo<\/li>\n<\/ul>\n<\/div>\n<div class=\"x14z9mp xat24cr x1lziwak x1vvkbs xtlvy1s x126k92a\">\n<div dir=\"auto\">La clave est\u00e1 en la combinaci\u00f3n de sus activos y la mejor tecnolog\u00eda coreana, que transforman visiblemente la piel desde la primera aplicaci\u00f3n, y potencian sus efectos en tiempo r\u00e9cord.<\/div>\n<\/div>\n<div class=\"x14z9mp xat24cr x1lziwak x1vvkbs xtlvy1s x126k92a\">\n<div dir=\"auto\">Con el antioxidante m\u00e1s potente del mercado, 4x m\u00e1s que la vitamina C, renueva tu piel desde las capas m\u00e1s profundas, revelando su brillo y belleza original.<\/div>\n<\/div>\n<h3><strong><span dir=\"auto\">Instrucciones de uso:<\/span><\/strong><\/h3>\n<p><span dir=\"auto\">PASO 1: Gire en la direcci\u00f3n de la flecha hasta que haga clic en el indicador<\/span><\/p>\n<p><span dir=\"auto\">PASO 2: Retira el seguro de color negro, presiona el bot\u00f3n inferior, exp\u00e1ndelo y m\u00e9zclalo con el segundo bot\u00f3n activo.<\/span><\/p>\n<p><span dir=\"auto\">PASO 3: Agite hacia arriba y hacia abajo m\u00e1s de 15 a 20 veces para mezclar el primer del suero y el segundo ingrediente activo.<\/span><\/p>\n<p><span dir=\"auto\">PASO 4: Liquide el segundo seguro interno. Aplique una cantidad adecuada sobre la piel limpia y preparada.<\/span><\/p>\n","protected":false},"excerpt":{"rendered":"<p>IDEBENONE PRESTIGE IDEBENONA de Gaba\u00f3n, potente antioxidante, 4 veces m\u00e1s potente que la vitamina C y 10 veces m\u00e1s potente<\/p>\n","protected":false},"featured_media":97049,"comment_status":"open","ping_status":"closed","template":"","meta":{"nf_dc_page":""},"product_brand":[2611],"product_cat":[104],"product_tag":[2619],"class_list":{"0":"post-97048","1":"product","2":"type-product","3":"status-publish","4":"has-post-thumbnail","6":"product_brand-gabaon","7":"product_cat-skin-care","8":"product_tag-2619","10":"first","11":"instock","12":"shipping-taxable","13":"purchasable","14":"product-type-simple"},"_links":{"self":[{"href":"https:\/\/brandss.com.py\/index\/wp-json\/wp\/v2\/product\/97048","targetHints":{"allow":["GET"]}}],"collection":[{"href":"https:\/\/brandss.com.py\/index\/wp-json\/wp\/v2\/product"}],"about":[{"href":"https:\/\/brandss.com.py\/index\/wp-json\/wp\/v2\/types\/product"}],"replies":[{"embeddable":true,"href":"https:\/\/brandss.com.py\/index\/wp-json\/wp\/v2\/comments?post=97048"}],"version-history":[{"count":1,"href":"https:\/\/brandss.com.py\/index\/wp-json\/wp\/v2\/product\/97048\/revisions"}],"predecessor-version":[{"id":97054,"href":"https:\/\/brandss.com.py\/index\/wp-json\/wp\/v2\/product\/97048\/revisions\/97054"}],"wp:featuredmedia":[{"embeddable":true,"href":"https:\/\/brandss.com.py\/index\/wp-json\/wp\/v2\/media\/97049"}],"wp:attachment":[{"href":"https:\/\/brandss.com.py\/index\/wp-json\/wp\/v2\/media?parent=97048"}],"wp:term":[{"taxonomy":"product_brand","embeddable":true,"href":"https:\/\/brandss.com.py\/index\/wp-json\/wp\/v2\/product_brand?post=97048"},{"taxonomy":"product_cat","embeddable":true,"href":"https:\/\/brandss.com.py\/index\/wp-json\/wp\/v2\/product_cat?post=97048"},{"taxonomy":"product_tag","embeddable":true,"href":"https:\/\/brandss.com.py\/index\/wp-json\/wp\/v2\/product_tag?post=97048"}],"curies":[{"name":"wp","href":"https:\/\/api.w.org\/{rel}","templated":true}]}}