{"id":97056,"date":"2026-01-29T14:25:06","date_gmt":"2026-01-29T14:25:06","guid":{"rendered":"https:\/\/brandss.com.py\/index\/?post_type=product&#038;p=97056"},"modified":"2026-01-29T14:25:31","modified_gmt":"2026-01-29T14:25:31","slug":"crema-reparadora-facial-gabaon-premium-multipeptide-50ml","status":"publish","type":"product","link":"https:\/\/brandss.com.py\/index\/producto\/crema-reparadora-facial-gabaon-premium-multipeptide-50ml\/","title":{"rendered":"CREMA REPARADORA FACIAL GABA\u00d3N PREMIUM MULTIPEPTIDE 50ML"},"content":{"rendered":"<p><img loading=\"lazy\" decoding=\"async\" class=\"\" src=\"https:\/\/gabaonbrasil.com.br\/wp-content\/uploads\/2024\/12\/Logotipo-Gabaon-Brasil.webp\" alt=\"Gaba\u00f3n Cosm\u00e9ticos K-Beauty - Skincare Corena no Brasil\" width=\"93\" height=\"93\" \/><\/p>\n<h1>PREMIUM MULTIPEPTIDE<\/h1>\n<p>El reductor de arrugas, finas l\u00edneas y da\u00f1os a la piel, el Premiun Multipeptide Cream es un aut\u00e9ntico rejuvenecedor, probado dermatol\u00f3gicamente y con eficacia comprobada cient\u00edficamente.<\/p>\n<p>Su acci\u00f3n antise\u00f1ales va m\u00e1s all\u00e1 de la hidrataci\u00f3n y cuenta con multip\u00e9ptidos reparadores. Reduce significativamente las arrugas, finas l\u00edneas y da\u00f1os causados en la piel, a trav\u00e9s de la producci\u00f3n de col\u00e1genos que proporciona. Un poderoso anti edad.<\/p>\n<p>Fortalece exponencialmente el crecimiento celular. Estimula el antienvejecimiento, aumenta la elasticidad de la piel dej\u00e1ndola con la apariencia cada vez m\u00e1s joven. Rico en prote\u00ednas, vitamina A, y cuenta con 11 P\u00e9ptidos.<\/p>\n<h3>Beneficios<\/h3>\n<ul>\n<li>Hidrata y mejoras inmediatamente las antiarrugas.<\/li>\n<li>Antiinflamatorio.<\/li>\n<li>Contra el envejecimiento.<\/li>\n<li>Devuelve la elasticidad a la piel.<\/li>\n<li>Mejora la firmeza de la piel.<\/li>\n<li>Regenera las cicatrices y estimula la producci\u00f3n de c\u00e9lulas nuevas.<\/li>\n<\/ul>\n<h3><strong>Modo de uso<\/strong><\/h3>\n<p><strong><br \/>\n<\/strong>Utilice la esp\u00e1tula que acompa\u00f1a el producto para sacar la cantidad suficiente para aplicar en todo el rostro y cuello.<br \/>\nMasajee el producto hasta su completa absorci\u00f3n utilizando movimientos de adentro hacia afuera.<\/p>\n<p><strong>Contiene:<\/strong>\u00a01 unidad acompa\u00f1ada de esp\u00e1tula para aplicaci\u00f3n.<\/p>\n","protected":false},"excerpt":{"rendered":"<p>PREMIUM MULTIPEPTIDE El reductor de arrugas, finas l\u00edneas y da\u00f1os a la piel, el Premiun Multipeptide Cream es un aut\u00e9ntico<\/p>\n","protected":false},"featured_media":97057,"comment_status":"open","ping_status":"closed","template":"","meta":{"nf_dc_page":""},"product_brand":[2611],"product_cat":[104],"product_tag":[2620],"class_list":{"0":"post-97056","1":"product","2":"type-product","3":"status-publish","4":"has-post-thumbnail","6":"product_brand-gabaon","7":"product_cat-skin-care","8":"product_tag-2620","10":"first","11":"instock","12":"shipping-taxable","13":"purchasable","14":"product-type-simple"},"_links":{"self":[{"href":"https:\/\/brandss.com.py\/index\/wp-json\/wp\/v2\/product\/97056","targetHints":{"allow":["GET"]}}],"collection":[{"href":"https:\/\/brandss.com.py\/index\/wp-json\/wp\/v2\/product"}],"about":[{"href":"https:\/\/brandss.com.py\/index\/wp-json\/wp\/v2\/types\/product"}],"replies":[{"embeddable":true,"href":"https:\/\/brandss.com.py\/index\/wp-json\/wp\/v2\/comments?post=97056"}],"version-history":[{"count":1,"href":"https:\/\/brandss.com.py\/index\/wp-json\/wp\/v2\/product\/97056\/revisions"}],"predecessor-version":[{"id":97063,"href":"https:\/\/brandss.com.py\/index\/wp-json\/wp\/v2\/product\/97056\/revisions\/97063"}],"wp:featuredmedia":[{"embeddable":true,"href":"https:\/\/brandss.com.py\/index\/wp-json\/wp\/v2\/media\/97057"}],"wp:attachment":[{"href":"https:\/\/brandss.com.py\/index\/wp-json\/wp\/v2\/media?parent=97056"}],"wp:term":[{"taxonomy":"product_brand","embeddable":true,"href":"https:\/\/brandss.com.py\/index\/wp-json\/wp\/v2\/product_brand?post=97056"},{"taxonomy":"product_cat","embeddable":true,"href":"https:\/\/brandss.com.py\/index\/wp-json\/wp\/v2\/product_cat?post=97056"},{"taxonomy":"product_tag","embeddable":true,"href":"https:\/\/brandss.com.py\/index\/wp-json\/wp\/v2\/product_tag?post=97056"}],"curies":[{"name":"wp","href":"https:\/\/api.w.org\/{rel}","templated":true}]}}