{"id":97064,"date":"2026-01-29T17:11:31","date_gmt":"2026-01-29T17:11:31","guid":{"rendered":"https:\/\/brandss.com.py\/index\/?post_type=product&#038;p=97064"},"modified":"2026-04-23T16:41:04","modified_gmt":"2026-04-23T16:41:04","slug":"protector-solar-facial-gabaon-vegan-sun-day-spf-50-50ml","status":"publish","type":"product","link":"https:\/\/brandss.com.py\/index\/producto\/protector-solar-facial-gabaon-vegan-sun-day-spf-50-50ml\/","title":{"rendered":"PROTECTOR SOLAR FACIAL GABA\u00d3N VEGAN SUN DAY SPF 50+ 50mL"},"content":{"rendered":"<p><img loading=\"lazy\" decoding=\"async\" class=\"\" src=\"https:\/\/gabaonbrasil.com.br\/wp-content\/uploads\/2024\/12\/Logotipo-Gabaon-Brasil.webp\" alt=\"Gaba\u00f3n Cosm\u00e9ticos K-Beauty - Skincare Corena no Brasil\" width=\"83\" height=\"83\" \/><\/p>\n<h1>VEGAN SUN DAY<\/h1>\n<div dir=\"auto\">\u00bfSegu\u00eds buscando un protector solar para usar todos los d\u00edas?<\/div>\n<div dir=\"auto\">\u00a1No te preocupes! Tenemos la soluci\u00f3n perfecta: Vegan Sun Day Cream. El protector solar hidratante Gaba\u00f3n SPF 50+ Vegan Sun Day Cream se presenta como la elecci\u00f3n ideal para todo tipo de piel. Este producto no solo proporciona una hidrataci\u00f3n esencial, sino que tambi\u00e9n protege eficazmente la piel contra los da\u00f1inos rayos UV. Con una f\u00f3rmula ligera y no grasa, ofrece una sensaci\u00f3n de alivio y frescura, brindando un elevado nivel de protecci\u00f3n solar con SPF 50+ PA++++. Contiene ingredientes humectantes suaves que nutren la piel sin dejar marcas blancas despu\u00e9s de la aplicaci\u00f3n. Adem\u00e1s, es un producto 100% vegano, cuidando tanto de tu piel como del medio ambiente.<\/div>\n<div dir=\"auto\">Con FPS 50+ PA++++, protege la piel con amplio espectro (contra los rayos UVA y UVB). Y su formulaci\u00f3n vegana y cruelty free, cuida de tu piel y tambi\u00e9n del medioambiente.<\/div>\n<div dir=\"auto\">Adem\u00e1s de contener tecnolog\u00edas coreanas avanzadas: Ajuste Aquafitting y Particle Sun Technology, que se adaptan a la humedad de la piel y mejoran la dispersi\u00f3n de rayos solares, con mejor adherencia y cobertura. Tambi\u00e9n cuenta con efecto MATTE y una textura como de gel: ligera, de secado r\u00e1pido y sin dejar residuos.<\/div>\n<div dir=\"auto\">\u00a1Perfecto para usar todos los d\u00edas!<\/div>\n<div dir=\"auto\">\n<h3 style=\"font-weight: 300\"><b><strong>Beneficios<\/strong><\/b><\/h3>\n<ul>\n<li style=\"font-weight: 300\">Alta protecci\u00f3n solar SPF 50+ PA++++.<\/li>\n<li style=\"font-weight: 300\">Hidrata la piel, ligero, pr\u00e1ctico y 100% vegano.<\/li>\n<li style=\"font-weight: 300\">No deja marcas blancas o residuos grasos luego de la aplicaci\u00f3n.<\/li>\n<li style=\"font-weight: 300\">Ideal para todo tipo de piel.<\/li>\n<li style=\"font-weight: 300\">Dermatol\u00f3gicamente testado.<\/li>\n<\/ul>\n<h3 style=\"font-weight: 300\"><b><strong>Modo de uso<\/strong><\/b><\/h3>\n<p style=\"font-weight: 300\">Despu\u00e9s de la rutina de skincare Gaba\u00f3n, aplica generosamente el Vegan Sun Day Cream con las manos debidamente higienizadas, por todo el rostro, cuello y zonas expuestas al sol. Repetir la aplicaci\u00f3n cada que sea necesario.<\/p>\n<\/div>\n","protected":false},"excerpt":{"rendered":"<p>VEGAN SUN DAY \u00bfSegu\u00eds buscando un protector solar para usar todos los d\u00edas? \u00a1No te preocupes! Tenemos la soluci\u00f3n perfecta:<\/p>\n","protected":false},"featured_media":97065,"comment_status":"open","ping_status":"closed","template":"","meta":{"nf_dc_page":""},"product_brand":[2611],"product_cat":[104],"product_tag":[2621],"class_list":{"0":"post-97064","1":"product","2":"type-product","3":"status-publish","4":"has-post-thumbnail","6":"product_brand-gabaon","7":"product_cat-skin-care","8":"product_tag-2621","10":"first","11":"instock","12":"shipping-taxable","13":"purchasable","14":"product-type-simple"},"_links":{"self":[{"href":"https:\/\/brandss.com.py\/index\/wp-json\/wp\/v2\/product\/97064","targetHints":{"allow":["GET"]}}],"collection":[{"href":"https:\/\/brandss.com.py\/index\/wp-json\/wp\/v2\/product"}],"about":[{"href":"https:\/\/brandss.com.py\/index\/wp-json\/wp\/v2\/types\/product"}],"replies":[{"embeddable":true,"href":"https:\/\/brandss.com.py\/index\/wp-json\/wp\/v2\/comments?post=97064"}],"version-history":[{"count":1,"href":"https:\/\/brandss.com.py\/index\/wp-json\/wp\/v2\/product\/97064\/revisions"}],"predecessor-version":[{"id":97071,"href":"https:\/\/brandss.com.py\/index\/wp-json\/wp\/v2\/product\/97064\/revisions\/97071"}],"wp:featuredmedia":[{"embeddable":true,"href":"https:\/\/brandss.com.py\/index\/wp-json\/wp\/v2\/media\/97065"}],"wp:attachment":[{"href":"https:\/\/brandss.com.py\/index\/wp-json\/wp\/v2\/media?parent=97064"}],"wp:term":[{"taxonomy":"product_brand","embeddable":true,"href":"https:\/\/brandss.com.py\/index\/wp-json\/wp\/v2\/product_brand?post=97064"},{"taxonomy":"product_cat","embeddable":true,"href":"https:\/\/brandss.com.py\/index\/wp-json\/wp\/v2\/product_cat?post=97064"},{"taxonomy":"product_tag","embeddable":true,"href":"https:\/\/brandss.com.py\/index\/wp-json\/wp\/v2\/product_tag?post=97064"}],"curies":[{"name":"wp","href":"https:\/\/api.w.org\/{rel}","templated":true}]}}