{"id":97115,"date":"2026-01-31T11:05:35","date_gmt":"2026-01-31T11:05:35","guid":{"rendered":"https:\/\/brandss.com.py\/index\/?post_type=product&#038;p=97115"},"modified":"2026-01-31T11:31:26","modified_gmt":"2026-01-31T11:31:26","slug":"perfume-femenino-lovali-vernasa-galaxy-blue-edp-100ml","status":"publish","type":"product","link":"https:\/\/brandss.com.py\/index\/producto\/perfume-femenino-lovali-vernasa-galaxy-blue-edp-100ml\/","title":{"rendered":"PERFUME FEMENINO LOVALI VERNASA GALAXY BLUE EDP 100ML"},"content":{"rendered":"<p><img loading=\"lazy\" decoding=\"async\" class=\"\" src=\"https:\/\/www.cosmeticcapital.com.au\/cdn\/shop\/collections\/brand_logo_lovali.jpg?crop=center&amp;height=150&amp;v=1741043991&amp;width=300\" alt=\"Lovali Cream Cloud Eau De Parfum 35ml \u2013 Cosmetic Capital\" width=\"130\" height=\"65\" \/><\/p>\n<h1>VERNASA GALAXY BLUE<\/h1>\n<p><span dir=\"auto\">Sum\u00e9rgete en un mundo de encanto c\u00f3smico con <\/span><span dir=\"auto\">Vernasa Galaxy Blue<\/span><strong data-start=\"102\" data-end=\"146\"><span dir=\"auto\">.<\/span><\/strong><span dir=\"auto\"> Esta cautivadora fragancia est\u00e1 dise\u00f1ada para quienes buscan misterio, confianza y sofisticaci\u00f3n natural. Es perfecto para el d\u00eda o la noche, lo que lo convierte en un complemento esencial para cualquier colecci\u00f3n de fragancias.<\/span><\/p>\n<h3>Notas Olfativas<\/h3>\n<p><span dir=\"auto\">Infundido con una encantadora mezcla de notas arom\u00e1ticas, Vernasa <\/span><span dir=\"auto\">Galaxy Blue<\/span><span dir=\"auto\">\u00a0se abre con una explosi\u00f3n de c\u00edtricos frescos y acordes acu\u00e1ticos, evocando la serenidad de un oc\u00e9ano estrellado. A medida que la fragancia evoluciona, las c\u00e1lidas especias y las sensuales maderas crean un coraz\u00f3n rico y magn\u00e9tico, dejando una impresi\u00f3n duradera de elegancia y profundidad.<\/span><\/p>\n<p><span dir=\"auto\"><strong>Notas de salida:<\/strong> manzana, grosella negra, tr\u00e9bol, no me olvides, shiso.<\/span><br \/>\n<span dir=\"auto\"><strong>Notas de coraz\u00f3n:<\/strong> melocot\u00f3n, notas florales rosadas, rosa silvestre, jazm\u00edn.<\/span><br \/>\n<span dir=\"auto\"><strong>Notas de fondo:<\/strong> almizcle, notas amaderadas, benju\u00ed, pachul\u00ed.<\/span><\/p>\n","protected":false},"excerpt":{"rendered":"<p>VERNASA GALAXY BLUE Sum\u00e9rgete en un mundo de encanto c\u00f3smico con Vernasa Galaxy Blue. Esta cautivadora fragancia est\u00e1 dise\u00f1ada para<\/p>\n","protected":false},"featured_media":97122,"comment_status":"open","ping_status":"closed","template":"","meta":{"nf_dc_page":""},"product_brand":[2635],"product_cat":[84],"product_tag":[2636],"class_list":{"0":"post-97115","1":"product","2":"type-product","3":"status-publish","4":"has-post-thumbnail","6":"product_brand-lovali","7":"product_cat-perfumeria","8":"product_tag-2636","10":"first","11":"instock","12":"shipping-taxable","13":"purchasable","14":"product-type-simple"},"_links":{"self":[{"href":"https:\/\/brandss.com.py\/index\/wp-json\/wp\/v2\/product\/97115","targetHints":{"allow":["GET"]}}],"collection":[{"href":"https:\/\/brandss.com.py\/index\/wp-json\/wp\/v2\/product"}],"about":[{"href":"https:\/\/brandss.com.py\/index\/wp-json\/wp\/v2\/types\/product"}],"replies":[{"embeddable":true,"href":"https:\/\/brandss.com.py\/index\/wp-json\/wp\/v2\/comments?post=97115"}],"version-history":[{"count":1,"href":"https:\/\/brandss.com.py\/index\/wp-json\/wp\/v2\/product\/97115\/revisions"}],"predecessor-version":[{"id":97116,"href":"https:\/\/brandss.com.py\/index\/wp-json\/wp\/v2\/product\/97115\/revisions\/97116"}],"wp:featuredmedia":[{"embeddable":true,"href":"https:\/\/brandss.com.py\/index\/wp-json\/wp\/v2\/media\/97122"}],"wp:attachment":[{"href":"https:\/\/brandss.com.py\/index\/wp-json\/wp\/v2\/media?parent=97115"}],"wp:term":[{"taxonomy":"product_brand","embeddable":true,"href":"https:\/\/brandss.com.py\/index\/wp-json\/wp\/v2\/product_brand?post=97115"},{"taxonomy":"product_cat","embeddable":true,"href":"https:\/\/brandss.com.py\/index\/wp-json\/wp\/v2\/product_cat?post=97115"},{"taxonomy":"product_tag","embeddable":true,"href":"https:\/\/brandss.com.py\/index\/wp-json\/wp\/v2\/product_tag?post=97115"}],"curies":[{"name":"wp","href":"https:\/\/api.w.org\/{rel}","templated":true}]}}