{"id":97134,"date":"2026-01-31T12:19:02","date_gmt":"2026-01-31T12:19:02","guid":{"rendered":"https:\/\/brandss.com.py\/index\/?post_type=product&#038;p=97134"},"modified":"2026-02-03T14:28:12","modified_gmt":"2026-02-03T14:28:12","slug":"perfume-masculino-lovali-advance-warning-maximum-edp-100ml","status":"publish","type":"product","link":"https:\/\/brandss.com.py\/index\/producto\/perfume-masculino-lovali-advance-warning-maximum-edp-100ml\/","title":{"rendered":"PERFUME MASCULINO LOVALI ADVANCE WARNING MAXIMUM EDP 100ML"},"content":{"rendered":"<p><img loading=\"lazy\" decoding=\"async\" class=\"\" src=\"https:\/\/www.cosmeticcapital.com.au\/cdn\/shop\/collections\/brand_logo_lovali.jpg?crop=center&amp;height=150&amp;v=1741043991&amp;width=300\" alt=\"Lovali Cream Cloud Eau De Parfum 35ml \u2013 Cosmetic Capital\" width=\"100\" height=\"50\" \/><\/p>\n<h1>ADVANCE WARNING MAXIMUM<\/h1>\n<p><span dir=\"auto\">Intenso, atrevido e innegablemente masculino,<\/span><span dir=\"auto\">Advance Warning Maximum<\/span><span dir=\"auto\"> est\u00e1 dise\u00f1ado para hombres que buscan fuerza, poder y una confianza intr\u00e9pida. Presentado en un audaz frasco, esta fragancia es perfecta para salidas nocturnas, ocasiones especiales o cualquier momento en el que desees causar sensaci\u00f3n.<img loading=\"lazy\" decoding=\"async\" class=\"alignleft\" src=\"https:\/\/down-ph.img.susercontent.com\/file\/ph-11134207-81zto-mfozln7h5t6z96.webp\" width=\"472\" height=\"472\" \/><\/span><\/p>\n<p><span dir=\"auto\">Potente y magn\u00e9tico,\u00a0<\/span><span dir=\"auto\">Advance Warning Maximum<\/span><span dir=\"auto\">\u00a0es una fragancia exclusiva para hombres que prosperan gracias a la ambici\u00f3n y la intensidad.<\/span><\/p>\n<p>&nbsp;<\/p>\n<h3>Notas Olfativas<\/h3>\n<p>&nbsp;<\/p>\n<p data-start=\"478\" data-end=\"862\">La fragancia se abre con notas c\u00edtricas energizantes acompa\u00f1adas por un toque especiado de pimienta, que aportan vitalidad y car\u00e1cter desde el primer instante. En el coraz\u00f3n, el abedul ahumado se fusiona con acordes arom\u00e1ticos, creando una sensaci\u00f3n robusta y elegante. Finalmente, su fondo de maderas, almizcle y \u00e1mbar gris envuelve la piel con una estela c\u00e1lida, sensual y duradera.<\/p>\n<p data-start=\"864\" data-end=\"999\">Ideal para hombres que buscan un perfume con car\u00e1cter marcado, perfecto para el uso diario, eventos especiales o salidas nocturnas.<\/p>\n<h3 data-start=\"1006\" data-end=\"1030\"><\/h3>\n<ul data-start=\"1032\" data-end=\"1204\">\n<li data-start=\"1032\" data-end=\"1089\">\n<p data-start=\"1034\" data-end=\"1089\"><strong data-start=\"1034\" data-end=\"1054\">Notas de salida:<\/strong> notas c\u00edtricas frescas, pimienta, caramelo.<\/p>\n<\/li>\n<li data-start=\"1090\" data-end=\"1150\">\n<p data-start=\"1092\" data-end=\"1150\"><strong data-start=\"1092\" data-end=\"1113\">Notas de coraz\u00f3n:<\/strong> abedul ahumado, acordes arom\u00e1ticos, cardamomo.<\/p>\n<\/li>\n<li data-start=\"1151\" data-end=\"1204\">\n<p data-start=\"1153\" data-end=\"1204\"><strong data-start=\"1153\" data-end=\"1172\">Notas de fondo:<\/strong> almizcle, \u00e1mbar gris, maderas.<\/p>\n<\/li>\n<\/ul>\n<p>.<\/p>\n<p>&nbsp;<\/p>\n","protected":false},"excerpt":{"rendered":"<p>ADVANCE WARNING MAXIMUM Intenso, atrevido e innegablemente masculino,Advance Warning Maximum est\u00e1 dise\u00f1ado para hombres que buscan fuerza, poder y una<\/p>\n","protected":false},"featured_media":97223,"comment_status":"open","ping_status":"closed","template":"","meta":{"nf_dc_page":""},"product_brand":[2635],"product_cat":[84],"product_tag":[2638],"class_list":{"0":"post-97134","1":"product","2":"type-product","3":"status-publish","4":"has-post-thumbnail","6":"product_brand-lovali","7":"product_cat-perfumeria","8":"product_tag-2638","10":"first","11":"instock","12":"shipping-taxable","13":"purchasable","14":"product-type-simple"},"_links":{"self":[{"href":"https:\/\/brandss.com.py\/index\/wp-json\/wp\/v2\/product\/97134","targetHints":{"allow":["GET"]}}],"collection":[{"href":"https:\/\/brandss.com.py\/index\/wp-json\/wp\/v2\/product"}],"about":[{"href":"https:\/\/brandss.com.py\/index\/wp-json\/wp\/v2\/types\/product"}],"replies":[{"embeddable":true,"href":"https:\/\/brandss.com.py\/index\/wp-json\/wp\/v2\/comments?post=97134"}],"version-history":[{"count":1,"href":"https:\/\/brandss.com.py\/index\/wp-json\/wp\/v2\/product\/97134\/revisions"}],"predecessor-version":[{"id":97135,"href":"https:\/\/brandss.com.py\/index\/wp-json\/wp\/v2\/product\/97134\/revisions\/97135"}],"wp:featuredmedia":[{"embeddable":true,"href":"https:\/\/brandss.com.py\/index\/wp-json\/wp\/v2\/media\/97223"}],"wp:attachment":[{"href":"https:\/\/brandss.com.py\/index\/wp-json\/wp\/v2\/media?parent=97134"}],"wp:term":[{"taxonomy":"product_brand","embeddable":true,"href":"https:\/\/brandss.com.py\/index\/wp-json\/wp\/v2\/product_brand?post=97134"},{"taxonomy":"product_cat","embeddable":true,"href":"https:\/\/brandss.com.py\/index\/wp-json\/wp\/v2\/product_cat?post=97134"},{"taxonomy":"product_tag","embeddable":true,"href":"https:\/\/brandss.com.py\/index\/wp-json\/wp\/v2\/product_tag?post=97134"}],"curies":[{"name":"wp","href":"https:\/\/api.w.org\/{rel}","templated":true}]}}