{"id":97168,"date":"2026-02-02T13:20:29","date_gmt":"2026-02-02T13:20:29","guid":{"rendered":"https:\/\/brandss.com.py\/index\/?post_type=product&#038;p=97168"},"modified":"2026-04-07T14:41:04","modified_gmt":"2026-04-07T14:41:04","slug":"shampoo-capilar-loreal-serie-expert-absolut-repair-gold-1500ml","status":"publish","type":"product","link":"https:\/\/brandss.com.py\/index\/producto\/shampoo-capilar-loreal-serie-expert-absolut-repair-gold-1500ml\/","title":{"rendered":"SHAMPOO CAPILAR L\u2019OR\u00c9AL SERIE EXPERT ABSOLUT REPAIR GOLD 1500ML"},"content":{"rendered":"<p><img loading=\"lazy\" decoding=\"async\" class=\"\" src=\"https:\/\/1000marcas.net\/wp-content\/uploads\/2020\/01\/LOr%C3%A9al-Logo.png\" alt=\"LOreal Logo - s\u00edmbolo, significado logotipo, historia, PNG\" width=\"114\" height=\"64\" \/><\/p>\n<h1>ABSOLUT REPAIR GOLD<\/h1>\n<h5><em>Limpia, fortalece, repara, reconstruye y protege el cabello.<\/em><\/h5>\n<p><span dir=\"auto\">La marca de tratamiento capilar profesional m\u00e1s vendida en el mundo, presenta el nuevo Absolut Repair Gold Quinoa Protein, que llega a la estructura m\u00e1s profunda de la fibra capilar y promueve la reestructuraci\u00f3n del cabello. <\/span><span dir=\"auto\">Gracias a la acci\u00f3n de las prote\u00ednas vegetales con alta afinidad por la prote\u00edna natural del cabello, la nueva tecnolog\u00eda permite rellenar las zonas que han perdido masa capilar debido al da\u00f1o, desde lo m\u00e1s profundo de la fibra hasta las cut\u00edculas. Adem\u00e1s, forma una pel\u00edcula de fuerza y \u200b\u200bprotecci\u00f3n contra da\u00f1os posteriores. Todo esto a la vez que proporciona gran manejabilidad, suavidad y brillo, sin acartonar ni apelmazar el cabello.<\/span><\/p>\n<p><span dir=\"auto\">Champ\u00fa para cabello da\u00f1ado. El champ\u00fa reparador instant\u00e1neo L&#8217;Or\u00e9al Professionnel Serie Expert Absolut Repair Gold Quinoa + Protein reestructura la fibra capilar, aportando brillo y ligereza durante la limpieza diaria.<\/span><\/p>\n<p><span dir=\"auto\">El champ\u00fa L&#8217;Or\u00e9al Professionnel Absolut Repair Gold Quinoa + Protein contiene ingredientes activos que ayudan a restaurar la superficie del cabello, revelando una apariencia m\u00e1s saludable. Tu cabello lucir\u00e1 mucho m\u00e1s brillante y un tacto incre\u00edblemente suave.<\/span><\/p>\n<p><span dir=\"auto\">Nueva f\u00f3rmula ahora con CO-EMULSI\u00d3N (tecnolog\u00eda exclusiva de L&#8217;Or\u00e9al), mol\u00e9culas 50 veces m\u00e1s peque\u00f1as que las tradicionales, para actuar en las zonas m\u00e1s da\u00f1adas, hasta la superficie de la hebra capilar.<\/span><\/p>\n<h3><span dir=\"auto\">Nueva Tecnolog\u00eda<\/span><\/h3>\n<p><span dir=\"auto\">Una combinaci\u00f3n de valiosos ingredientes activos: quinoa dorada + prote\u00edna con exclusiva e innovadora tecnolog\u00eda de coemulsi\u00f3n.<\/span><br \/>\n<span dir=\"auto\">El c\u00f3rtex es la capa m\u00e1s interna del cabello, donde se encuentran las prote\u00ednas que le dan estructura y fuerza. Es en esta capa donde L&#8217;Or\u00e9al Professionnel aplica los ingredientes activos de la NUEVA Prote\u00edna de Quinoa Dorada Absolut Repair.<\/span><\/p>\n<p><span dir=\"auto\">\u2022\u00a0\u00a0<\/span><strong><span dir=\"auto\">Quinoa Dorada:<\/span><\/strong><br \/>\n<span dir=\"auto\">El cereal m\u00e1s reconocido en nutrici\u00f3n actual le otorga sus superpoderes al cabello. Su composici\u00f3n, adem\u00e1s de vitaminas E y complejo B, incluye prote\u00edna completa y nueve amino\u00e1cidos esenciales, que ayudan a la reestructuraci\u00f3n profunda de las fibras capilares da\u00f1adas, creando una pel\u00edcula que proporciona fuerza y \u200b\u200bprotecci\u00f3n a las hebras, previniendo futuros da\u00f1os.<\/span><\/p>\n<p><span dir=\"auto\">\u2022\u00a0\u00a0<\/span><strong><span dir=\"auto\">Prote\u00edna de Trigo Hidrolizada:<\/span><\/strong><br \/>\n<span dir=\"auto\">Reconocida por su eficacia en el tratamiento del cabello da\u00f1ado, la prote\u00edna de trigo ha sido hidrolizada, lo que significa que se ha descompuesto en part\u00edculas infinitamente m\u00e1s peque\u00f1as para facilitar su penetraci\u00f3n y afinidad con la fibra capilar. Su funci\u00f3n es ayudar a controlar la p\u00e9rdida de hidrataci\u00f3n del cabello, proporcionando una gran suavidad y una sensaci\u00f3n sedosa, adem\u00e1s de crear una capa protectora que mantiene las cut\u00edculas selladas, conservando as\u00ed las propiedades restauradoras de la fibra capilar.<\/span><\/p>\n<p><span dir=\"auto\">\u2022\u00a0\u00a0<\/span><strong><span dir=\"auto\">Co-Emulsi\u00f3n:<\/span><\/strong><br \/>\n<span dir=\"auto\">La caracter\u00edstica m\u00e1s avanzada en las formulaciones de champ\u00fa y acondicionador de Absolut Repair Gold Quinoa Protein es que las mol\u00e9culas se han reducido cincuenta veces para permitir la penetraci\u00f3n en toda la fibra capilar sin apelmazarlo.<\/span><\/p>\n<p><span dir=\"auto\"><strong>Quinoa Dorada y Prote\u00ednas:<\/strong> <\/span><\/p>\n<p><span dir=\"auto\">Reduce el da\u00f1o a la superficie capilar para un cabello m\u00e1s brillante con un tacto ligero. Su cabello estar\u00e1 limpio, hasta un 77 % m\u00e1s reparado, 7 veces m\u00e1s brillante y con un tacto suave (con el uso de la l\u00ednea completa).<\/span><\/p>\n<p><strong><span dir=\"auto\">Indicaci\u00f3n:<\/span><\/strong><\/p>\n<p><strong><br \/>\n<\/strong><span dir=\"auto\">Cabello da\u00f1ado y debilitado.<\/span><\/p>\n<p><span dir=\"auto\">Resultados esperados:<\/span><\/p>\n<p><span dir=\"auto\">\u2022 Cabello m\u00e1s brillante y suave<\/span><br \/>\n<span dir=\"auto\">\u2022 Cabello menos da\u00f1ado<\/span><br \/>\n<span dir=\"auto\">\u2022 Tacto ligero.<\/span><\/p>\n<p>&nbsp;<\/p>\n","protected":false},"excerpt":{"rendered":"<p>ABSOLUT REPAIR GOLD Limpia, fortalece, repara, reconstruye y protege el cabello. La marca de tratamiento capilar profesional m\u00e1s vendida en<\/p>\n","protected":false},"featured_media":97292,"comment_status":"open","ping_status":"closed","template":"","meta":{"nf_dc_page":""},"product_brand":[349],"product_cat":[85],"product_tag":[2652],"class_list":{"0":"post-97168","1":"product","2":"type-product","3":"status-publish","4":"has-post-thumbnail","6":"product_brand-loreal","7":"product_cat-cosmeticos","8":"product_tag-2652","10":"first","11":"instock","12":"shipping-taxable","13":"purchasable","14":"product-type-simple"},"_links":{"self":[{"href":"https:\/\/brandss.com.py\/index\/wp-json\/wp\/v2\/product\/97168","targetHints":{"allow":["GET"]}}],"collection":[{"href":"https:\/\/brandss.com.py\/index\/wp-json\/wp\/v2\/product"}],"about":[{"href":"https:\/\/brandss.com.py\/index\/wp-json\/wp\/v2\/types\/product"}],"replies":[{"embeddable":true,"href":"https:\/\/brandss.com.py\/index\/wp-json\/wp\/v2\/comments?post=97168"}],"version-history":[{"count":2,"href":"https:\/\/brandss.com.py\/index\/wp-json\/wp\/v2\/product\/97168\/revisions"}],"predecessor-version":[{"id":97294,"href":"https:\/\/brandss.com.py\/index\/wp-json\/wp\/v2\/product\/97168\/revisions\/97294"}],"wp:featuredmedia":[{"embeddable":true,"href":"https:\/\/brandss.com.py\/index\/wp-json\/wp\/v2\/media\/97292"}],"wp:attachment":[{"href":"https:\/\/brandss.com.py\/index\/wp-json\/wp\/v2\/media?parent=97168"}],"wp:term":[{"taxonomy":"product_brand","embeddable":true,"href":"https:\/\/brandss.com.py\/index\/wp-json\/wp\/v2\/product_brand?post=97168"},{"taxonomy":"product_cat","embeddable":true,"href":"https:\/\/brandss.com.py\/index\/wp-json\/wp\/v2\/product_cat?post=97168"},{"taxonomy":"product_tag","embeddable":true,"href":"https:\/\/brandss.com.py\/index\/wp-json\/wp\/v2\/product_tag?post=97168"}],"curies":[{"name":"wp","href":"https:\/\/api.w.org\/{rel}","templated":true}]}}